{"id":2013,"date":"2022-11-15T21:09:09","date_gmt":"2022-11-15T20:09:09","guid":{"rendered":"https:\/\/arfolk.bzh\/?post_type=product&#038;p=2013"},"modified":"2025-12-11T10:21:15","modified_gmt":"2025-12-11T09:21:15","slug":"denez-ur-mor-a-zaelou","status":"publish","type":"product","link":"https:\/\/arfolk.bzh\/br\/boutique\/denez-ur-mor-a-zaelou\/","title":{"rendered":"Denez &#8211; Ur Mor A Zaelo\u00f9 (une mer de larmes)"},"content":{"rendered":"<p>Best-of Denez Prigent en streaming :<\/p>\n<p>Apr\u00e8s avoir emprunt\u00e9 la voie des sonorit\u00e9s \u00e9lectroniques en fusion avec ses compositions, le chanteur-po\u00e8te Denez retourne \u00e0 la source en interpr\u00e9tant principalement des gwerz, ces chants issus du r\u00e9pertoire traditionnel de Bretagne, accompagn\u00e9 sobrement par une instrumentation acoustique et, pour la premi\u00e8re fois, par les enfants de la ma\u00eetrise de Saint-Brieuc sur trois titres, laissant une grande place \u00e0 sa voix et \u00e0 son timbre uniques. De la sc\u00e8ne au disque : cet enregistrement est l&rsquo;aboutissement de concerts donn\u00e9s dans des lieux sacr\u00e9s, tel que l&rsquo;\u00e9glise Saint-Brandan de Lanvellec o\u00f9 il a \u00e9t\u00e9 enregistr\u00e9.<\/p>\n<p><iframe loading=\"lazy\" title=\"Denez Prigent - Marv ma mestrez\" width=\"1080\" height=\"608\" src=\"https:\/\/www.youtube.com\/embed\/7vS2ZhlWCg0?feature=oembed\"  allow=\"accelerometer; autoplay; clipboard-write; encrypted-media; gyroscope; picture-in-picture; web-share\" referrerpolicy=\"strict-origin-when-cross-origin\" allowfullscreen><\/iframe><\/p>\n<p><strong>La tracklist d&rsquo; \u00ab\u00a0Ur mor a zaelo\u00f9 &#8211; Une mer de larmes\u00a0\u00bb<\/strong><\/p>\n<ol>\n<li><strong>Marv ma mestrez \/ Ma bien aim\u00e9e est morte<\/strong><\/li>\n<li><strong>Ar bugel koar \/ L&rsquo;enfant de cire<\/strong><\/li>\n<li><strong>Ar plac&rsquo;h div wech eurejet \/ La fille deux fois mari\u00e9e <\/strong><\/li>\n<li><strong>Bosenn eliant \/ La peste d&rsquo;Elliant<\/strong><\/li>\n<li><strong>Iwan gamus <\/strong><\/li>\n<li><strong>Kana\u00f1 a ran \/ Je chante<\/strong><\/li>\n<li><strong>Naoenegezh kiev \/ La famine de Kiev <\/strong><\/li>\n<li><strong>Soudard ar fur \/ Le soldat le Fur <\/strong><\/li>\n<li><strong>E ti eliz iza &#8211; acoustique<\/strong><\/li>\n<li><strong>Deuit ganin \/ Venez avec moi<\/strong><\/li>\n<\/ol>","protected":false},"excerpt":{"rendered":"<div id=\"short_description_block\">\n<div id=\"short_description_content\" class=\"rte align_justify\">\n<p>Album Live<\/p>\n<p>Le chant enracin\u00e9 et universel de Denez, dans son 12\u00e8me album<\/p>\n<ul>\n<li>Listen \/ \u00e9couter \u00ab\u00a0Une mer de larme \/ Ur moi a zaelo\u00f9&rsquo; en streaming : <strong><a href=\"https:\/\/fanlink.tv\/uMaZ\">https:\/\/fanlink.tv\/uMaZ<\/a><\/strong><\/li>\n<\/ul>\n<\/div>\n<\/div>","protected":false},"featured_media":1278,"template":"","meta":{"_acf_changed":false,"_et_pb_use_builder":"","_et_pb_old_content":"","_et_gb_content_width":""},"product_brand":[],"false":[35],"product_tag":[],"disponible_a_la_vente":[38],"langue":[73],"style":[79],"supports":[86],"class_list":{"0":"post-2013","1":"product","2":"type-product","3":"status-publish","4":"has-post-thumbnail","6":"product_cat-denez","7":"disponible_a_la_vente-disponible-a-la-vente","8":"langue-breton","9":"style-traditionnel-kan-ha-diskan","10":"supports-cd","12":"first","13":"instock","14":"taxable","15":"shipping-taxable","16":"purchasable","17":"product-type-simple"},"acf":[],"yoast_head":"<!-- This site is optimized with the Yoast SEO Premium plugin v24.0 (Yoast SEO v27.3) - https:\/\/yoast.com\/product\/yoast-seo-premium-wordpress\/ -->\n<title>Nouvel album de Denez - Ur Mor A Zaelo\u00f9 \/ 17,50\u20ac<\/title>\n<meta name=\"description\" content=\"Retrouvez le nouvel album de Denez - Ur Mor A Zaelo\u00f9 ( une mer de larmes ). Commandez directement en ligne sur arfolk.bzh, le label discographique breton.\" \/>\n<meta name=\"robots\" content=\"index, follow, max-snippet:-1, max-image-preview:large, max-video-preview:-1\" \/>\n<link rel=\"canonical\" href=\"https:\/\/arfolk.bzh\/br\/boutique\/denez-ur-mor-a-zaelou\/\" \/>\n<script type=\"application\/ld+json\" class=\"yoast-schema-graph\">{\"@context\":\"https:\\\/\\\/schema.org\",\"@graph\":[{\"@type\":\"WebPage\",\"@id\":\"https:\\\/\\\/arfolk.bzh\\\/boutique\\\/denez-ur-mor-a-zaelou\\\/\",\"url\":\"https:\\\/\\\/arfolk.bzh\\\/boutique\\\/denez-ur-mor-a-zaelou\\\/\",\"name\":\"Nouvel album de Denez - Ur Mor A Zaelo\u00f9 \\\/ 17,50\u20ac\",\"isPartOf\":{\"@id\":\"https:\\\/\\\/arfolk.bzh\\\/#website\"},\"primaryImageOfPage\":{\"@id\":\"https:\\\/\\\/arfolk.bzh\\\/boutique\\\/denez-ur-mor-a-zaelou\\\/#primaryimage\"},\"image\":{\"@id\":\"https:\\\/\\\/arfolk.bzh\\\/boutique\\\/denez-ur-mor-a-zaelou\\\/#primaryimage\"},\"thumbnailUrl\":\"https:\\\/\\\/arfolk.bzh\\\/wp-content\\\/uploads\\\/2023\\\/12\\\/cd-denez-prigent-ur-mor-a-zaelou.webp\",\"datePublished\":\"2022-11-15T20:09:09+00:00\",\"dateModified\":\"2025-12-11T09:21:15+00:00\",\"description\":\"Retrouvez le nouvel album de Denez - Ur Mor A Zaelo\u00f9 ( une mer de larmes ). Commandez directement en ligne sur arfolk.bzh, le label discographique breton.\",\"breadcrumb\":{\"@id\":\"https:\\\/\\\/arfolk.bzh\\\/boutique\\\/denez-ur-mor-a-zaelou\\\/#breadcrumb\"},\"inLanguage\":\"br-FR\",\"potentialAction\":[{\"@type\":\"ReadAction\",\"target\":[\"https:\\\/\\\/arfolk.bzh\\\/boutique\\\/denez-ur-mor-a-zaelou\\\/\"]}]},{\"@type\":\"ImageObject\",\"inLanguage\":\"br-FR\",\"@id\":\"https:\\\/\\\/arfolk.bzh\\\/boutique\\\/denez-ur-mor-a-zaelou\\\/#primaryimage\",\"url\":\"https:\\\/\\\/arfolk.bzh\\\/wp-content\\\/uploads\\\/2023\\\/12\\\/cd-denez-prigent-ur-mor-a-zaelou.webp\",\"contentUrl\":\"https:\\\/\\\/arfolk.bzh\\\/wp-content\\\/uploads\\\/2023\\\/12\\\/cd-denez-prigent-ur-mor-a-zaelou.webp\",\"width\":574,\"height\":524,\"caption\":\"cd denez prigent ur mor a zaelou\"},{\"@type\":\"BreadcrumbList\",\"@id\":\"https:\\\/\\\/arfolk.bzh\\\/boutique\\\/denez-ur-mor-a-zaelou\\\/#breadcrumb\",\"itemListElement\":[{\"@type\":\"ListItem\",\"position\":1,\"name\":\"Accueil\",\"item\":\"https:\\\/\\\/arfolk.bzh\\\/\"},{\"@type\":\"ListItem\",\"position\":2,\"name\":\"Boutique\",\"item\":\"https:\\\/\\\/arfolk.bzh\\\/boutique\\\/\"},{\"@type\":\"ListItem\",\"position\":3,\"name\":\"Denez &#8211; Ur Mor A Zaelo\u00f9 (une mer de larmes)\"}]},{\"@type\":\"WebSite\",\"@id\":\"https:\\\/\\\/arfolk.bzh\\\/#website\",\"url\":\"https:\\\/\\\/arfolk.bzh\\\/\",\"name\":\"Arfolk\",\"description\":\"Label discographique sp\u00e9cialis\u00e9 dans la musique bretonne\",\"publisher\":{\"@id\":\"https:\\\/\\\/arfolk.bzh\\\/#organization\"},\"potentialAction\":[{\"@type\":\"SearchAction\",\"target\":{\"@type\":\"EntryPoint\",\"urlTemplate\":\"https:\\\/\\\/arfolk.bzh\\\/?s={search_term_string}\"},\"query-input\":{\"@type\":\"PropertyValueSpecification\",\"valueRequired\":true,\"valueName\":\"search_term_string\"}}],\"inLanguage\":\"br-FR\"},{\"@type\":\"Organization\",\"@id\":\"https:\\\/\\\/arfolk.bzh\\\/#organization\",\"name\":\"Arfolk\",\"alternateName\":\"Le label de la musique bretonne\",\"url\":\"https:\\\/\\\/arfolk.bzh\\\/\",\"logo\":{\"@type\":\"ImageObject\",\"inLanguage\":\"br-FR\",\"@id\":\"https:\\\/\\\/arfolk.bzh\\\/#\\\/schema\\\/logo\\\/image\\\/\",\"url\":\"https:\\\/\\\/arfolk.bzh\\\/wp-content\\\/uploads\\\/2023\\\/11\\\/cropped-logo-label-de-musique-breton-arfolf-vignette.webp\",\"contentUrl\":\"https:\\\/\\\/arfolk.bzh\\\/wp-content\\\/uploads\\\/2023\\\/11\\\/cropped-logo-label-de-musique-breton-arfolf-vignette.webp\",\"width\":512,\"height\":512,\"caption\":\"Arfolk\"},\"image\":{\"@id\":\"https:\\\/\\\/arfolk.bzh\\\/#\\\/schema\\\/logo\\\/image\\\/\"},\"sameAs\":[\"https:\\\/\\\/www.facebook.com\\\/Arfolkmusik\",\"https:\\\/\\\/www.instagram.com\\\/arfolkmusik\\\/\"]}]}<\/script>\n<!-- \/ Yoast SEO Premium plugin. -->","yoast_head_json":{"title":"Nouvel album de Denez - Ur Mor A Zaelo\u00f9 \/ 17,50\u20ac","description":"Retrouvez le nouvel album de Denez - Ur Mor A Zaelo\u00f9 ( une mer de larmes ). Commandez directement en ligne sur arfolk.bzh, le label discographique breton.","robots":{"index":"index","follow":"follow","max-snippet":"max-snippet:-1","max-image-preview":"max-image-preview:large","max-video-preview":"max-video-preview:-1"},"canonical":"https:\/\/arfolk.bzh\/br\/boutique\/denez-ur-mor-a-zaelou\/","schema":{"@context":"https:\/\/schema.org","@graph":[{"@type":"WebPage","@id":"https:\/\/arfolk.bzh\/boutique\/denez-ur-mor-a-zaelou\/","url":"https:\/\/arfolk.bzh\/boutique\/denez-ur-mor-a-zaelou\/","name":"Nouvel album de Denez - Ur Mor A Zaelo\u00f9 \/ 17,50\u20ac","isPartOf":{"@id":"https:\/\/arfolk.bzh\/#website"},"primaryImageOfPage":{"@id":"https:\/\/arfolk.bzh\/boutique\/denez-ur-mor-a-zaelou\/#primaryimage"},"image":{"@id":"https:\/\/arfolk.bzh\/boutique\/denez-ur-mor-a-zaelou\/#primaryimage"},"thumbnailUrl":"https:\/\/arfolk.bzh\/wp-content\/uploads\/2023\/12\/cd-denez-prigent-ur-mor-a-zaelou.webp","datePublished":"2022-11-15T20:09:09+00:00","dateModified":"2025-12-11T09:21:15+00:00","description":"Retrouvez le nouvel album de Denez - Ur Mor A Zaelo\u00f9 ( une mer de larmes ). Commandez directement en ligne sur arfolk.bzh, le label discographique breton.","breadcrumb":{"@id":"https:\/\/arfolk.bzh\/boutique\/denez-ur-mor-a-zaelou\/#breadcrumb"},"inLanguage":"br-FR","potentialAction":[{"@type":"ReadAction","target":["https:\/\/arfolk.bzh\/boutique\/denez-ur-mor-a-zaelou\/"]}]},{"@type":"ImageObject","inLanguage":"br-FR","@id":"https:\/\/arfolk.bzh\/boutique\/denez-ur-mor-a-zaelou\/#primaryimage","url":"https:\/\/arfolk.bzh\/wp-content\/uploads\/2023\/12\/cd-denez-prigent-ur-mor-a-zaelou.webp","contentUrl":"https:\/\/arfolk.bzh\/wp-content\/uploads\/2023\/12\/cd-denez-prigent-ur-mor-a-zaelou.webp","width":574,"height":524,"caption":"cd denez prigent ur mor a zaelou"},{"@type":"BreadcrumbList","@id":"https:\/\/arfolk.bzh\/boutique\/denez-ur-mor-a-zaelou\/#breadcrumb","itemListElement":[{"@type":"ListItem","position":1,"name":"Accueil","item":"https:\/\/arfolk.bzh\/"},{"@type":"ListItem","position":2,"name":"Boutique","item":"https:\/\/arfolk.bzh\/boutique\/"},{"@type":"ListItem","position":3,"name":"Denez &#8211; Ur Mor A Zaelo\u00f9 (une mer de larmes)"}]},{"@type":"WebSite","@id":"https:\/\/arfolk.bzh\/#website","url":"https:\/\/arfolk.bzh\/","name":"Arfolk","description":"Label discographique sp\u00e9cialis\u00e9 dans la musique bretonne","publisher":{"@id":"https:\/\/arfolk.bzh\/#organization"},"potentialAction":[{"@type":"SearchAction","target":{"@type":"EntryPoint","urlTemplate":"https:\/\/arfolk.bzh\/?s={search_term_string}"},"query-input":{"@type":"PropertyValueSpecification","valueRequired":true,"valueName":"search_term_string"}}],"inLanguage":"br-FR"},{"@type":"Organization","@id":"https:\/\/arfolk.bzh\/#organization","name":"Arfolk","alternateName":"Le label de la musique bretonne","url":"https:\/\/arfolk.bzh\/","logo":{"@type":"ImageObject","inLanguage":"br-FR","@id":"https:\/\/arfolk.bzh\/#\/schema\/logo\/image\/","url":"https:\/\/arfolk.bzh\/wp-content\/uploads\/2023\/11\/cropped-logo-label-de-musique-breton-arfolf-vignette.webp","contentUrl":"https:\/\/arfolk.bzh\/wp-content\/uploads\/2023\/11\/cropped-logo-label-de-musique-breton-arfolf-vignette.webp","width":512,"height":512,"caption":"Arfolk"},"image":{"@id":"https:\/\/arfolk.bzh\/#\/schema\/logo\/image\/"},"sameAs":["https:\/\/www.facebook.com\/Arfolkmusik","https:\/\/www.instagram.com\/arfolkmusik\/"]}]}},"jetpack_sharing_enabled":true,"_links":{"self":[{"href":"https:\/\/arfolk.bzh\/br\/wp-json\/wp\/v2\/product\/2013","targetHints":{"allow":["GET"]}}],"collection":[{"href":"https:\/\/arfolk.bzh\/br\/wp-json\/wp\/v2\/product"}],"about":[{"href":"https:\/\/arfolk.bzh\/br\/wp-json\/wp\/v2\/types\/product"}],"wp:featuredmedia":[{"embeddable":true,"href":"https:\/\/arfolk.bzh\/br\/wp-json\/wp\/v2\/media\/1278"}],"wp:attachment":[{"href":"https:\/\/arfolk.bzh\/br\/wp-json\/wp\/v2\/media?parent=2013"}],"wp:term":[{"taxonomy":"product_brand","embeddable":true,"href":"https:\/\/arfolk.bzh\/br\/wp-json\/wp\/v2\/product_brand?post=2013"},{"taxonomy":"product_cat","embeddable":true,"href":"https:\/\/arfolk.bzh\/br\/wp-json\/wp\/v2\/false?post=2013"},{"taxonomy":"product_tag","embeddable":true,"href":"https:\/\/arfolk.bzh\/br\/wp-json\/wp\/v2\/product_tag?post=2013"},{"taxonomy":"disponible_a_la_vente","embeddable":true,"href":"https:\/\/arfolk.bzh\/br\/wp-json\/wp\/v2\/disponible_a_la_vente?post=2013"},{"taxonomy":"langue","embeddable":true,"href":"https:\/\/arfolk.bzh\/br\/wp-json\/wp\/v2\/langue?post=2013"},{"taxonomy":"style","embeddable":true,"href":"https:\/\/arfolk.bzh\/br\/wp-json\/wp\/v2\/style?post=2013"},{"taxonomy":"supports","embeddable":true,"href":"https:\/\/arfolk.bzh\/br\/wp-json\/wp\/v2\/supports?post=2013"}],"curies":[{"name":"wp","href":"https:\/\/api.w.org\/{rel}","templated":true}]}}

Denez &#8211; Ur Mor A Zaeloù (une mer de larmes)

<p>Best-of Denez Prigent en streaming :</p>
<p>Après avoir emprunté la voie des sonorités électroniques en fusion avec ses compositions, le chanteur-poète Denez retourne à la source en interprétant principalement des gwerz, ces chants issus du répertoire traditionnel de Bretagne, accompagné sobrement par une instrumentation acoustique et, pour la première fois, par les enfants de la maîtrise de Saint-Brieuc sur trois titres, laissant une grande place à sa voix et à son timbre uniques. De la scène au disque : cet enregistrement est l&rsquo;aboutissement de concerts donnés dans des lieux sacrés, tel que l&rsquo;église Saint-Brandan de Lanvellec où il a été enregistré.</p>
<p><iframe loading="lazy" title="Denez Prigent - Marv ma mestrez" width="1080" height="608" src="https://www.youtube.com/embed/7vS2ZhlWCg0?feature=oembed"  allow="accelerometer; autoplay; clipboard-write; encrypted-media; gyroscope; picture-in-picture; web-share" referrerpolicy="strict-origin-when-cross-origin" allowfullscreen></iframe></p>
<p><strong>La tracklist d&rsquo; « Ur mor a zaeloù &#8211; Une mer de larmes »</strong></p>
<ol>
<li><strong>Marv ma mestrez / Ma bien aimée est morte</strong></li>
<li><strong>Ar bugel koar / L&rsquo;enfant de cire</strong></li>
<li><strong>Ar plac&rsquo;h div wech eurejet / La fille deux fois mariée </strong></li>
<li><strong>Bosenn eliant / La peste d&rsquo;Elliant</strong></li>
<li><strong>Iwan gamus </strong></li>
<li><strong>Kanañ a ran / Je chante</strong></li>
<li><strong>Naoenegezh kiev / La famine de Kiev </strong></li>
<li><strong>Soudard ar fur / Le soldat le Fur </strong></li>
<li><strong>E ti eliz iza &#8211; acoustique</strong></li>
<li><strong>Deuit ganin / Venez avec moi</strong></li>
</ol>

<div id="short_description_block">
<div id="short_description_content" class="rte align_justify">
<p>Album Live</p>
<p>Le chant enraciné et universel de Denez, dans son 12ème album</p>
<ul>
<li>Listen / écouter « Une mer de larme / Ur moi a zaeloù&rsquo; en streaming : <strong><a href="https://fanlink.tv/uMaZ">https://fanlink.tv/uMaZ</a></strong></li>
</ul>
</div>
</div>

<!-- This site is optimized with the Yoast SEO Premium plugin v24.0 (Yoast SEO v27.3) - https://yoast.com/product/yoast-seo-premium-wordpress/ -->
<title>Nouvel album de Denez - Ur Mor A Zaeloù / 17,50€</title>
<meta name="description" content="Retrouvez le nouvel album de Denez - Ur Mor A Zaeloù ( une mer de larmes ). Commandez directement en ligne sur arfolk.bzh, le label discographique breton." />
<meta name="robots" content="index, follow, max-snippet:-1, max-image-preview:large, max-video-preview:-1" />
<link rel="canonical" href="https://arfolk.bzh/br/boutique/denez-ur-mor-a-zaelou/" />
<script type="application/ld+json" class="yoast-schema-graph">{"@context":"https:\/\/schema.org","@graph":[{"@type":"WebPage","@id":"https:\/\/arfolk.bzh\/boutique\/denez-ur-mor-a-zaelou\/","url":"https:\/\/arfolk.bzh\/boutique\/denez-ur-mor-a-zaelou\/","name":"Nouvel album de Denez - Ur Mor A Zaeloù \/ 17,50€","isPartOf":{"@id":"https:\/\/arfolk.bzh\/#website"},"primaryImageOfPage":{"@id":"https:\/\/arfolk.bzh\/boutique\/denez-ur-mor-a-zaelou\/#primaryimage"},"image":{"@id":"https:\/\/arfolk.bzh\/boutique\/denez-ur-mor-a-zaelou\/#primaryimage"},"thumbnailUrl":"https:\/\/arfolk.bzh\/wp-content\/uploads\/2023\/12\/cd-denez-prigent-ur-mor-a-zaelou.webp","datePublished":"2022-11-15T20:09:09+00:00","dateModified":"2025-12-11T09:21:15+00:00","description":"Retrouvez le nouvel album de Denez - Ur Mor A Zaeloù ( une mer de larmes ). Commandez directement en ligne sur arfolk.bzh, le label discographique breton.","breadcrumb":{"@id":"https:\/\/arfolk.bzh\/boutique\/denez-ur-mor-a-zaelou\/#breadcrumb"},"inLanguage":"br-FR","potentialAction":[{"@type":"ReadAction","target":["https:\/\/arfolk.bzh\/boutique\/denez-ur-mor-a-zaelou\/"]}]},{"@type":"ImageObject","inLanguage":"br-FR","@id":"https:\/\/arfolk.bzh\/boutique\/denez-ur-mor-a-zaelou\/#primaryimage","url":"https:\/\/arfolk.bzh\/wp-content\/uploads\/2023\/12\/cd-denez-prigent-ur-mor-a-zaelou.webp","contentUrl":"https:\/\/arfolk.bzh\/wp-content\/uploads\/2023\/12\/cd-denez-prigent-ur-mor-a-zaelou.webp","width":574,"height":524,"caption":"cd denez prigent ur mor a zaelou"},{"@type":"BreadcrumbList","@id":"https:\/\/arfolk.bzh\/boutique\/denez-ur-mor-a-zaelou\/#breadcrumb","itemListElement":[{"@type":"ListItem","position":1,"name":"Accueil","item":"https:\/\/arfolk.bzh\/"},{"@type":"ListItem","position":2,"name":"Boutique","item":"https:\/\/arfolk.bzh\/boutique\/"},{"@type":"ListItem","position":3,"name":"Denez &#8211; Ur Mor A Zaeloù (une mer de larmes)"}]},{"@type":"WebSite","@id":"https:\/\/arfolk.bzh\/#website","url":"https:\/\/arfolk.bzh\/","name":"Arfolk","description":"Label discographique spécialisé dans la musique bretonne","publisher":{"@id":"https:\/\/arfolk.bzh\/#organization"},"potentialAction":[{"@type":"SearchAction","target":{"@type":"EntryPoint","urlTemplate":"https:\/\/arfolk.bzh\/?s={search_term_string}"},"query-input":{"@type":"PropertyValueSpecification","valueRequired":true,"valueName":"search_term_string"}}],"inLanguage":"br-FR"},{"@type":"Organization","@id":"https:\/\/arfolk.bzh\/#organization","name":"Arfolk","alternateName":"Le label de la musique bretonne","url":"https:\/\/arfolk.bzh\/","logo":{"@type":"ImageObject","inLanguage":"br-FR","@id":"https:\/\/arfolk.bzh\/#\/schema\/logo\/image\/","url":"https:\/\/arfolk.bzh\/wp-content\/uploads\/2023\/11\/cropped-logo-label-de-musique-breton-arfolf-vignette.webp","contentUrl":"https:\/\/arfolk.bzh\/wp-content\/uploads\/2023\/11\/cropped-logo-label-de-musique-breton-arfolf-vignette.webp","width":512,"height":512,"caption":"Arfolk"},"image":{"@id":"https:\/\/arfolk.bzh\/#\/schema\/logo\/image\/"},"sameAs":["https:\/\/www.facebook.com\/Arfolkmusik","https:\/\/www.instagram.com\/arfolkmusik\/"]}]}</script>
<!-- / Yoast SEO Premium plugin. -->

Nouvel album de Denez - Ur Mor A Zaeloù / 17,50€

Retrouvez le nouvel album de Denez - Ur Mor A Zaeloù ( une mer de larmes ). Commandez directement en ligne sur arfolk.bzh, le label discographique breton.

Label discographique spécialisé dans la musique bretonne
