{"id":2015,"date":"2021-02-09T16:27:19","date_gmt":"2021-02-09T15:27:19","guid":{"rendered":"https:\/\/arfolk.bzh\/?post_type=product&#038;p=2015"},"modified":"2026-03-02T15:50:20","modified_gmt":"2026-03-02T14:50:20","slug":"denez-stur-an-avel","status":"publish","type":"product","link":"https:\/\/arfolk.bzh\/br\/boutique\/denez-stur-an-avel\/","title":{"rendered":"Denez &#8211; Stur an Avel"},"content":{"rendered":"<p>L\u2019intensit\u00e9 des \u00e9motions, l\u2019\u00e9nergie de la transe, le m\u00e9lange et le foisonnement d\u2019instruments et de rythmes, la force des r\u00e9cits, le jeu \u00e9poustouflant des musiciens, et bien s\u00fbr la voix unique et vibrante de Denez sont au c\u0153ur de cet album flamboyant.<\/p>\n<p>14 compositions originales, une musique de fusion puissante et inventive alliant instruments acoustiques et sonorit\u00e9s \u00e9lectro, sons ancestraux et contemporains.<\/p>\n<p><iframe loading=\"lazy\" title=\"Denez Prigent &amp; Kevrenn Alre - En avel a-benn\" width=\"1080\" height=\"608\" src=\"https:\/\/www.youtube.com\/embed\/dhznJ68571E?feature=oembed\"  allow=\"accelerometer; autoplay; clipboard-write; encrypted-media; gyroscope; picture-in-picture; web-share\" referrerpolicy=\"strict-origin-when-cross-origin\" allowfullscreen><\/iframe><\/p>\n<p><strong>Tracklist de \u00ab\u00a0Stur an avel\u00a0\u00bb:<\/strong><\/p>\n<ol>\n<li><strong>En avel a-benn &#8211; Dans le vent contraire (featuring Kevrenn\u00a0Alre)<\/strong><\/li>\n<li><strong>C&rsquo;hwervoni &#8211; Amertune<\/strong><\/li>\n<li><strong>Waltz of Life &#8211; Valse de vie (featuring Oxmo Puccino, Aziliz Manrow)<\/strong><\/li>\n<li><strong>Penno\u00f9 kelc&rsquo;hiet &#8211; T\u00eates aur\u00e9ol\u00e9es<\/strong><\/li>\n<li><strong>Ar garantez &#8211; L&rsquo;amour<\/strong><\/li>\n<li><strong>Krao\u00f1enn Kerzaonet &#8211; le noyer de Kerzaonet<\/strong><\/li>\n<li><strong>Kantreadenn &#8211; Errance<\/strong><\/li>\n<li><strong>Gwerz Montsegur &#8211; La Gwerz de Monts\u00e9gur<\/strong><\/li>\n<li><strong>An hento\u00f9-tro<\/strong><\/li>\n<li><strong>An arc&rsquo;hig balan &#8211; Le petit coffre d&rsquo;ajonc<\/strong><\/li>\n<li><strong>Gant ar red &#8211; A la d\u00e9rive (featuring Yann Tiersen)<\/strong><\/li>\n<li><strong>Ar grampouzhenn-nij<\/strong><\/li>\n<li><strong>Ar rouanez ganibal &#8211; La reine cannibale<\/strong><\/li>\n<li><strong>Lestr\u00a0<em>Dienez &#8211; <\/em>Navire<em> D\u00e9tresse<\/em><\/strong><\/li>\n<\/ol>\n<p>&nbsp;<\/p>","protected":false},"excerpt":{"rendered":"<p>Un album ouvert sur le monde, r\u00e9solument actuel, cr\u00e9ateur d\u2019images et de r\u00eaves.<\/p>\n<p>Ecouter en streaming : <strong><a href=\"https:\/\/fanlink.tv\/WaltzOfLife\">https:\/\/fanlink.tv\/WaltzOfLife<\/a><\/strong><\/p>","protected":false},"featured_media":1327,"template":"","meta":{"_acf_changed":false,"_et_pb_use_builder":"","_et_pb_old_content":"","_et_gb_content_width":""},"product_brand":[],"false":[35],"product_tag":[],"disponible_a_la_vente":[38],"langue":[73],"style":[79],"supports":[86,87],"class_list":{"0":"post-2015","1":"product","2":"type-product","3":"status-publish","4":"has-post-thumbnail","6":"product_cat-denez","7":"disponible_a_la_vente-disponible-a-la-vente","8":"langue-breton","9":"style-traditionnel-kan-ha-diskan","10":"supports-cd","11":"supports-vinyle","13":"first","14":"instock","15":"taxable","16":"shipping-taxable","17":"purchasable","18":"product-type-variable"},"acf":[],"yoast_head":"<!-- This site is optimized with the Yoast SEO Premium plugin v24.0 (Yoast SEO v27.3) - https:\/\/yoast.com\/product\/yoast-seo-premium-wordpress\/ -->\n<title>Album de Denez - Stur an Avel<\/title>\n<meta name=\"description\" content=\"Retrouvez l&#039;album de Denez - Stur an Avel,en CD ou vinyle. Commandez directement en ligne sur arfolk.bzh, le label discographique breton.\" \/>\n<meta name=\"robots\" content=\"index, follow, max-snippet:-1, max-image-preview:large, max-video-preview:-1\" \/>\n<link rel=\"canonical\" href=\"https:\/\/arfolk.bzh\/br\/boutique\/denez-stur-an-avel\/\" \/>\n<script type=\"application\/ld+json\" class=\"yoast-schema-graph\">{\"@context\":\"https:\\\/\\\/schema.org\",\"@graph\":[{\"@type\":\"WebPage\",\"@id\":\"https:\\\/\\\/arfolk.bzh\\\/boutique\\\/denez-stur-an-avel\\\/\",\"url\":\"https:\\\/\\\/arfolk.bzh\\\/boutique\\\/denez-stur-an-avel\\\/\",\"name\":\"Album de Denez - Stur an Avel\",\"isPartOf\":{\"@id\":\"https:\\\/\\\/arfolk.bzh\\\/#website\"},\"primaryImageOfPage\":{\"@id\":\"https:\\\/\\\/arfolk.bzh\\\/boutique\\\/denez-stur-an-avel\\\/#primaryimage\"},\"image\":{\"@id\":\"https:\\\/\\\/arfolk.bzh\\\/boutique\\\/denez-stur-an-avel\\\/#primaryimage\"},\"thumbnailUrl\":\"https:\\\/\\\/arfolk.bzh\\\/wp-content\\\/uploads\\\/2023\\\/12\\\/cd-denez-stur-an-avel-le-gouvernail-du-vent.webp\",\"datePublished\":\"2021-02-09T15:27:19+00:00\",\"dateModified\":\"2026-03-02T14:50:20+00:00\",\"description\":\"Retrouvez l'album de Denez - Stur an Avel,en CD ou vinyle. Commandez directement en ligne sur arfolk.bzh, le label discographique breton.\",\"breadcrumb\":{\"@id\":\"https:\\\/\\\/arfolk.bzh\\\/boutique\\\/denez-stur-an-avel\\\/#breadcrumb\"},\"inLanguage\":\"br-FR\",\"potentialAction\":[{\"@type\":\"ReadAction\",\"target\":[\"https:\\\/\\\/arfolk.bzh\\\/boutique\\\/denez-stur-an-avel\\\/\"]}]},{\"@type\":\"ImageObject\",\"inLanguage\":\"br-FR\",\"@id\":\"https:\\\/\\\/arfolk.bzh\\\/boutique\\\/denez-stur-an-avel\\\/#primaryimage\",\"url\":\"https:\\\/\\\/arfolk.bzh\\\/wp-content\\\/uploads\\\/2023\\\/12\\\/cd-denez-stur-an-avel-le-gouvernail-du-vent.webp\",\"contentUrl\":\"https:\\\/\\\/arfolk.bzh\\\/wp-content\\\/uploads\\\/2023\\\/12\\\/cd-denez-stur-an-avel-le-gouvernail-du-vent.webp\",\"width\":500,\"height\":500,\"caption\":\"cd denez stur an avel le gouvernail du vent\"},{\"@type\":\"BreadcrumbList\",\"@id\":\"https:\\\/\\\/arfolk.bzh\\\/boutique\\\/denez-stur-an-avel\\\/#breadcrumb\",\"itemListElement\":[{\"@type\":\"ListItem\",\"position\":1,\"name\":\"Accueil\",\"item\":\"https:\\\/\\\/arfolk.bzh\\\/\"},{\"@type\":\"ListItem\",\"position\":2,\"name\":\"Boutique\",\"item\":\"https:\\\/\\\/arfolk.bzh\\\/boutique\\\/\"},{\"@type\":\"ListItem\",\"position\":3,\"name\":\"Denez &#8211; Stur an Avel\"}]},{\"@type\":\"WebSite\",\"@id\":\"https:\\\/\\\/arfolk.bzh\\\/#website\",\"url\":\"https:\\\/\\\/arfolk.bzh\\\/\",\"name\":\"Arfolk\",\"description\":\"Label discographique sp\u00e9cialis\u00e9 dans la musique bretonne\",\"publisher\":{\"@id\":\"https:\\\/\\\/arfolk.bzh\\\/#organization\"},\"potentialAction\":[{\"@type\":\"SearchAction\",\"target\":{\"@type\":\"EntryPoint\",\"urlTemplate\":\"https:\\\/\\\/arfolk.bzh\\\/?s={search_term_string}\"},\"query-input\":{\"@type\":\"PropertyValueSpecification\",\"valueRequired\":true,\"valueName\":\"search_term_string\"}}],\"inLanguage\":\"br-FR\"},{\"@type\":\"Organization\",\"@id\":\"https:\\\/\\\/arfolk.bzh\\\/#organization\",\"name\":\"Arfolk\",\"alternateName\":\"Le label de la musique bretonne\",\"url\":\"https:\\\/\\\/arfolk.bzh\\\/\",\"logo\":{\"@type\":\"ImageObject\",\"inLanguage\":\"br-FR\",\"@id\":\"https:\\\/\\\/arfolk.bzh\\\/#\\\/schema\\\/logo\\\/image\\\/\",\"url\":\"https:\\\/\\\/arfolk.bzh\\\/wp-content\\\/uploads\\\/2023\\\/11\\\/cropped-logo-label-de-musique-breton-arfolf-vignette.webp\",\"contentUrl\":\"https:\\\/\\\/arfolk.bzh\\\/wp-content\\\/uploads\\\/2023\\\/11\\\/cropped-logo-label-de-musique-breton-arfolf-vignette.webp\",\"width\":512,\"height\":512,\"caption\":\"Arfolk\"},\"image\":{\"@id\":\"https:\\\/\\\/arfolk.bzh\\\/#\\\/schema\\\/logo\\\/image\\\/\"},\"sameAs\":[\"https:\\\/\\\/www.facebook.com\\\/Arfolkmusik\",\"https:\\\/\\\/www.instagram.com\\\/arfolkmusik\\\/\"]}]}<\/script>\n<!-- \/ Yoast SEO Premium plugin. -->","yoast_head_json":{"title":"Album de Denez - Stur an Avel","description":"Retrouvez l'album de Denez - Stur an Avel,en CD ou vinyle. Commandez directement en ligne sur arfolk.bzh, le label discographique breton.","robots":{"index":"index","follow":"follow","max-snippet":"max-snippet:-1","max-image-preview":"max-image-preview:large","max-video-preview":"max-video-preview:-1"},"canonical":"https:\/\/arfolk.bzh\/br\/boutique\/denez-stur-an-avel\/","schema":{"@context":"https:\/\/schema.org","@graph":[{"@type":"WebPage","@id":"https:\/\/arfolk.bzh\/boutique\/denez-stur-an-avel\/","url":"https:\/\/arfolk.bzh\/boutique\/denez-stur-an-avel\/","name":"Album de Denez - Stur an Avel","isPartOf":{"@id":"https:\/\/arfolk.bzh\/#website"},"primaryImageOfPage":{"@id":"https:\/\/arfolk.bzh\/boutique\/denez-stur-an-avel\/#primaryimage"},"image":{"@id":"https:\/\/arfolk.bzh\/boutique\/denez-stur-an-avel\/#primaryimage"},"thumbnailUrl":"https:\/\/arfolk.bzh\/wp-content\/uploads\/2023\/12\/cd-denez-stur-an-avel-le-gouvernail-du-vent.webp","datePublished":"2021-02-09T15:27:19+00:00","dateModified":"2026-03-02T14:50:20+00:00","description":"Retrouvez l'album de Denez - Stur an Avel,en CD ou vinyle. Commandez directement en ligne sur arfolk.bzh, le label discographique breton.","breadcrumb":{"@id":"https:\/\/arfolk.bzh\/boutique\/denez-stur-an-avel\/#breadcrumb"},"inLanguage":"br-FR","potentialAction":[{"@type":"ReadAction","target":["https:\/\/arfolk.bzh\/boutique\/denez-stur-an-avel\/"]}]},{"@type":"ImageObject","inLanguage":"br-FR","@id":"https:\/\/arfolk.bzh\/boutique\/denez-stur-an-avel\/#primaryimage","url":"https:\/\/arfolk.bzh\/wp-content\/uploads\/2023\/12\/cd-denez-stur-an-avel-le-gouvernail-du-vent.webp","contentUrl":"https:\/\/arfolk.bzh\/wp-content\/uploads\/2023\/12\/cd-denez-stur-an-avel-le-gouvernail-du-vent.webp","width":500,"height":500,"caption":"cd denez stur an avel le gouvernail du vent"},{"@type":"BreadcrumbList","@id":"https:\/\/arfolk.bzh\/boutique\/denez-stur-an-avel\/#breadcrumb","itemListElement":[{"@type":"ListItem","position":1,"name":"Accueil","item":"https:\/\/arfolk.bzh\/"},{"@type":"ListItem","position":2,"name":"Boutique","item":"https:\/\/arfolk.bzh\/boutique\/"},{"@type":"ListItem","position":3,"name":"Denez &#8211; Stur an Avel"}]},{"@type":"WebSite","@id":"https:\/\/arfolk.bzh\/#website","url":"https:\/\/arfolk.bzh\/","name":"Arfolk","description":"Label discographique sp\u00e9cialis\u00e9 dans la musique bretonne","publisher":{"@id":"https:\/\/arfolk.bzh\/#organization"},"potentialAction":[{"@type":"SearchAction","target":{"@type":"EntryPoint","urlTemplate":"https:\/\/arfolk.bzh\/?s={search_term_string}"},"query-input":{"@type":"PropertyValueSpecification","valueRequired":true,"valueName":"search_term_string"}}],"inLanguage":"br-FR"},{"@type":"Organization","@id":"https:\/\/arfolk.bzh\/#organization","name":"Arfolk","alternateName":"Le label de la musique bretonne","url":"https:\/\/arfolk.bzh\/","logo":{"@type":"ImageObject","inLanguage":"br-FR","@id":"https:\/\/arfolk.bzh\/#\/schema\/logo\/image\/","url":"https:\/\/arfolk.bzh\/wp-content\/uploads\/2023\/11\/cropped-logo-label-de-musique-breton-arfolf-vignette.webp","contentUrl":"https:\/\/arfolk.bzh\/wp-content\/uploads\/2023\/11\/cropped-logo-label-de-musique-breton-arfolf-vignette.webp","width":512,"height":512,"caption":"Arfolk"},"image":{"@id":"https:\/\/arfolk.bzh\/#\/schema\/logo\/image\/"},"sameAs":["https:\/\/www.facebook.com\/Arfolkmusik","https:\/\/www.instagram.com\/arfolkmusik\/"]}]}},"jetpack_sharing_enabled":true,"_links":{"self":[{"href":"https:\/\/arfolk.bzh\/br\/wp-json\/wp\/v2\/product\/2015","targetHints":{"allow":["GET"]}}],"collection":[{"href":"https:\/\/arfolk.bzh\/br\/wp-json\/wp\/v2\/product"}],"about":[{"href":"https:\/\/arfolk.bzh\/br\/wp-json\/wp\/v2\/types\/product"}],"wp:featuredmedia":[{"embeddable":true,"href":"https:\/\/arfolk.bzh\/br\/wp-json\/wp\/v2\/media\/1327"}],"wp:attachment":[{"href":"https:\/\/arfolk.bzh\/br\/wp-json\/wp\/v2\/media?parent=2015"}],"wp:term":[{"taxonomy":"product_brand","embeddable":true,"href":"https:\/\/arfolk.bzh\/br\/wp-json\/wp\/v2\/product_brand?post=2015"},{"taxonomy":"product_cat","embeddable":true,"href":"https:\/\/arfolk.bzh\/br\/wp-json\/wp\/v2\/false?post=2015"},{"taxonomy":"product_tag","embeddable":true,"href":"https:\/\/arfolk.bzh\/br\/wp-json\/wp\/v2\/product_tag?post=2015"},{"taxonomy":"disponible_a_la_vente","embeddable":true,"href":"https:\/\/arfolk.bzh\/br\/wp-json\/wp\/v2\/disponible_a_la_vente?post=2015"},{"taxonomy":"langue","embeddable":true,"href":"https:\/\/arfolk.bzh\/br\/wp-json\/wp\/v2\/langue?post=2015"},{"taxonomy":"style","embeddable":true,"href":"https:\/\/arfolk.bzh\/br\/wp-json\/wp\/v2\/style?post=2015"},{"taxonomy":"supports","embeddable":true,"href":"https:\/\/arfolk.bzh\/br\/wp-json\/wp\/v2\/supports?post=2015"}],"curies":[{"name":"wp","href":"https:\/\/api.w.org\/{rel}","templated":true}]}}

<p>L’intensité des émotions, l’énergie de la transe, le mélange et le foisonnement d’instruments et de rythmes, la force des récits, le jeu époustouflant des musiciens, et bien sûr la voix unique et vibrante de Denez sont au cœur de cet album flamboyant.</p>
<p>14 compositions originales, une musique de fusion puissante et inventive alliant instruments acoustiques et sonorités électro, sons ancestraux et contemporains.</p>
<p><iframe loading="lazy" title="Denez Prigent &amp; Kevrenn Alre - En avel a-benn" width="1080" height="608" src="https://www.youtube.com/embed/dhznJ68571E?feature=oembed"  allow="accelerometer; autoplay; clipboard-write; encrypted-media; gyroscope; picture-in-picture; web-share" referrerpolicy="strict-origin-when-cross-origin" allowfullscreen></iframe></p>
<p><strong>Tracklist de « Stur an avel »:</strong></p>
<ol>
<li><strong>En avel a-benn &#8211; Dans le vent contraire (featuring Kevrenn Alre)</strong></li>
<li><strong>C&rsquo;hwervoni &#8211; Amertune</strong></li>
<li><strong>Waltz of Life &#8211; Valse de vie (featuring Oxmo Puccino, Aziliz Manrow)</strong></li>
<li><strong>Pennoù kelc&rsquo;hiet &#8211; Têtes auréolées</strong></li>
<li><strong>Ar garantez &#8211; L&rsquo;amour</strong></li>
<li><strong>Kraoñenn Kerzaonet &#8211; le noyer de Kerzaonet</strong></li>
<li><strong>Kantreadenn &#8211; Errance</strong></li>
<li><strong>Gwerz Montsegur &#8211; La Gwerz de Montségur</strong></li>
<li><strong>An hentoù-tro</strong></li>
<li><strong>An arc&rsquo;hig balan &#8211; Le petit coffre d&rsquo;ajonc</strong></li>
<li><strong>Gant ar red &#8211; A la dérive (featuring Yann Tiersen)</strong></li>
<li><strong>Ar grampouzhenn-nij</strong></li>
<li><strong>Ar rouanez ganibal &#8211; La reine cannibale</strong></li>
<li><strong>Lestr <em>Dienez &#8211; </em>Navire<em> Détresse</em></strong></li>
</ol>
<p>&nbsp;</p>

<p>Un album ouvert sur le monde, résolument actuel, créateur d’images et de rêves.</p>
<p>Ecouter en streaming : <strong><a href="https://fanlink.tv/WaltzOfLife">https://fanlink.tv/WaltzOfLife</a></strong></p>

<!-- This site is optimized with the Yoast SEO Premium plugin v24.0 (Yoast SEO v27.3) - https://yoast.com/product/yoast-seo-premium-wordpress/ -->
<title>Album de Denez - Stur an Avel</title>
<meta name="description" content="Retrouvez l&#039;album de Denez - Stur an Avel,en CD ou vinyle. Commandez directement en ligne sur arfolk.bzh, le label discographique breton." />
<meta name="robots" content="index, follow, max-snippet:-1, max-image-preview:large, max-video-preview:-1" />
<link rel="canonical" href="https://arfolk.bzh/br/boutique/denez-stur-an-avel/" />
<script type="application/ld+json" class="yoast-schema-graph">{"@context":"https:\/\/schema.org","@graph":[{"@type":"WebPage","@id":"https:\/\/arfolk.bzh\/boutique\/denez-stur-an-avel\/","url":"https:\/\/arfolk.bzh\/boutique\/denez-stur-an-avel\/","name":"Album de Denez - Stur an Avel","isPartOf":{"@id":"https:\/\/arfolk.bzh\/#website"},"primaryImageOfPage":{"@id":"https:\/\/arfolk.bzh\/boutique\/denez-stur-an-avel\/#primaryimage"},"image":{"@id":"https:\/\/arfolk.bzh\/boutique\/denez-stur-an-avel\/#primaryimage"},"thumbnailUrl":"https:\/\/arfolk.bzh\/wp-content\/uploads\/2023\/12\/cd-denez-stur-an-avel-le-gouvernail-du-vent.webp","datePublished":"2021-02-09T15:27:19+00:00","dateModified":"2026-03-02T14:50:20+00:00","description":"Retrouvez l'album de Denez - Stur an Avel,en CD ou vinyle. Commandez directement en ligne sur arfolk.bzh, le label discographique breton.","breadcrumb":{"@id":"https:\/\/arfolk.bzh\/boutique\/denez-stur-an-avel\/#breadcrumb"},"inLanguage":"br-FR","potentialAction":[{"@type":"ReadAction","target":["https:\/\/arfolk.bzh\/boutique\/denez-stur-an-avel\/"]}]},{"@type":"ImageObject","inLanguage":"br-FR","@id":"https:\/\/arfolk.bzh\/boutique\/denez-stur-an-avel\/#primaryimage","url":"https:\/\/arfolk.bzh\/wp-content\/uploads\/2023\/12\/cd-denez-stur-an-avel-le-gouvernail-du-vent.webp","contentUrl":"https:\/\/arfolk.bzh\/wp-content\/uploads\/2023\/12\/cd-denez-stur-an-avel-le-gouvernail-du-vent.webp","width":500,"height":500,"caption":"cd denez stur an avel le gouvernail du vent"},{"@type":"BreadcrumbList","@id":"https:\/\/arfolk.bzh\/boutique\/denez-stur-an-avel\/#breadcrumb","itemListElement":[{"@type":"ListItem","position":1,"name":"Accueil","item":"https:\/\/arfolk.bzh\/"},{"@type":"ListItem","position":2,"name":"Boutique","item":"https:\/\/arfolk.bzh\/boutique\/"},{"@type":"ListItem","position":3,"name":"Denez &#8211; Stur an Avel"}]},{"@type":"WebSite","@id":"https:\/\/arfolk.bzh\/#website","url":"https:\/\/arfolk.bzh\/","name":"Arfolk","description":"Label discographique spécialisé dans la musique bretonne","publisher":{"@id":"https:\/\/arfolk.bzh\/#organization"},"potentialAction":[{"@type":"SearchAction","target":{"@type":"EntryPoint","urlTemplate":"https:\/\/arfolk.bzh\/?s={search_term_string}"},"query-input":{"@type":"PropertyValueSpecification","valueRequired":true,"valueName":"search_term_string"}}],"inLanguage":"br-FR"},{"@type":"Organization","@id":"https:\/\/arfolk.bzh\/#organization","name":"Arfolk","alternateName":"Le label de la musique bretonne","url":"https:\/\/arfolk.bzh\/","logo":{"@type":"ImageObject","inLanguage":"br-FR","@id":"https:\/\/arfolk.bzh\/#\/schema\/logo\/image\/","url":"https:\/\/arfolk.bzh\/wp-content\/uploads\/2023\/11\/cropped-logo-label-de-musique-breton-arfolf-vignette.webp","contentUrl":"https:\/\/arfolk.bzh\/wp-content\/uploads\/2023\/11\/cropped-logo-label-de-musique-breton-arfolf-vignette.webp","width":512,"height":512,"caption":"Arfolk"},"image":{"@id":"https:\/\/arfolk.bzh\/#\/schema\/logo\/image\/"},"sameAs":["https:\/\/www.facebook.com\/Arfolkmusik","https:\/\/www.instagram.com\/arfolkmusik\/"]}]}</script>
<!-- / Yoast SEO Premium plugin. -->

Label discographique spécialisé dans la musique bretonne
