{"id":2483,"date":"2014-09-04T20:17:29","date_gmt":"2014-09-04T18:17:29","guid":{"rendered":"https:\/\/arfolk.bzh\/boutique\/alambig-elektrik-vorlenns-stomp\/"},"modified":"2025-12-11T11:58:35","modified_gmt":"2025-12-11T10:58:35","slug":"alambig-elektrik-vorlenns-stomp","status":"publish","type":"product","link":"https:\/\/arfolk.bzh\/br\/boutique\/alambig-elektrik-vorlenns-stomp\/","title":{"rendered":"Alambig Elektrik &#8211; Vorlenn&rsquo;s stomp"},"content":{"rendered":"<p>Apr\u00e8s le succ\u00e8s de <em>Disadorn &lsquo;noz fever<\/em>, leur premier album, et une boulimie de fest-noz et de festivals, le \u00ab\u00a0crew vintage\u00a0\u00bb repart sur les routes avec un nouvel \u00e9lixir.<br \/>\nDu neuf, certes, avec une place plus centrale accord\u00e9e au chant en breton par la titularisation de Lors Landat et l&rsquo;arriv\u00e9e du trompettiste Patrick Pereira.<br \/>\nOn appr\u00e9ciera les accents hip-hop, funky voire hardore et un son qui poursuit son cheminement \u00ab\u00a0\u00e9lectro-world\u00a0\u00bb dans la richesse des r\u00e9pertoires festifs et l&rsquo;\u00e9nergie des transes bretonnes du week-end.<br \/>\nLe pilier accord\u00e9on-guitare (Ga\u00ebl Runigo et Roland Conq) entre recherches sonores et exp\u00e9rimentations d\u00e9tonantes reste garant de la \u00ab\u00a0Breizh Old School attitude\u00a0\u00bb renomm\u00e9e du groupe&#8230;<br \/>\nAttention, les distillateurs sont de retour : la prohibition a v\u00e9cu, ressortez jarres et containers !<\/p>","protected":false},"excerpt":{"rendered":"<p>Ecoutez en streaming sur Spotify : <strong><a href=\"https:\/\/open.spotify.com\/intl-fr\/album\/6E4E5QOvOFmvkPeRpB6H1Q?si=qeWTuJbmSlqnaNBdRXa3hA\">c&rsquo;est par ici !<\/a><\/strong><\/p>\n<p>https:\/\/youtube.com\/playlist?list=PLQMZD0e8YHDKn60_TWmmaIw3nkgC4MSoQ&amp;si=CnQyqEcIHQsvVVBO<\/p>","protected":false},"featured_media":2218,"template":"","meta":{"_acf_changed":false,"_et_pb_use_builder":"","_et_pb_old_content":"","_et_gb_content_width":""},"product_brand":[],"false":[32],"product_tag":[],"disponible_a_la_vente":[],"langue":[73],"style":[76],"supports":[88],"class_list":{"0":"post-2483","1":"product","2":"type-product","3":"status-publish","4":"has-post-thumbnail","6":"product_cat-non-classe","7":"langue-breton","8":"style-fest-noz","9":"supports-dematerialise","11":"first","12":"outofstock","13":"product-type-simple"},"acf":[],"yoast_head":"<!-- This site is optimized with the Yoast SEO Premium plugin v24.0 (Yoast SEO v27.3) - https:\/\/yoast.com\/product\/yoast-seo-premium-wordpress\/ -->\n<title>Album de Alambig Elektrik - Vorlenn&#039;s stomp<\/title>\n<meta name=\"description\" content=\"Retrouvez l&#039;album de Alambig Elektrik - Vorlenn&#039;s stomp. Commandez directement en ligne sur arfolk.bzh, le label discographique breton.\" \/>\n<meta name=\"robots\" content=\"index, follow, max-snippet:-1, max-image-preview:large, max-video-preview:-1\" \/>\n<link rel=\"canonical\" href=\"https:\/\/arfolk.bzh\/br\/boutique\/alambig-elektrik-vorlenns-stomp\/\" \/>\n<script type=\"application\/ld+json\" class=\"yoast-schema-graph\">{\"@context\":\"https:\\\/\\\/schema.org\",\"@graph\":[{\"@type\":\"WebPage\",\"@id\":\"https:\\\/\\\/arfolk.bzh\\\/boutique\\\/alambig-elektrik-vorlenns-stomp\\\/\",\"url\":\"https:\\\/\\\/arfolk.bzh\\\/boutique\\\/alambig-elektrik-vorlenns-stomp\\\/\",\"name\":\"Album de Alambig Elektrik - Vorlenn's stomp\",\"isPartOf\":{\"@id\":\"https:\\\/\\\/arfolk.bzh\\\/#website\"},\"primaryImageOfPage\":{\"@id\":\"https:\\\/\\\/arfolk.bzh\\\/boutique\\\/alambig-elektrik-vorlenns-stomp\\\/#primaryimage\"},\"image\":{\"@id\":\"https:\\\/\\\/arfolk.bzh\\\/boutique\\\/alambig-elektrik-vorlenns-stomp\\\/#primaryimage\"},\"thumbnailUrl\":\"https:\\\/\\\/arfolk.bzh\\\/wp-content\\\/uploads\\\/2024\\\/04\\\/alambigelektrik_vorlennsstomp--scaled.jpg\",\"datePublished\":\"2014-09-04T18:17:29+00:00\",\"dateModified\":\"2025-12-11T10:58:35+00:00\",\"description\":\"Retrouvez l'album de Alambig Elektrik - Vorlenn's stomp. Commandez directement en ligne sur arfolk.bzh, le label discographique breton.\",\"breadcrumb\":{\"@id\":\"https:\\\/\\\/arfolk.bzh\\\/boutique\\\/alambig-elektrik-vorlenns-stomp\\\/#breadcrumb\"},\"inLanguage\":\"br-FR\",\"potentialAction\":[{\"@type\":\"ReadAction\",\"target\":[\"https:\\\/\\\/arfolk.bzh\\\/boutique\\\/alambig-elektrik-vorlenns-stomp\\\/\"]}]},{\"@type\":\"ImageObject\",\"inLanguage\":\"br-FR\",\"@id\":\"https:\\\/\\\/arfolk.bzh\\\/boutique\\\/alambig-elektrik-vorlenns-stomp\\\/#primaryimage\",\"url\":\"https:\\\/\\\/arfolk.bzh\\\/wp-content\\\/uploads\\\/2024\\\/04\\\/alambigelektrik_vorlennsstomp--scaled.jpg\",\"contentUrl\":\"https:\\\/\\\/arfolk.bzh\\\/wp-content\\\/uploads\\\/2024\\\/04\\\/alambigelektrik_vorlennsstomp--scaled.jpg\",\"width\":2560,\"height\":2560,\"caption\":\"alambigelektrik vorlennsstomp\"},{\"@type\":\"BreadcrumbList\",\"@id\":\"https:\\\/\\\/arfolk.bzh\\\/boutique\\\/alambig-elektrik-vorlenns-stomp\\\/#breadcrumb\",\"itemListElement\":[{\"@type\":\"ListItem\",\"position\":1,\"name\":\"Accueil\",\"item\":\"https:\\\/\\\/arfolk.bzh\\\/\"},{\"@type\":\"ListItem\",\"position\":2,\"name\":\"Boutique\",\"item\":\"https:\\\/\\\/arfolk.bzh\\\/boutique\\\/\"},{\"@type\":\"ListItem\",\"position\":3,\"name\":\"Alambig Elektrik &#8211; Vorlenn&rsquo;s stomp\"}]},{\"@type\":\"WebSite\",\"@id\":\"https:\\\/\\\/arfolk.bzh\\\/#website\",\"url\":\"https:\\\/\\\/arfolk.bzh\\\/\",\"name\":\"Arfolk\",\"description\":\"Label discographique sp\u00e9cialis\u00e9 dans la musique bretonne\",\"publisher\":{\"@id\":\"https:\\\/\\\/arfolk.bzh\\\/#organization\"},\"potentialAction\":[{\"@type\":\"SearchAction\",\"target\":{\"@type\":\"EntryPoint\",\"urlTemplate\":\"https:\\\/\\\/arfolk.bzh\\\/?s={search_term_string}\"},\"query-input\":{\"@type\":\"PropertyValueSpecification\",\"valueRequired\":true,\"valueName\":\"search_term_string\"}}],\"inLanguage\":\"br-FR\"},{\"@type\":\"Organization\",\"@id\":\"https:\\\/\\\/arfolk.bzh\\\/#organization\",\"name\":\"Arfolk\",\"alternateName\":\"Le label de la musique bretonne\",\"url\":\"https:\\\/\\\/arfolk.bzh\\\/\",\"logo\":{\"@type\":\"ImageObject\",\"inLanguage\":\"br-FR\",\"@id\":\"https:\\\/\\\/arfolk.bzh\\\/#\\\/schema\\\/logo\\\/image\\\/\",\"url\":\"https:\\\/\\\/arfolk.bzh\\\/wp-content\\\/uploads\\\/2023\\\/11\\\/cropped-logo-label-de-musique-breton-arfolf-vignette.webp\",\"contentUrl\":\"https:\\\/\\\/arfolk.bzh\\\/wp-content\\\/uploads\\\/2023\\\/11\\\/cropped-logo-label-de-musique-breton-arfolf-vignette.webp\",\"width\":512,\"height\":512,\"caption\":\"Arfolk\"},\"image\":{\"@id\":\"https:\\\/\\\/arfolk.bzh\\\/#\\\/schema\\\/logo\\\/image\\\/\"},\"sameAs\":[\"https:\\\/\\\/www.facebook.com\\\/Arfolkmusik\",\"https:\\\/\\\/www.instagram.com\\\/arfolkmusik\\\/\"]}]}<\/script>\n<!-- \/ Yoast SEO Premium plugin. -->","yoast_head_json":{"title":"Album de Alambig Elektrik - Vorlenn's stomp","description":"Retrouvez l'album de Alambig Elektrik - Vorlenn's stomp. Commandez directement en ligne sur arfolk.bzh, le label discographique breton.","robots":{"index":"index","follow":"follow","max-snippet":"max-snippet:-1","max-image-preview":"max-image-preview:large","max-video-preview":"max-video-preview:-1"},"canonical":"https:\/\/arfolk.bzh\/br\/boutique\/alambig-elektrik-vorlenns-stomp\/","schema":{"@context":"https:\/\/schema.org","@graph":[{"@type":"WebPage","@id":"https:\/\/arfolk.bzh\/boutique\/alambig-elektrik-vorlenns-stomp\/","url":"https:\/\/arfolk.bzh\/boutique\/alambig-elektrik-vorlenns-stomp\/","name":"Album de Alambig Elektrik - Vorlenn's stomp","isPartOf":{"@id":"https:\/\/arfolk.bzh\/#website"},"primaryImageOfPage":{"@id":"https:\/\/arfolk.bzh\/boutique\/alambig-elektrik-vorlenns-stomp\/#primaryimage"},"image":{"@id":"https:\/\/arfolk.bzh\/boutique\/alambig-elektrik-vorlenns-stomp\/#primaryimage"},"thumbnailUrl":"https:\/\/arfolk.bzh\/wp-content\/uploads\/2024\/04\/alambigelektrik_vorlennsstomp--scaled.jpg","datePublished":"2014-09-04T18:17:29+00:00","dateModified":"2025-12-11T10:58:35+00:00","description":"Retrouvez l'album de Alambig Elektrik - Vorlenn's stomp. Commandez directement en ligne sur arfolk.bzh, le label discographique breton.","breadcrumb":{"@id":"https:\/\/arfolk.bzh\/boutique\/alambig-elektrik-vorlenns-stomp\/#breadcrumb"},"inLanguage":"br-FR","potentialAction":[{"@type":"ReadAction","target":["https:\/\/arfolk.bzh\/boutique\/alambig-elektrik-vorlenns-stomp\/"]}]},{"@type":"ImageObject","inLanguage":"br-FR","@id":"https:\/\/arfolk.bzh\/boutique\/alambig-elektrik-vorlenns-stomp\/#primaryimage","url":"https:\/\/arfolk.bzh\/wp-content\/uploads\/2024\/04\/alambigelektrik_vorlennsstomp--scaled.jpg","contentUrl":"https:\/\/arfolk.bzh\/wp-content\/uploads\/2024\/04\/alambigelektrik_vorlennsstomp--scaled.jpg","width":2560,"height":2560,"caption":"alambigelektrik vorlennsstomp"},{"@type":"BreadcrumbList","@id":"https:\/\/arfolk.bzh\/boutique\/alambig-elektrik-vorlenns-stomp\/#breadcrumb","itemListElement":[{"@type":"ListItem","position":1,"name":"Accueil","item":"https:\/\/arfolk.bzh\/"},{"@type":"ListItem","position":2,"name":"Boutique","item":"https:\/\/arfolk.bzh\/boutique\/"},{"@type":"ListItem","position":3,"name":"Alambig Elektrik &#8211; Vorlenn&rsquo;s stomp"}]},{"@type":"WebSite","@id":"https:\/\/arfolk.bzh\/#website","url":"https:\/\/arfolk.bzh\/","name":"Arfolk","description":"Label discographique sp\u00e9cialis\u00e9 dans la musique bretonne","publisher":{"@id":"https:\/\/arfolk.bzh\/#organization"},"potentialAction":[{"@type":"SearchAction","target":{"@type":"EntryPoint","urlTemplate":"https:\/\/arfolk.bzh\/?s={search_term_string}"},"query-input":{"@type":"PropertyValueSpecification","valueRequired":true,"valueName":"search_term_string"}}],"inLanguage":"br-FR"},{"@type":"Organization","@id":"https:\/\/arfolk.bzh\/#organization","name":"Arfolk","alternateName":"Le label de la musique bretonne","url":"https:\/\/arfolk.bzh\/","logo":{"@type":"ImageObject","inLanguage":"br-FR","@id":"https:\/\/arfolk.bzh\/#\/schema\/logo\/image\/","url":"https:\/\/arfolk.bzh\/wp-content\/uploads\/2023\/11\/cropped-logo-label-de-musique-breton-arfolf-vignette.webp","contentUrl":"https:\/\/arfolk.bzh\/wp-content\/uploads\/2023\/11\/cropped-logo-label-de-musique-breton-arfolf-vignette.webp","width":512,"height":512,"caption":"Arfolk"},"image":{"@id":"https:\/\/arfolk.bzh\/#\/schema\/logo\/image\/"},"sameAs":["https:\/\/www.facebook.com\/Arfolkmusik","https:\/\/www.instagram.com\/arfolkmusik\/"]}]}},"jetpack_sharing_enabled":true,"_links":{"self":[{"href":"https:\/\/arfolk.bzh\/br\/wp-json\/wp\/v2\/product\/2483","targetHints":{"allow":["GET"]}}],"collection":[{"href":"https:\/\/arfolk.bzh\/br\/wp-json\/wp\/v2\/product"}],"about":[{"href":"https:\/\/arfolk.bzh\/br\/wp-json\/wp\/v2\/types\/product"}],"wp:featuredmedia":[{"embeddable":true,"href":"https:\/\/arfolk.bzh\/br\/wp-json\/wp\/v2\/media\/2218"}],"wp:attachment":[{"href":"https:\/\/arfolk.bzh\/br\/wp-json\/wp\/v2\/media?parent=2483"}],"wp:term":[{"taxonomy":"product_brand","embeddable":true,"href":"https:\/\/arfolk.bzh\/br\/wp-json\/wp\/v2\/product_brand?post=2483"},{"taxonomy":"product_cat","embeddable":true,"href":"https:\/\/arfolk.bzh\/br\/wp-json\/wp\/v2\/false?post=2483"},{"taxonomy":"product_tag","embeddable":true,"href":"https:\/\/arfolk.bzh\/br\/wp-json\/wp\/v2\/product_tag?post=2483"},{"taxonomy":"disponible_a_la_vente","embeddable":true,"href":"https:\/\/arfolk.bzh\/br\/wp-json\/wp\/v2\/disponible_a_la_vente?post=2483"},{"taxonomy":"langue","embeddable":true,"href":"https:\/\/arfolk.bzh\/br\/wp-json\/wp\/v2\/langue?post=2483"},{"taxonomy":"style","embeddable":true,"href":"https:\/\/arfolk.bzh\/br\/wp-json\/wp\/v2\/style?post=2483"},{"taxonomy":"supports","embeddable":true,"href":"https:\/\/arfolk.bzh\/br\/wp-json\/wp\/v2\/supports?post=2483"}],"curies":[{"name":"wp","href":"https:\/\/api.w.org\/{rel}","templated":true}]}}

<p>Après le succès de <em>Disadorn &lsquo;noz fever</em>, leur premier album, et une boulimie de fest-noz et de festivals, le « crew vintage » repart sur les routes avec un nouvel élixir.<br />
Du neuf, certes, avec une place plus centrale accordée au chant en breton par la titularisation de Lors Landat et l&rsquo;arrivée du trompettiste Patrick Pereira.<br />
On appréciera les accents hip-hop, funky voire hardore et un son qui poursuit son cheminement « électro-world » dans la richesse des répertoires festifs et l&rsquo;énergie des transes bretonnes du week-end.<br />
Le pilier accordéon-guitare (Gaël Runigo et Roland Conq) entre recherches sonores et expérimentations détonantes reste garant de la « Breizh Old School attitude » renommée du groupe&#8230;<br />
Attention, les distillateurs sont de retour : la prohibition a vécu, ressortez jarres et containers !</p>

<!-- This site is optimized with the Yoast SEO Premium plugin v24.0 (Yoast SEO v27.3) - https://yoast.com/product/yoast-seo-premium-wordpress/ -->
<title>Album de Alambig Elektrik - Vorlenn&#039;s stomp</title>
<meta name="description" content="Retrouvez l&#039;album de Alambig Elektrik - Vorlenn&#039;s stomp. Commandez directement en ligne sur arfolk.bzh, le label discographique breton." />
<meta name="robots" content="index, follow, max-snippet:-1, max-image-preview:large, max-video-preview:-1" />
<link rel="canonical" href="https://arfolk.bzh/br/boutique/alambig-elektrik-vorlenns-stomp/" />
<script type="application/ld+json" class="yoast-schema-graph">{"@context":"https:\/\/schema.org","@graph":[{"@type":"WebPage","@id":"https:\/\/arfolk.bzh\/boutique\/alambig-elektrik-vorlenns-stomp\/","url":"https:\/\/arfolk.bzh\/boutique\/alambig-elektrik-vorlenns-stomp\/","name":"Album de Alambig Elektrik - Vorlenn's stomp","isPartOf":{"@id":"https:\/\/arfolk.bzh\/#website"},"primaryImageOfPage":{"@id":"https:\/\/arfolk.bzh\/boutique\/alambig-elektrik-vorlenns-stomp\/#primaryimage"},"image":{"@id":"https:\/\/arfolk.bzh\/boutique\/alambig-elektrik-vorlenns-stomp\/#primaryimage"},"thumbnailUrl":"https:\/\/arfolk.bzh\/wp-content\/uploads\/2024\/04\/alambigelektrik_vorlennsstomp--scaled.jpg","datePublished":"2014-09-04T18:17:29+00:00","dateModified":"2025-12-11T10:58:35+00:00","description":"Retrouvez l'album de Alambig Elektrik - Vorlenn's stomp. Commandez directement en ligne sur arfolk.bzh, le label discographique breton.","breadcrumb":{"@id":"https:\/\/arfolk.bzh\/boutique\/alambig-elektrik-vorlenns-stomp\/#breadcrumb"},"inLanguage":"br-FR","potentialAction":[{"@type":"ReadAction","target":["https:\/\/arfolk.bzh\/boutique\/alambig-elektrik-vorlenns-stomp\/"]}]},{"@type":"ImageObject","inLanguage":"br-FR","@id":"https:\/\/arfolk.bzh\/boutique\/alambig-elektrik-vorlenns-stomp\/#primaryimage","url":"https:\/\/arfolk.bzh\/wp-content\/uploads\/2024\/04\/alambigelektrik_vorlennsstomp--scaled.jpg","contentUrl":"https:\/\/arfolk.bzh\/wp-content\/uploads\/2024\/04\/alambigelektrik_vorlennsstomp--scaled.jpg","width":2560,"height":2560,"caption":"alambigelektrik vorlennsstomp"},{"@type":"BreadcrumbList","@id":"https:\/\/arfolk.bzh\/boutique\/alambig-elektrik-vorlenns-stomp\/#breadcrumb","itemListElement":[{"@type":"ListItem","position":1,"name":"Accueil","item":"https:\/\/arfolk.bzh\/"},{"@type":"ListItem","position":2,"name":"Boutique","item":"https:\/\/arfolk.bzh\/boutique\/"},{"@type":"ListItem","position":3,"name":"Alambig Elektrik &#8211; Vorlenn&rsquo;s stomp"}]},{"@type":"WebSite","@id":"https:\/\/arfolk.bzh\/#website","url":"https:\/\/arfolk.bzh\/","name":"Arfolk","description":"Label discographique spécialisé dans la musique bretonne","publisher":{"@id":"https:\/\/arfolk.bzh\/#organization"},"potentialAction":[{"@type":"SearchAction","target":{"@type":"EntryPoint","urlTemplate":"https:\/\/arfolk.bzh\/?s={search_term_string}"},"query-input":{"@type":"PropertyValueSpecification","valueRequired":true,"valueName":"search_term_string"}}],"inLanguage":"br-FR"},{"@type":"Organization","@id":"https:\/\/arfolk.bzh\/#organization","name":"Arfolk","alternateName":"Le label de la musique bretonne","url":"https:\/\/arfolk.bzh\/","logo":{"@type":"ImageObject","inLanguage":"br-FR","@id":"https:\/\/arfolk.bzh\/#\/schema\/logo\/image\/","url":"https:\/\/arfolk.bzh\/wp-content\/uploads\/2023\/11\/cropped-logo-label-de-musique-breton-arfolf-vignette.webp","contentUrl":"https:\/\/arfolk.bzh\/wp-content\/uploads\/2023\/11\/cropped-logo-label-de-musique-breton-arfolf-vignette.webp","width":512,"height":512,"caption":"Arfolk"},"image":{"@id":"https:\/\/arfolk.bzh\/#\/schema\/logo\/image\/"},"sameAs":["https:\/\/www.facebook.com\/Arfolkmusik","https:\/\/www.instagram.com\/arfolkmusik\/"]}]}</script>
<!-- / Yoast SEO Premium plugin. -->

Label discographique spécialisé dans la musique bretonne
