{"id":2484,"date":"2022-10-17T20:17:29","date_gmt":"2022-10-17T18:17:29","guid":{"rendered":"https:\/\/arfolk.bzh\/boutique\/ampouailh-dasson\/"},"modified":"2025-12-11T10:15:38","modified_gmt":"2025-12-11T09:15:38","slug":"ampouailh-dasson","status":"publish","type":"product","link":"https:\/\/arfolk.bzh\/br\/boutique\/ampouailh-dasson\/","title":{"rendered":"Ampouailh &#8211; Dasson \/ 17,50\u20ac"},"content":{"rendered":"<h1>Dasson an Dazont<\/h1>\n<p class=\"\"><em>Nous ne sommes ni plus ni moins qu\u2019une r\u00e9sonance. R\u00e9sonance de ce que l\u2019on nous a fait \u00e9couter et qui nous fait grandir, vivre. \u00ab Dasson\u00a0\u00bb marque ce passage par lequel ces cinq musiciens d\u2019Ampouailh tissent une texture musicale moderne en restant fid\u00e8les \u00e0 des convictions essentielles : la danse, l\u2019\u00e9change, la transmission.<\/em><\/p>\n<p><iframe loading=\"lazy\" title=\"Ampouailh - Dasson\" width=\"1080\" height=\"608\" src=\"https:\/\/www.youtube.com\/embed\/videoseries?list=PLQMZD0e8YHDKTG8sczjWjyD-nxoC3YZpP\"  allow=\"accelerometer; autoplay; clipboard-write; encrypted-media; gyroscope; picture-in-picture; web-share\" referrerpolicy=\"strict-origin-when-cross-origin\" allowfullscreen><\/iframe><\/p>\n<p class=\"\">Album exclusivement instrumental, \u00e0 chacun d\u2019y inscrire son interpr\u00e9tation, sa langue, son entit\u00e9. On y reconna\u00eetra naturellement cette gwerz tir\u00e9e du r\u00e9pertoire de Yann Fa\u00f1ch KEMENER ou encore cette composition militante de Maodez KERJEAN. Faisons r\u00e9sonner\u2026r\u00e9sonnons !<\/p>\n<p class=\"\">\u00ab\u00a0<strong><em>DASSON AN DAZONT BETEK AN TREC\u2019H<\/em><\/strong>\u00a0\u00bb<\/p>\n<h3><em>A GALON,<\/em><\/h3>\n<h1><em>Ampouailh<\/em><\/h1>\n<p><strong>La tracklist de \u00ab\u00a0Dasson\u00a0\u00bb :<\/strong><\/p>\n<ol>\n<li><strong>Gwagenn (hanter-dro)<\/strong><\/li>\n<li><strong>Botern berr (plinn ton simpl)<\/strong><\/li>\n<li><strong>Tamm kreiz (bal plinn)<\/strong><\/li>\n<li><strong>Botern hir (plinn ton doubl)<\/strong><\/li>\n<li><strong>Etre da zivrec&rsquo;h (polka) <\/strong><\/li>\n<li><strong>Ar paour (gwerz) <\/strong><\/li>\n<li><strong>Ska\u00f1v (mazurka) <\/strong><\/li>\n<li><strong>Chemin de la lande (rond de Loud\u00e9ac)<\/strong><\/li>\n<li><strong>Prunenn vihan (valse)<\/strong><\/li>\n<li><strong>Serr-noz (cercles) <\/strong><\/li>\n<li><strong>An universite (m\u00e9lodie fisel) <\/strong><\/li>\n<\/ol>","protected":false},"excerpt":{"rendered":"<p>Ampouailh, le groupe de fest-noz phare du centre Bretagne.<\/p>\n<p>Ecoutez en streaming : <strong><a href=\"https:\/\/fanlink.tv\/AhDs\">https:\/\/fanlink.tv\/AhDs<\/a><\/strong><\/p>","protected":false},"featured_media":2219,"template":"","meta":{"_acf_changed":false,"_et_pb_use_builder":"","_et_pb_old_content":"","_et_gb_content_width":""},"product_brand":[],"false":[41],"product_tag":[],"disponible_a_la_vente":[],"langue":[75],"style":[76],"supports":[88],"class_list":{"0":"post-2484","1":"product","2":"type-product","3":"status-publish","4":"has-post-thumbnail","6":"product_cat-ampouailh","7":"langue-instrumental","8":"style-fest-noz","9":"supports-dematerialise","11":"first","12":"outofstock","13":"purchasable","14":"product-type-simple"},"acf":[],"yoast_head":"<!-- This site is optimized with the Yoast SEO Premium plugin v24.0 (Yoast SEO v27.3) - https:\/\/yoast.com\/product\/yoast-seo-premium-wordpress\/ -->\n<title>Album de Ampouailh - Dasson \/ 17,50\u20ac<\/title>\n<meta name=\"description\" content=\"Retrouvez le nouvel album de Ampouailh - Dasson. Commandez directement en ligne sur arfolk.bzh, le label discographique breton.\" \/>\n<meta name=\"robots\" content=\"index, follow, max-snippet:-1, max-image-preview:large, max-video-preview:-1\" \/>\n<link rel=\"canonical\" href=\"https:\/\/arfolk.bzh\/br\/boutique\/ampouailh-dasson\/\" \/>\n<script type=\"application\/ld+json\" class=\"yoast-schema-graph\">{\"@context\":\"https:\\\/\\\/schema.org\",\"@graph\":[{\"@type\":\"WebPage\",\"@id\":\"https:\\\/\\\/arfolk.bzh\\\/boutique\\\/ampouailh-dasson\\\/\",\"url\":\"https:\\\/\\\/arfolk.bzh\\\/boutique\\\/ampouailh-dasson\\\/\",\"name\":\"Album de Ampouailh - Dasson \\\/ 17,50\u20ac\",\"isPartOf\":{\"@id\":\"https:\\\/\\\/arfolk.bzh\\\/#website\"},\"primaryImageOfPage\":{\"@id\":\"https:\\\/\\\/arfolk.bzh\\\/boutique\\\/ampouailh-dasson\\\/#primaryimage\"},\"image\":{\"@id\":\"https:\\\/\\\/arfolk.bzh\\\/boutique\\\/ampouailh-dasson\\\/#primaryimage\"},\"thumbnailUrl\":\"https:\\\/\\\/arfolk.bzh\\\/wp-content\\\/uploads\\\/2024\\\/04\\\/ampouailh_dasson.jpg\",\"datePublished\":\"2022-10-17T18:17:29+00:00\",\"dateModified\":\"2025-12-11T09:15:38+00:00\",\"description\":\"Retrouvez le nouvel album de Ampouailh - Dasson. Commandez directement en ligne sur arfolk.bzh, le label discographique breton.\",\"breadcrumb\":{\"@id\":\"https:\\\/\\\/arfolk.bzh\\\/boutique\\\/ampouailh-dasson\\\/#breadcrumb\"},\"inLanguage\":\"br-FR\",\"potentialAction\":[{\"@type\":\"ReadAction\",\"target\":[\"https:\\\/\\\/arfolk.bzh\\\/boutique\\\/ampouailh-dasson\\\/\"]}]},{\"@type\":\"ImageObject\",\"inLanguage\":\"br-FR\",\"@id\":\"https:\\\/\\\/arfolk.bzh\\\/boutique\\\/ampouailh-dasson\\\/#primaryimage\",\"url\":\"https:\\\/\\\/arfolk.bzh\\\/wp-content\\\/uploads\\\/2024\\\/04\\\/ampouailh_dasson.jpg\",\"contentUrl\":\"https:\\\/\\\/arfolk.bzh\\\/wp-content\\\/uploads\\\/2024\\\/04\\\/ampouailh_dasson.jpg\",\"width\":1080,\"height\":1080,\"caption\":\"ampouailh dasson\"},{\"@type\":\"BreadcrumbList\",\"@id\":\"https:\\\/\\\/arfolk.bzh\\\/boutique\\\/ampouailh-dasson\\\/#breadcrumb\",\"itemListElement\":[{\"@type\":\"ListItem\",\"position\":1,\"name\":\"Accueil\",\"item\":\"https:\\\/\\\/arfolk.bzh\\\/\"},{\"@type\":\"ListItem\",\"position\":2,\"name\":\"Boutique\",\"item\":\"https:\\\/\\\/arfolk.bzh\\\/boutique\\\/\"},{\"@type\":\"ListItem\",\"position\":3,\"name\":\"Ampouailh &#8211; Dasson \\\/ 17,50\u20ac\"}]},{\"@type\":\"WebSite\",\"@id\":\"https:\\\/\\\/arfolk.bzh\\\/#website\",\"url\":\"https:\\\/\\\/arfolk.bzh\\\/\",\"name\":\"Arfolk\",\"description\":\"Label discographique sp\u00e9cialis\u00e9 dans la musique bretonne\",\"publisher\":{\"@id\":\"https:\\\/\\\/arfolk.bzh\\\/#organization\"},\"potentialAction\":[{\"@type\":\"SearchAction\",\"target\":{\"@type\":\"EntryPoint\",\"urlTemplate\":\"https:\\\/\\\/arfolk.bzh\\\/?s={search_term_string}\"},\"query-input\":{\"@type\":\"PropertyValueSpecification\",\"valueRequired\":true,\"valueName\":\"search_term_string\"}}],\"inLanguage\":\"br-FR\"},{\"@type\":\"Organization\",\"@id\":\"https:\\\/\\\/arfolk.bzh\\\/#organization\",\"name\":\"Arfolk\",\"alternateName\":\"Le label de la musique bretonne\",\"url\":\"https:\\\/\\\/arfolk.bzh\\\/\",\"logo\":{\"@type\":\"ImageObject\",\"inLanguage\":\"br-FR\",\"@id\":\"https:\\\/\\\/arfolk.bzh\\\/#\\\/schema\\\/logo\\\/image\\\/\",\"url\":\"https:\\\/\\\/arfolk.bzh\\\/wp-content\\\/uploads\\\/2023\\\/11\\\/cropped-logo-label-de-musique-breton-arfolf-vignette.webp\",\"contentUrl\":\"https:\\\/\\\/arfolk.bzh\\\/wp-content\\\/uploads\\\/2023\\\/11\\\/cropped-logo-label-de-musique-breton-arfolf-vignette.webp\",\"width\":512,\"height\":512,\"caption\":\"Arfolk\"},\"image\":{\"@id\":\"https:\\\/\\\/arfolk.bzh\\\/#\\\/schema\\\/logo\\\/image\\\/\"},\"sameAs\":[\"https:\\\/\\\/www.facebook.com\\\/Arfolkmusik\",\"https:\\\/\\\/www.instagram.com\\\/arfolkmusik\\\/\"]}]}<\/script>\n<!-- \/ Yoast SEO Premium plugin. -->","yoast_head_json":{"title":"Album de Ampouailh - Dasson \/ 17,50\u20ac","description":"Retrouvez le nouvel album de Ampouailh - Dasson. Commandez directement en ligne sur arfolk.bzh, le label discographique breton.","robots":{"index":"index","follow":"follow","max-snippet":"max-snippet:-1","max-image-preview":"max-image-preview:large","max-video-preview":"max-video-preview:-1"},"canonical":"https:\/\/arfolk.bzh\/br\/boutique\/ampouailh-dasson\/","schema":{"@context":"https:\/\/schema.org","@graph":[{"@type":"WebPage","@id":"https:\/\/arfolk.bzh\/boutique\/ampouailh-dasson\/","url":"https:\/\/arfolk.bzh\/boutique\/ampouailh-dasson\/","name":"Album de Ampouailh - Dasson \/ 17,50\u20ac","isPartOf":{"@id":"https:\/\/arfolk.bzh\/#website"},"primaryImageOfPage":{"@id":"https:\/\/arfolk.bzh\/boutique\/ampouailh-dasson\/#primaryimage"},"image":{"@id":"https:\/\/arfolk.bzh\/boutique\/ampouailh-dasson\/#primaryimage"},"thumbnailUrl":"https:\/\/arfolk.bzh\/wp-content\/uploads\/2024\/04\/ampouailh_dasson.jpg","datePublished":"2022-10-17T18:17:29+00:00","dateModified":"2025-12-11T09:15:38+00:00","description":"Retrouvez le nouvel album de Ampouailh - Dasson. Commandez directement en ligne sur arfolk.bzh, le label discographique breton.","breadcrumb":{"@id":"https:\/\/arfolk.bzh\/boutique\/ampouailh-dasson\/#breadcrumb"},"inLanguage":"br-FR","potentialAction":[{"@type":"ReadAction","target":["https:\/\/arfolk.bzh\/boutique\/ampouailh-dasson\/"]}]},{"@type":"ImageObject","inLanguage":"br-FR","@id":"https:\/\/arfolk.bzh\/boutique\/ampouailh-dasson\/#primaryimage","url":"https:\/\/arfolk.bzh\/wp-content\/uploads\/2024\/04\/ampouailh_dasson.jpg","contentUrl":"https:\/\/arfolk.bzh\/wp-content\/uploads\/2024\/04\/ampouailh_dasson.jpg","width":1080,"height":1080,"caption":"ampouailh dasson"},{"@type":"BreadcrumbList","@id":"https:\/\/arfolk.bzh\/boutique\/ampouailh-dasson\/#breadcrumb","itemListElement":[{"@type":"ListItem","position":1,"name":"Accueil","item":"https:\/\/arfolk.bzh\/"},{"@type":"ListItem","position":2,"name":"Boutique","item":"https:\/\/arfolk.bzh\/boutique\/"},{"@type":"ListItem","position":3,"name":"Ampouailh &#8211; Dasson \/ 17,50\u20ac"}]},{"@type":"WebSite","@id":"https:\/\/arfolk.bzh\/#website","url":"https:\/\/arfolk.bzh\/","name":"Arfolk","description":"Label discographique sp\u00e9cialis\u00e9 dans la musique bretonne","publisher":{"@id":"https:\/\/arfolk.bzh\/#organization"},"potentialAction":[{"@type":"SearchAction","target":{"@type":"EntryPoint","urlTemplate":"https:\/\/arfolk.bzh\/?s={search_term_string}"},"query-input":{"@type":"PropertyValueSpecification","valueRequired":true,"valueName":"search_term_string"}}],"inLanguage":"br-FR"},{"@type":"Organization","@id":"https:\/\/arfolk.bzh\/#organization","name":"Arfolk","alternateName":"Le label de la musique bretonne","url":"https:\/\/arfolk.bzh\/","logo":{"@type":"ImageObject","inLanguage":"br-FR","@id":"https:\/\/arfolk.bzh\/#\/schema\/logo\/image\/","url":"https:\/\/arfolk.bzh\/wp-content\/uploads\/2023\/11\/cropped-logo-label-de-musique-breton-arfolf-vignette.webp","contentUrl":"https:\/\/arfolk.bzh\/wp-content\/uploads\/2023\/11\/cropped-logo-label-de-musique-breton-arfolf-vignette.webp","width":512,"height":512,"caption":"Arfolk"},"image":{"@id":"https:\/\/arfolk.bzh\/#\/schema\/logo\/image\/"},"sameAs":["https:\/\/www.facebook.com\/Arfolkmusik","https:\/\/www.instagram.com\/arfolkmusik\/"]}]}},"jetpack_sharing_enabled":true,"_links":{"self":[{"href":"https:\/\/arfolk.bzh\/br\/wp-json\/wp\/v2\/product\/2484","targetHints":{"allow":["GET"]}}],"collection":[{"href":"https:\/\/arfolk.bzh\/br\/wp-json\/wp\/v2\/product"}],"about":[{"href":"https:\/\/arfolk.bzh\/br\/wp-json\/wp\/v2\/types\/product"}],"wp:featuredmedia":[{"embeddable":true,"href":"https:\/\/arfolk.bzh\/br\/wp-json\/wp\/v2\/media\/2219"}],"wp:attachment":[{"href":"https:\/\/arfolk.bzh\/br\/wp-json\/wp\/v2\/media?parent=2484"}],"wp:term":[{"taxonomy":"product_brand","embeddable":true,"href":"https:\/\/arfolk.bzh\/br\/wp-json\/wp\/v2\/product_brand?post=2484"},{"taxonomy":"product_cat","embeddable":true,"href":"https:\/\/arfolk.bzh\/br\/wp-json\/wp\/v2\/false?post=2484"},{"taxonomy":"product_tag","embeddable":true,"href":"https:\/\/arfolk.bzh\/br\/wp-json\/wp\/v2\/product_tag?post=2484"},{"taxonomy":"disponible_a_la_vente","embeddable":true,"href":"https:\/\/arfolk.bzh\/br\/wp-json\/wp\/v2\/disponible_a_la_vente?post=2484"},{"taxonomy":"langue","embeddable":true,"href":"https:\/\/arfolk.bzh\/br\/wp-json\/wp\/v2\/langue?post=2484"},{"taxonomy":"style","embeddable":true,"href":"https:\/\/arfolk.bzh\/br\/wp-json\/wp\/v2\/style?post=2484"},{"taxonomy":"supports","embeddable":true,"href":"https:\/\/arfolk.bzh\/br\/wp-json\/wp\/v2\/supports?post=2484"}],"curies":[{"name":"wp","href":"https:\/\/api.w.org\/{rel}","templated":true}]}}

<h1>Dasson an Dazont</h1>
<p class=""><em>Nous ne sommes ni plus ni moins qu’une résonance. Résonance de ce que l’on nous a fait écouter et qui nous fait grandir, vivre. « Dasson » marque ce passage par lequel ces cinq musiciens d’Ampouailh tissent une texture musicale moderne en restant fidèles à des convictions essentielles : la danse, l’échange, la transmission.</em></p>
<p><iframe loading="lazy" title="Ampouailh - Dasson" width="1080" height="608" src="https://www.youtube.com/embed/videoseries?list=PLQMZD0e8YHDKTG8sczjWjyD-nxoC3YZpP"  allow="accelerometer; autoplay; clipboard-write; encrypted-media; gyroscope; picture-in-picture; web-share" referrerpolicy="strict-origin-when-cross-origin" allowfullscreen></iframe></p>
<p class="">Album exclusivement instrumental, à chacun d’y inscrire son interprétation, sa langue, son entité. On y reconnaîtra naturellement cette gwerz tirée du répertoire de Yann Fañch KEMENER ou encore cette composition militante de Maodez KERJEAN. Faisons résonner…résonnons !</p>
<p class="">« <strong><em>DASSON AN DAZONT BETEK AN TREC’H</em></strong> »</p>
<h3><em>A GALON,</em></h3>
<h1><em>Ampouailh</em></h1>
<p><strong>La tracklist de « Dasson » :</strong></p>
<ol>
<li><strong>Gwagenn (hanter-dro)</strong></li>
<li><strong>Botern berr (plinn ton simpl)</strong></li>
<li><strong>Tamm kreiz (bal plinn)</strong></li>
<li><strong>Botern hir (plinn ton doubl)</strong></li>
<li><strong>Etre da zivrec&rsquo;h (polka) </strong></li>
<li><strong>Ar paour (gwerz) </strong></li>
<li><strong>Skañv (mazurka) </strong></li>
<li><strong>Chemin de la lande (rond de Loudéac)</strong></li>
<li><strong>Prunenn vihan (valse)</strong></li>
<li><strong>Serr-noz (cercles) </strong></li>
<li><strong>An universite (mélodie fisel) </strong></li>
</ol>

<!-- This site is optimized with the Yoast SEO Premium plugin v24.0 (Yoast SEO v27.3) - https://yoast.com/product/yoast-seo-premium-wordpress/ -->
<title>Album de Ampouailh - Dasson / 17,50€</title>
<meta name="description" content="Retrouvez le nouvel album de Ampouailh - Dasson. Commandez directement en ligne sur arfolk.bzh, le label discographique breton." />
<meta name="robots" content="index, follow, max-snippet:-1, max-image-preview:large, max-video-preview:-1" />
<link rel="canonical" href="https://arfolk.bzh/br/boutique/ampouailh-dasson/" />
<script type="application/ld+json" class="yoast-schema-graph">{"@context":"https:\/\/schema.org","@graph":[{"@type":"WebPage","@id":"https:\/\/arfolk.bzh\/boutique\/ampouailh-dasson\/","url":"https:\/\/arfolk.bzh\/boutique\/ampouailh-dasson\/","name":"Album de Ampouailh - Dasson \/ 17,50€","isPartOf":{"@id":"https:\/\/arfolk.bzh\/#website"},"primaryImageOfPage":{"@id":"https:\/\/arfolk.bzh\/boutique\/ampouailh-dasson\/#primaryimage"},"image":{"@id":"https:\/\/arfolk.bzh\/boutique\/ampouailh-dasson\/#primaryimage"},"thumbnailUrl":"https:\/\/arfolk.bzh\/wp-content\/uploads\/2024\/04\/ampouailh_dasson.jpg","datePublished":"2022-10-17T18:17:29+00:00","dateModified":"2025-12-11T09:15:38+00:00","description":"Retrouvez le nouvel album de Ampouailh - Dasson. Commandez directement en ligne sur arfolk.bzh, le label discographique breton.","breadcrumb":{"@id":"https:\/\/arfolk.bzh\/boutique\/ampouailh-dasson\/#breadcrumb"},"inLanguage":"br-FR","potentialAction":[{"@type":"ReadAction","target":["https:\/\/arfolk.bzh\/boutique\/ampouailh-dasson\/"]}]},{"@type":"ImageObject","inLanguage":"br-FR","@id":"https:\/\/arfolk.bzh\/boutique\/ampouailh-dasson\/#primaryimage","url":"https:\/\/arfolk.bzh\/wp-content\/uploads\/2024\/04\/ampouailh_dasson.jpg","contentUrl":"https:\/\/arfolk.bzh\/wp-content\/uploads\/2024\/04\/ampouailh_dasson.jpg","width":1080,"height":1080,"caption":"ampouailh dasson"},{"@type":"BreadcrumbList","@id":"https:\/\/arfolk.bzh\/boutique\/ampouailh-dasson\/#breadcrumb","itemListElement":[{"@type":"ListItem","position":1,"name":"Accueil","item":"https:\/\/arfolk.bzh\/"},{"@type":"ListItem","position":2,"name":"Boutique","item":"https:\/\/arfolk.bzh\/boutique\/"},{"@type":"ListItem","position":3,"name":"Ampouailh &#8211; Dasson \/ 17,50€"}]},{"@type":"WebSite","@id":"https:\/\/arfolk.bzh\/#website","url":"https:\/\/arfolk.bzh\/","name":"Arfolk","description":"Label discographique spécialisé dans la musique bretonne","publisher":{"@id":"https:\/\/arfolk.bzh\/#organization"},"potentialAction":[{"@type":"SearchAction","target":{"@type":"EntryPoint","urlTemplate":"https:\/\/arfolk.bzh\/?s={search_term_string}"},"query-input":{"@type":"PropertyValueSpecification","valueRequired":true,"valueName":"search_term_string"}}],"inLanguage":"br-FR"},{"@type":"Organization","@id":"https:\/\/arfolk.bzh\/#organization","name":"Arfolk","alternateName":"Le label de la musique bretonne","url":"https:\/\/arfolk.bzh\/","logo":{"@type":"ImageObject","inLanguage":"br-FR","@id":"https:\/\/arfolk.bzh\/#\/schema\/logo\/image\/","url":"https:\/\/arfolk.bzh\/wp-content\/uploads\/2023\/11\/cropped-logo-label-de-musique-breton-arfolf-vignette.webp","contentUrl":"https:\/\/arfolk.bzh\/wp-content\/uploads\/2023\/11\/cropped-logo-label-de-musique-breton-arfolf-vignette.webp","width":512,"height":512,"caption":"Arfolk"},"image":{"@id":"https:\/\/arfolk.bzh\/#\/schema\/logo\/image\/"},"sameAs":["https:\/\/www.facebook.com\/Arfolkmusik","https:\/\/www.instagram.com\/arfolkmusik\/"]}]}</script>
<!-- / Yoast SEO Premium plugin. -->

Label discographique spécialisé dans la musique bretonne
