{"id":2486,"date":"2012-06-20T20:17:29","date_gmt":"2012-06-20T18:17:29","guid":{"rendered":"https:\/\/arfolk.bzh\/boutique\/ampouailh-keit-ha-ma-pado\/"},"modified":"2025-12-11T12:06:42","modified_gmt":"2025-12-11T11:06:42","slug":"ampouailh-keit-ha-ma-pado","status":"publish","type":"product","link":"https:\/\/arfolk.bzh\/br\/boutique\/ampouailh-keit-ha-ma-pado\/","title":{"rendered":"Ampouailh &#8211; Keit ha ma pado"},"content":{"rendered":"<p>2\u00e8me album pour ces chenapans (signification du mot breton ampouailh).<\/p>\n<p>Ces musiciens, pour la plupart originaires du centre Bretagne, poursuivent all\u00e8grement leur chemin de fest-noz en fest-noz \u00e0 travers toute la Bretagne, en prodiguant avec dynamisme un r\u00e9pertoire principalement transmis par les sonneurs et chanteurs du kreiz Breizh.<\/p>\n<p>\u00ab\u00a0Ils s&rsquo;inscrivent dans le sillage de leurs pr\u00e9d\u00e9cesseurs. Ils y apportent une couleur nouvelle et originale et nous donnent \u00e0 entendre un aspect du dynamisme musical de la Bretagne\u00a0\u00bb Yann Fa\u00f1ch Kemener.<\/p>\n<p><iframe loading=\"lazy\" title=\"Ampouailh - Keit ha ma pado...\" width=\"1080\" height=\"608\" src=\"https:\/\/www.youtube.com\/embed\/videoseries?list=PLQMZD0e8YHDJ_ep8omaqXeAJeF36PFR5p\"  allow=\"accelerometer; autoplay; clipboard-write; encrypted-media; gyroscope; picture-in-picture; web-share\" referrerpolicy=\"strict-origin-when-cross-origin\" allowfullscreen><\/iframe><\/p>\n<p><strong>Tracklist de \u00ab\u00a0Keit ha ma pado\u00a0\u00bb<\/strong><\/p>\n<ol>\n<li><strong>Paotred yaouank ma c&rsquo;hontre (ton simpl gavotte)<\/strong><\/li>\n<li><strong>Paotred yaouank ma c&rsquo;hontre (Bal)<\/strong><\/li>\n<li><strong>Paotred yaouank ma c&rsquo;hontre (ton doubl gavotte)<\/strong><\/li>\n<li><strong>Hanternoz&rsquo;s jigs<\/strong><\/li>\n<li><strong>A toi<\/strong><\/li>\n<li><strong>Gollodic<\/strong><\/li>\n<li><strong>TTM<\/strong><\/li>\n<li><strong>Tri bali 41vet<\/strong><\/li>\n<li><strong>Distouff&rsquo;s spirit (Rond de Loud\u00e9ac)<\/strong><\/li>\n<li><strong>Distouff&rsquo;s spirit (Baleu)<\/strong><\/li>\n<li><strong>Distouff&rsquo;s spirit<\/strong><\/li>\n<li><strong>Bonnie and &#8230;<\/strong><\/li>\n<\/ol>","protected":false},"excerpt":{"rendered":"<p>Vraiment, un bon groupe de fest-noz !<br \/>\n\u00c7a virevolte, \u00e7a s&rsquo;envole, \u00e7a chante dans un breton parfait, c&rsquo;est \u00e9nergique et toujours dans le tempo.<br \/>\nUn album \u00e0 faire danser l&rsquo;assembl\u00e9e.<\/p>\n<p>Ecoutez en streaming : <strong><a href=\"https:\/\/fanlink.tv\/wcui\">https:\/\/fanlink.tv\/wcui<\/a><\/strong><\/p>","protected":false},"featured_media":2221,"template":"","meta":{"_acf_changed":false,"_et_pb_use_builder":"","_et_pb_old_content":"","_et_gb_content_width":""},"product_brand":[],"false":[41],"product_tag":[],"disponible_a_la_vente":[38],"langue":[75],"style":[76],"supports":[86],"class_list":{"0":"post-2486","1":"product","2":"type-product","3":"status-publish","4":"has-post-thumbnail","6":"product_cat-ampouailh","7":"disponible_a_la_vente-disponible-a-la-vente","8":"langue-instrumental","9":"style-fest-noz","10":"supports-cd","12":"first","13":"instock","14":"sale","15":"taxable","16":"shipping-taxable","17":"purchasable","18":"product-type-simple"},"acf":[],"yoast_head":"<!-- This site is optimized with the Yoast SEO Premium plugin v24.0 (Yoast SEO v27.3) - https:\/\/yoast.com\/product\/yoast-seo-premium-wordpress\/ -->\n<title>Album d&#039; Ampouailh - Keit ha ma pado<\/title>\n<meta name=\"description\" content=\"Retrouvez l&#039;album d&#039;Ampouailh - Keit ha ma pado. 2\u00e8me album pour ces chenapans (ampouailh en breton). Commandez directement en ligne sur arfolk.bzh.\" \/>\n<meta name=\"robots\" content=\"index, follow, max-snippet:-1, max-image-preview:large, max-video-preview:-1\" \/>\n<link rel=\"canonical\" href=\"https:\/\/arfolk.bzh\/br\/boutique\/ampouailh-keit-ha-ma-pado\/\" \/>\n<script type=\"application\/ld+json\" class=\"yoast-schema-graph\">{\"@context\":\"https:\\\/\\\/schema.org\",\"@graph\":[{\"@type\":\"WebPage\",\"@id\":\"https:\\\/\\\/arfolk.bzh\\\/boutique\\\/ampouailh-keit-ha-ma-pado\\\/\",\"url\":\"https:\\\/\\\/arfolk.bzh\\\/boutique\\\/ampouailh-keit-ha-ma-pado\\\/\",\"name\":\"Album d' Ampouailh - Keit ha ma pado\",\"isPartOf\":{\"@id\":\"https:\\\/\\\/arfolk.bzh\\\/#website\"},\"primaryImageOfPage\":{\"@id\":\"https:\\\/\\\/arfolk.bzh\\\/boutique\\\/ampouailh-keit-ha-ma-pado\\\/#primaryimage\"},\"image\":{\"@id\":\"https:\\\/\\\/arfolk.bzh\\\/boutique\\\/ampouailh-keit-ha-ma-pado\\\/#primaryimage\"},\"thumbnailUrl\":\"https:\\\/\\\/arfolk.bzh\\\/wp-content\\\/uploads\\\/2024\\\/04\\\/ampouailh_keithamapado-scaled.jpg\",\"datePublished\":\"2012-06-20T18:17:29+00:00\",\"dateModified\":\"2025-12-11T11:06:42+00:00\",\"description\":\"Retrouvez l'album d'Ampouailh - Keit ha ma pado. 2\u00e8me album pour ces chenapans (ampouailh en breton). Commandez directement en ligne sur arfolk.bzh.\",\"breadcrumb\":{\"@id\":\"https:\\\/\\\/arfolk.bzh\\\/boutique\\\/ampouailh-keit-ha-ma-pado\\\/#breadcrumb\"},\"inLanguage\":\"br-FR\",\"potentialAction\":[{\"@type\":\"ReadAction\",\"target\":[\"https:\\\/\\\/arfolk.bzh\\\/boutique\\\/ampouailh-keit-ha-ma-pado\\\/\"]}]},{\"@type\":\"ImageObject\",\"inLanguage\":\"br-FR\",\"@id\":\"https:\\\/\\\/arfolk.bzh\\\/boutique\\\/ampouailh-keit-ha-ma-pado\\\/#primaryimage\",\"url\":\"https:\\\/\\\/arfolk.bzh\\\/wp-content\\\/uploads\\\/2024\\\/04\\\/ampouailh_keithamapado-scaled.jpg\",\"contentUrl\":\"https:\\\/\\\/arfolk.bzh\\\/wp-content\\\/uploads\\\/2024\\\/04\\\/ampouailh_keithamapado-scaled.jpg\",\"width\":2560,\"height\":2560,\"caption\":\"ampouailh keithamapado\"},{\"@type\":\"BreadcrumbList\",\"@id\":\"https:\\\/\\\/arfolk.bzh\\\/boutique\\\/ampouailh-keit-ha-ma-pado\\\/#breadcrumb\",\"itemListElement\":[{\"@type\":\"ListItem\",\"position\":1,\"name\":\"Accueil\",\"item\":\"https:\\\/\\\/arfolk.bzh\\\/\"},{\"@type\":\"ListItem\",\"position\":2,\"name\":\"Boutique\",\"item\":\"https:\\\/\\\/arfolk.bzh\\\/boutique\\\/\"},{\"@type\":\"ListItem\",\"position\":3,\"name\":\"Ampouailh &#8211; Keit ha ma pado\"}]},{\"@type\":\"WebSite\",\"@id\":\"https:\\\/\\\/arfolk.bzh\\\/#website\",\"url\":\"https:\\\/\\\/arfolk.bzh\\\/\",\"name\":\"Arfolk\",\"description\":\"Label discographique sp\u00e9cialis\u00e9 dans la musique bretonne\",\"publisher\":{\"@id\":\"https:\\\/\\\/arfolk.bzh\\\/#organization\"},\"potentialAction\":[{\"@type\":\"SearchAction\",\"target\":{\"@type\":\"EntryPoint\",\"urlTemplate\":\"https:\\\/\\\/arfolk.bzh\\\/?s={search_term_string}\"},\"query-input\":{\"@type\":\"PropertyValueSpecification\",\"valueRequired\":true,\"valueName\":\"search_term_string\"}}],\"inLanguage\":\"br-FR\"},{\"@type\":\"Organization\",\"@id\":\"https:\\\/\\\/arfolk.bzh\\\/#organization\",\"name\":\"Arfolk\",\"alternateName\":\"Le label de la musique bretonne\",\"url\":\"https:\\\/\\\/arfolk.bzh\\\/\",\"logo\":{\"@type\":\"ImageObject\",\"inLanguage\":\"br-FR\",\"@id\":\"https:\\\/\\\/arfolk.bzh\\\/#\\\/schema\\\/logo\\\/image\\\/\",\"url\":\"https:\\\/\\\/arfolk.bzh\\\/wp-content\\\/uploads\\\/2023\\\/11\\\/cropped-logo-label-de-musique-breton-arfolf-vignette.webp\",\"contentUrl\":\"https:\\\/\\\/arfolk.bzh\\\/wp-content\\\/uploads\\\/2023\\\/11\\\/cropped-logo-label-de-musique-breton-arfolf-vignette.webp\",\"width\":512,\"height\":512,\"caption\":\"Arfolk\"},\"image\":{\"@id\":\"https:\\\/\\\/arfolk.bzh\\\/#\\\/schema\\\/logo\\\/image\\\/\"},\"sameAs\":[\"https:\\\/\\\/www.facebook.com\\\/Arfolkmusik\",\"https:\\\/\\\/www.instagram.com\\\/arfolkmusik\\\/\"]}]}<\/script>\n<!-- \/ Yoast SEO Premium plugin. -->","yoast_head_json":{"title":"Album d' Ampouailh - Keit ha ma pado","description":"Retrouvez l'album d'Ampouailh - Keit ha ma pado. 2\u00e8me album pour ces chenapans (ampouailh en breton). Commandez directement en ligne sur arfolk.bzh.","robots":{"index":"index","follow":"follow","max-snippet":"max-snippet:-1","max-image-preview":"max-image-preview:large","max-video-preview":"max-video-preview:-1"},"canonical":"https:\/\/arfolk.bzh\/br\/boutique\/ampouailh-keit-ha-ma-pado\/","schema":{"@context":"https:\/\/schema.org","@graph":[{"@type":"WebPage","@id":"https:\/\/arfolk.bzh\/boutique\/ampouailh-keit-ha-ma-pado\/","url":"https:\/\/arfolk.bzh\/boutique\/ampouailh-keit-ha-ma-pado\/","name":"Album d' Ampouailh - Keit ha ma pado","isPartOf":{"@id":"https:\/\/arfolk.bzh\/#website"},"primaryImageOfPage":{"@id":"https:\/\/arfolk.bzh\/boutique\/ampouailh-keit-ha-ma-pado\/#primaryimage"},"image":{"@id":"https:\/\/arfolk.bzh\/boutique\/ampouailh-keit-ha-ma-pado\/#primaryimage"},"thumbnailUrl":"https:\/\/arfolk.bzh\/wp-content\/uploads\/2024\/04\/ampouailh_keithamapado-scaled.jpg","datePublished":"2012-06-20T18:17:29+00:00","dateModified":"2025-12-11T11:06:42+00:00","description":"Retrouvez l'album d'Ampouailh - Keit ha ma pado. 2\u00e8me album pour ces chenapans (ampouailh en breton). Commandez directement en ligne sur arfolk.bzh.","breadcrumb":{"@id":"https:\/\/arfolk.bzh\/boutique\/ampouailh-keit-ha-ma-pado\/#breadcrumb"},"inLanguage":"br-FR","potentialAction":[{"@type":"ReadAction","target":["https:\/\/arfolk.bzh\/boutique\/ampouailh-keit-ha-ma-pado\/"]}]},{"@type":"ImageObject","inLanguage":"br-FR","@id":"https:\/\/arfolk.bzh\/boutique\/ampouailh-keit-ha-ma-pado\/#primaryimage","url":"https:\/\/arfolk.bzh\/wp-content\/uploads\/2024\/04\/ampouailh_keithamapado-scaled.jpg","contentUrl":"https:\/\/arfolk.bzh\/wp-content\/uploads\/2024\/04\/ampouailh_keithamapado-scaled.jpg","width":2560,"height":2560,"caption":"ampouailh keithamapado"},{"@type":"BreadcrumbList","@id":"https:\/\/arfolk.bzh\/boutique\/ampouailh-keit-ha-ma-pado\/#breadcrumb","itemListElement":[{"@type":"ListItem","position":1,"name":"Accueil","item":"https:\/\/arfolk.bzh\/"},{"@type":"ListItem","position":2,"name":"Boutique","item":"https:\/\/arfolk.bzh\/boutique\/"},{"@type":"ListItem","position":3,"name":"Ampouailh &#8211; Keit ha ma pado"}]},{"@type":"WebSite","@id":"https:\/\/arfolk.bzh\/#website","url":"https:\/\/arfolk.bzh\/","name":"Arfolk","description":"Label discographique sp\u00e9cialis\u00e9 dans la musique bretonne","publisher":{"@id":"https:\/\/arfolk.bzh\/#organization"},"potentialAction":[{"@type":"SearchAction","target":{"@type":"EntryPoint","urlTemplate":"https:\/\/arfolk.bzh\/?s={search_term_string}"},"query-input":{"@type":"PropertyValueSpecification","valueRequired":true,"valueName":"search_term_string"}}],"inLanguage":"br-FR"},{"@type":"Organization","@id":"https:\/\/arfolk.bzh\/#organization","name":"Arfolk","alternateName":"Le label de la musique bretonne","url":"https:\/\/arfolk.bzh\/","logo":{"@type":"ImageObject","inLanguage":"br-FR","@id":"https:\/\/arfolk.bzh\/#\/schema\/logo\/image\/","url":"https:\/\/arfolk.bzh\/wp-content\/uploads\/2023\/11\/cropped-logo-label-de-musique-breton-arfolf-vignette.webp","contentUrl":"https:\/\/arfolk.bzh\/wp-content\/uploads\/2023\/11\/cropped-logo-label-de-musique-breton-arfolf-vignette.webp","width":512,"height":512,"caption":"Arfolk"},"image":{"@id":"https:\/\/arfolk.bzh\/#\/schema\/logo\/image\/"},"sameAs":["https:\/\/www.facebook.com\/Arfolkmusik","https:\/\/www.instagram.com\/arfolkmusik\/"]}]}},"jetpack_sharing_enabled":true,"_links":{"self":[{"href":"https:\/\/arfolk.bzh\/br\/wp-json\/wp\/v2\/product\/2486","targetHints":{"allow":["GET"]}}],"collection":[{"href":"https:\/\/arfolk.bzh\/br\/wp-json\/wp\/v2\/product"}],"about":[{"href":"https:\/\/arfolk.bzh\/br\/wp-json\/wp\/v2\/types\/product"}],"wp:featuredmedia":[{"embeddable":true,"href":"https:\/\/arfolk.bzh\/br\/wp-json\/wp\/v2\/media\/2221"}],"wp:attachment":[{"href":"https:\/\/arfolk.bzh\/br\/wp-json\/wp\/v2\/media?parent=2486"}],"wp:term":[{"taxonomy":"product_brand","embeddable":true,"href":"https:\/\/arfolk.bzh\/br\/wp-json\/wp\/v2\/product_brand?post=2486"},{"taxonomy":"product_cat","embeddable":true,"href":"https:\/\/arfolk.bzh\/br\/wp-json\/wp\/v2\/false?post=2486"},{"taxonomy":"product_tag","embeddable":true,"href":"https:\/\/arfolk.bzh\/br\/wp-json\/wp\/v2\/product_tag?post=2486"},{"taxonomy":"disponible_a_la_vente","embeddable":true,"href":"https:\/\/arfolk.bzh\/br\/wp-json\/wp\/v2\/disponible_a_la_vente?post=2486"},{"taxonomy":"langue","embeddable":true,"href":"https:\/\/arfolk.bzh\/br\/wp-json\/wp\/v2\/langue?post=2486"},{"taxonomy":"style","embeddable":true,"href":"https:\/\/arfolk.bzh\/br\/wp-json\/wp\/v2\/style?post=2486"},{"taxonomy":"supports","embeddable":true,"href":"https:\/\/arfolk.bzh\/br\/wp-json\/wp\/v2\/supports?post=2486"}],"curies":[{"name":"wp","href":"https:\/\/api.w.org\/{rel}","templated":true}]}}

<p>2ème album pour ces chenapans (signification du mot breton ampouailh).</p>
<p>Ces musiciens, pour la plupart originaires du centre Bretagne, poursuivent allègrement leur chemin de fest-noz en fest-noz à travers toute la Bretagne, en prodiguant avec dynamisme un répertoire principalement transmis par les sonneurs et chanteurs du kreiz Breizh.</p>
<p>« Ils s&rsquo;inscrivent dans le sillage de leurs prédécesseurs. Ils y apportent une couleur nouvelle et originale et nous donnent à entendre un aspect du dynamisme musical de la Bretagne » Yann Fañch Kemener.</p>
<p><iframe loading="lazy" title="Ampouailh - Keit ha ma pado..." width="1080" height="608" src="https://www.youtube.com/embed/videoseries?list=PLQMZD0e8YHDJ_ep8omaqXeAJeF36PFR5p"  allow="accelerometer; autoplay; clipboard-write; encrypted-media; gyroscope; picture-in-picture; web-share" referrerpolicy="strict-origin-when-cross-origin" allowfullscreen></iframe></p>
<p><strong>Tracklist de « Keit ha ma pado »</strong></p>
<ol>
<li><strong>Paotred yaouank ma c&rsquo;hontre (ton simpl gavotte)</strong></li>
<li><strong>Paotred yaouank ma c&rsquo;hontre (Bal)</strong></li>
<li><strong>Paotred yaouank ma c&rsquo;hontre (ton doubl gavotte)</strong></li>
<li><strong>Hanternoz&rsquo;s jigs</strong></li>
<li><strong>A toi</strong></li>
<li><strong>Gollodic</strong></li>
<li><strong>TTM</strong></li>
<li><strong>Tri bali 41vet</strong></li>
<li><strong>Distouff&rsquo;s spirit (Rond de Loudéac)</strong></li>
<li><strong>Distouff&rsquo;s spirit (Baleu)</strong></li>
<li><strong>Distouff&rsquo;s spirit</strong></li>
<li><strong>Bonnie and &#8230;</strong></li>
</ol>

<p>Vraiment, un bon groupe de fest-noz !<br />
Ça virevolte, ça s&rsquo;envole, ça chante dans un breton parfait, c&rsquo;est énergique et toujours dans le tempo.<br />
Un album à faire danser l&rsquo;assemblée.</p>
<p>Ecoutez en streaming : <strong><a href="https://fanlink.tv/wcui">https://fanlink.tv/wcui</a></strong></p>

<!-- This site is optimized with the Yoast SEO Premium plugin v24.0 (Yoast SEO v27.3) - https://yoast.com/product/yoast-seo-premium-wordpress/ -->
<title>Album d&#039; Ampouailh - Keit ha ma pado</title>
<meta name="description" content="Retrouvez l&#039;album d&#039;Ampouailh - Keit ha ma pado. 2ème album pour ces chenapans (ampouailh en breton). Commandez directement en ligne sur arfolk.bzh." />
<meta name="robots" content="index, follow, max-snippet:-1, max-image-preview:large, max-video-preview:-1" />
<link rel="canonical" href="https://arfolk.bzh/br/boutique/ampouailh-keit-ha-ma-pado/" />
<script type="application/ld+json" class="yoast-schema-graph">{"@context":"https:\/\/schema.org","@graph":[{"@type":"WebPage","@id":"https:\/\/arfolk.bzh\/boutique\/ampouailh-keit-ha-ma-pado\/","url":"https:\/\/arfolk.bzh\/boutique\/ampouailh-keit-ha-ma-pado\/","name":"Album d' Ampouailh - Keit ha ma pado","isPartOf":{"@id":"https:\/\/arfolk.bzh\/#website"},"primaryImageOfPage":{"@id":"https:\/\/arfolk.bzh\/boutique\/ampouailh-keit-ha-ma-pado\/#primaryimage"},"image":{"@id":"https:\/\/arfolk.bzh\/boutique\/ampouailh-keit-ha-ma-pado\/#primaryimage"},"thumbnailUrl":"https:\/\/arfolk.bzh\/wp-content\/uploads\/2024\/04\/ampouailh_keithamapado-scaled.jpg","datePublished":"2012-06-20T18:17:29+00:00","dateModified":"2025-12-11T11:06:42+00:00","description":"Retrouvez l'album d'Ampouailh - Keit ha ma pado. 2ème album pour ces chenapans (ampouailh en breton). Commandez directement en ligne sur arfolk.bzh.","breadcrumb":{"@id":"https:\/\/arfolk.bzh\/boutique\/ampouailh-keit-ha-ma-pado\/#breadcrumb"},"inLanguage":"br-FR","potentialAction":[{"@type":"ReadAction","target":["https:\/\/arfolk.bzh\/boutique\/ampouailh-keit-ha-ma-pado\/"]}]},{"@type":"ImageObject","inLanguage":"br-FR","@id":"https:\/\/arfolk.bzh\/boutique\/ampouailh-keit-ha-ma-pado\/#primaryimage","url":"https:\/\/arfolk.bzh\/wp-content\/uploads\/2024\/04\/ampouailh_keithamapado-scaled.jpg","contentUrl":"https:\/\/arfolk.bzh\/wp-content\/uploads\/2024\/04\/ampouailh_keithamapado-scaled.jpg","width":2560,"height":2560,"caption":"ampouailh keithamapado"},{"@type":"BreadcrumbList","@id":"https:\/\/arfolk.bzh\/boutique\/ampouailh-keit-ha-ma-pado\/#breadcrumb","itemListElement":[{"@type":"ListItem","position":1,"name":"Accueil","item":"https:\/\/arfolk.bzh\/"},{"@type":"ListItem","position":2,"name":"Boutique","item":"https:\/\/arfolk.bzh\/boutique\/"},{"@type":"ListItem","position":3,"name":"Ampouailh &#8211; Keit ha ma pado"}]},{"@type":"WebSite","@id":"https:\/\/arfolk.bzh\/#website","url":"https:\/\/arfolk.bzh\/","name":"Arfolk","description":"Label discographique spécialisé dans la musique bretonne","publisher":{"@id":"https:\/\/arfolk.bzh\/#organization"},"potentialAction":[{"@type":"SearchAction","target":{"@type":"EntryPoint","urlTemplate":"https:\/\/arfolk.bzh\/?s={search_term_string}"},"query-input":{"@type":"PropertyValueSpecification","valueRequired":true,"valueName":"search_term_string"}}],"inLanguage":"br-FR"},{"@type":"Organization","@id":"https:\/\/arfolk.bzh\/#organization","name":"Arfolk","alternateName":"Le label de la musique bretonne","url":"https:\/\/arfolk.bzh\/","logo":{"@type":"ImageObject","inLanguage":"br-FR","@id":"https:\/\/arfolk.bzh\/#\/schema\/logo\/image\/","url":"https:\/\/arfolk.bzh\/wp-content\/uploads\/2023\/11\/cropped-logo-label-de-musique-breton-arfolf-vignette.webp","contentUrl":"https:\/\/arfolk.bzh\/wp-content\/uploads\/2023\/11\/cropped-logo-label-de-musique-breton-arfolf-vignette.webp","width":512,"height":512,"caption":"Arfolk"},"image":{"@id":"https:\/\/arfolk.bzh\/#\/schema\/logo\/image\/"},"sameAs":["https:\/\/www.facebook.com\/Arfolkmusik","https:\/\/www.instagram.com\/arfolkmusik\/"]}]}</script>
<!-- / Yoast SEO Premium plugin. -->

Retrouvez l'album d'Ampouailh - Keit ha ma pado. 2ème album pour ces chenapans (ampouailh en breton). Commandez directement en ligne sur arfolk.bzh.

Label discographique spécialisé dans la musique bretonne
