{"id":2503,"date":"2019-09-18T20:17:43","date_gmt":"2019-09-18T18:17:43","guid":{"rendered":"https:\/\/arfolk.bzh\/boutique\/bagad-kemper-kas\/"},"modified":"2025-12-11T11:14:42","modified_gmt":"2025-12-11T10:14:42","slug":"bagad-kemper-kas","status":"publish","type":"product","link":"https:\/\/arfolk.bzh\/br\/boutique\/bagad-kemper-kas\/","title":{"rendered":"Bagad Kemper &#8211; KAS"},"content":{"rendered":"<p>Le plus rock et le plus international des bagado\u00f9 propulse la musique de bagad sur une autre plan\u00e8te avec cet album anniversaire puissant et festif. Du folklore emprisonn\u00e9 dans le pass\u00e9 ? Ouin-ouin, la musique de bagad ? \u00c9coutez donc ! Ce collectif n\u2019est pas qu\u2019un groupe, c\u2019est une b\u00eate de sc\u00e8ne. Et elle se d\u00e9cha\u00eene.<\/p>\n<p><iframe loading=\"lazy\" title=\"Bagad Kemper - Kas\" width=\"1080\" height=\"608\" src=\"https:\/\/www.youtube.com\/embed\/videoseries?list=PLQMZD0e8YHDIiM1v3qIjyngm2MIPNGPjs\"  allow=\"accelerometer; autoplay; clipboard-write; encrypted-media; gyroscope; picture-in-picture; web-share\" referrerpolicy=\"strict-origin-when-cross-origin\" allowfullscreen><\/iframe><\/p>\n<p>Le Bagad Kemper est un grand habitu\u00e9 de la sc\u00e8ne. Il a \u00e9cum\u00e9 les salles et les festivals (z\u00e9niths, Olympia, Bercy, Francofolies, Vieilles Charrues), sur tous les continents (Chine, Gabon, Ecosse&#8230;) au rythme de ses cr\u00e9ations aussi nombreuses que vari\u00e9es. Que ce soit avec Dan ar Braz dans L&rsquo;H\u00e9ritage des Celtes, Carlos Nu\u00f1ez, Erik Marchand pour Breizh Balkanik, ou encore le regrett\u00e9 Johnny Clegg, le bagad a toujours su bien s&rsquo;entourer pour cr\u00e9er des collaborations uniques. Le bagad s&rsquo;illustre aussi au championnat national des bagado\u00f9, cumulant 22 titres de champion et 15 titres de vice-champion (le record). La discographie du groupe est impressionnante, puisqu&rsquo;il s&rsquo;agit ici de son 30e album.<\/p>\n<p><strong>Tracklist de \u00a0\u00bb KAS \u00ab\u00a0:<\/strong><\/p>\n<ol>\n<li><strong>Ar Charlezenn avec Marthe Vassallo<\/strong><\/li>\n<li><strong>La tribu bleue des airs avec Sylvain Girault<\/strong><\/li>\n<li><strong>Breizh (feat. Dan ar Braz &amp; Jean-Pierre Riou)<\/strong><\/li>\n<li><strong>Le tour du miroir avec Sylvain Girault<\/strong><\/li>\n<li><strong>Ar plac&rsquo;h iferniet avec Marthe Vassallo<\/strong><\/li>\n<li><strong>Beaj\u00a0<\/strong><\/li>\n<li><strong>Kenavo l&rsquo;artiste<\/strong><\/li>\n<li><strong>Suite Lorient 2017. Rid\u00e9rob\u00e9e !<\/strong><\/li>\n<\/ol>\n<p><strong>Dur\u00e9e totale : 47&rsquo;21<\/strong><\/p>\n<p>&nbsp;<\/p>","protected":false},"excerpt":{"rendered":"<p>Le Bagad Kemper avec Dan ar Braz \/ Marthe Vassallo \/ Red Cardell \/ Sylvain Girault &#8230;<\/p>\n<p>Ecoutez en Streaming : <strong><a href=\"https:\/\/fanlink.tv\/fYDQ\">https:\/\/fanlink.tv\/fYDQ<\/a><\/strong><\/p>","protected":false},"featured_media":2242,"template":"","meta":{"_acf_changed":false,"_et_pb_use_builder":"","_et_pb_old_content":"","_et_gb_content_width":""},"product_brand":[],"false":[43],"product_tag":[],"disponible_a_la_vente":[38],"langue":[73,72,75],"style":[81,77],"supports":[86],"class_list":{"0":"post-2503","1":"product","2":"type-product","3":"status-publish","4":"has-post-thumbnail","6":"product_cat-bagad-kemper","7":"disponible_a_la_vente-disponible-a-la-vente","8":"langue-breton","9":"langue-francais","10":"langue-instrumental","11":"style-bagad","12":"style-pop-rock-folk-punk","13":"supports-cd","15":"first","16":"instock","17":"purchasable","18":"product-type-simple"},"acf":[],"yoast_head":"<!-- This site is optimized with the Yoast SEO Premium plugin v24.0 (Yoast SEO v27.3) - https:\/\/yoast.com\/product\/yoast-seo-premium-wordpress\/ -->\n<title>Album de Bagad Kemper - KAS<\/title>\n<meta name=\"description\" content=\"Retrouvez l&#039;album de Bagad Kemper - KAS, avec Dan ar Braz, Marthe Vassallo, Red Cardell, Sylvain Girault. Commandez directement en ligne sur arfolk.bzh.\" \/>\n<meta name=\"robots\" content=\"index, follow, max-snippet:-1, max-image-preview:large, max-video-preview:-1\" \/>\n<link rel=\"canonical\" href=\"https:\/\/arfolk.bzh\/br\/boutique\/bagad-kemper-kas\/\" \/>\n<script type=\"application\/ld+json\" class=\"yoast-schema-graph\">{\"@context\":\"https:\\\/\\\/schema.org\",\"@graph\":[{\"@type\":\"WebPage\",\"@id\":\"https:\\\/\\\/arfolk.bzh\\\/boutique\\\/bagad-kemper-kas\\\/\",\"url\":\"https:\\\/\\\/arfolk.bzh\\\/boutique\\\/bagad-kemper-kas\\\/\",\"name\":\"Album de Bagad Kemper - KAS\",\"isPartOf\":{\"@id\":\"https:\\\/\\\/arfolk.bzh\\\/#website\"},\"primaryImageOfPage\":{\"@id\":\"https:\\\/\\\/arfolk.bzh\\\/boutique\\\/bagad-kemper-kas\\\/#primaryimage\"},\"image\":{\"@id\":\"https:\\\/\\\/arfolk.bzh\\\/boutique\\\/bagad-kemper-kas\\\/#primaryimage\"},\"thumbnailUrl\":\"https:\\\/\\\/arfolk.bzh\\\/wp-content\\\/uploads\\\/2024\\\/04\\\/bagadkemper_kas-scaled.jpg\",\"datePublished\":\"2019-09-18T18:17:43+00:00\",\"dateModified\":\"2025-12-11T10:14:42+00:00\",\"description\":\"Retrouvez l'album de Bagad Kemper - KAS, avec Dan ar Braz, Marthe Vassallo, Red Cardell, Sylvain Girault. Commandez directement en ligne sur arfolk.bzh.\",\"breadcrumb\":{\"@id\":\"https:\\\/\\\/arfolk.bzh\\\/boutique\\\/bagad-kemper-kas\\\/#breadcrumb\"},\"inLanguage\":\"br-FR\",\"potentialAction\":[{\"@type\":\"ReadAction\",\"target\":[\"https:\\\/\\\/arfolk.bzh\\\/boutique\\\/bagad-kemper-kas\\\/\"]}]},{\"@type\":\"ImageObject\",\"inLanguage\":\"br-FR\",\"@id\":\"https:\\\/\\\/arfolk.bzh\\\/boutique\\\/bagad-kemper-kas\\\/#primaryimage\",\"url\":\"https:\\\/\\\/arfolk.bzh\\\/wp-content\\\/uploads\\\/2024\\\/04\\\/bagadkemper_kas-scaled.jpg\",\"contentUrl\":\"https:\\\/\\\/arfolk.bzh\\\/wp-content\\\/uploads\\\/2024\\\/04\\\/bagadkemper_kas-scaled.jpg\",\"width\":2560,\"height\":2560,\"caption\":\"bagadkemper kas\"},{\"@type\":\"BreadcrumbList\",\"@id\":\"https:\\\/\\\/arfolk.bzh\\\/boutique\\\/bagad-kemper-kas\\\/#breadcrumb\",\"itemListElement\":[{\"@type\":\"ListItem\",\"position\":1,\"name\":\"Accueil\",\"item\":\"https:\\\/\\\/arfolk.bzh\\\/\"},{\"@type\":\"ListItem\",\"position\":2,\"name\":\"Boutique\",\"item\":\"https:\\\/\\\/arfolk.bzh\\\/boutique\\\/\"},{\"@type\":\"ListItem\",\"position\":3,\"name\":\"Bagad Kemper &#8211; KAS\"}]},{\"@type\":\"WebSite\",\"@id\":\"https:\\\/\\\/arfolk.bzh\\\/#website\",\"url\":\"https:\\\/\\\/arfolk.bzh\\\/\",\"name\":\"Arfolk\",\"description\":\"Label discographique sp\u00e9cialis\u00e9 dans la musique bretonne\",\"publisher\":{\"@id\":\"https:\\\/\\\/arfolk.bzh\\\/#organization\"},\"potentialAction\":[{\"@type\":\"SearchAction\",\"target\":{\"@type\":\"EntryPoint\",\"urlTemplate\":\"https:\\\/\\\/arfolk.bzh\\\/?s={search_term_string}\"},\"query-input\":{\"@type\":\"PropertyValueSpecification\",\"valueRequired\":true,\"valueName\":\"search_term_string\"}}],\"inLanguage\":\"br-FR\"},{\"@type\":\"Organization\",\"@id\":\"https:\\\/\\\/arfolk.bzh\\\/#organization\",\"name\":\"Arfolk\",\"alternateName\":\"Le label de la musique bretonne\",\"url\":\"https:\\\/\\\/arfolk.bzh\\\/\",\"logo\":{\"@type\":\"ImageObject\",\"inLanguage\":\"br-FR\",\"@id\":\"https:\\\/\\\/arfolk.bzh\\\/#\\\/schema\\\/logo\\\/image\\\/\",\"url\":\"https:\\\/\\\/arfolk.bzh\\\/wp-content\\\/uploads\\\/2023\\\/11\\\/cropped-logo-label-de-musique-breton-arfolf-vignette.webp\",\"contentUrl\":\"https:\\\/\\\/arfolk.bzh\\\/wp-content\\\/uploads\\\/2023\\\/11\\\/cropped-logo-label-de-musique-breton-arfolf-vignette.webp\",\"width\":512,\"height\":512,\"caption\":\"Arfolk\"},\"image\":{\"@id\":\"https:\\\/\\\/arfolk.bzh\\\/#\\\/schema\\\/logo\\\/image\\\/\"},\"sameAs\":[\"https:\\\/\\\/www.facebook.com\\\/Arfolkmusik\",\"https:\\\/\\\/www.instagram.com\\\/arfolkmusik\\\/\"]}]}<\/script>\n<!-- \/ Yoast SEO Premium plugin. -->","yoast_head_json":{"title":"Album de Bagad Kemper - KAS","description":"Retrouvez l'album de Bagad Kemper - KAS, avec Dan ar Braz, Marthe Vassallo, Red Cardell, Sylvain Girault. Commandez directement en ligne sur arfolk.bzh.","robots":{"index":"index","follow":"follow","max-snippet":"max-snippet:-1","max-image-preview":"max-image-preview:large","max-video-preview":"max-video-preview:-1"},"canonical":"https:\/\/arfolk.bzh\/br\/boutique\/bagad-kemper-kas\/","schema":{"@context":"https:\/\/schema.org","@graph":[{"@type":"WebPage","@id":"https:\/\/arfolk.bzh\/boutique\/bagad-kemper-kas\/","url":"https:\/\/arfolk.bzh\/boutique\/bagad-kemper-kas\/","name":"Album de Bagad Kemper - KAS","isPartOf":{"@id":"https:\/\/arfolk.bzh\/#website"},"primaryImageOfPage":{"@id":"https:\/\/arfolk.bzh\/boutique\/bagad-kemper-kas\/#primaryimage"},"image":{"@id":"https:\/\/arfolk.bzh\/boutique\/bagad-kemper-kas\/#primaryimage"},"thumbnailUrl":"https:\/\/arfolk.bzh\/wp-content\/uploads\/2024\/04\/bagadkemper_kas-scaled.jpg","datePublished":"2019-09-18T18:17:43+00:00","dateModified":"2025-12-11T10:14:42+00:00","description":"Retrouvez l'album de Bagad Kemper - KAS, avec Dan ar Braz, Marthe Vassallo, Red Cardell, Sylvain Girault. Commandez directement en ligne sur arfolk.bzh.","breadcrumb":{"@id":"https:\/\/arfolk.bzh\/boutique\/bagad-kemper-kas\/#breadcrumb"},"inLanguage":"br-FR","potentialAction":[{"@type":"ReadAction","target":["https:\/\/arfolk.bzh\/boutique\/bagad-kemper-kas\/"]}]},{"@type":"ImageObject","inLanguage":"br-FR","@id":"https:\/\/arfolk.bzh\/boutique\/bagad-kemper-kas\/#primaryimage","url":"https:\/\/arfolk.bzh\/wp-content\/uploads\/2024\/04\/bagadkemper_kas-scaled.jpg","contentUrl":"https:\/\/arfolk.bzh\/wp-content\/uploads\/2024\/04\/bagadkemper_kas-scaled.jpg","width":2560,"height":2560,"caption":"bagadkemper kas"},{"@type":"BreadcrumbList","@id":"https:\/\/arfolk.bzh\/boutique\/bagad-kemper-kas\/#breadcrumb","itemListElement":[{"@type":"ListItem","position":1,"name":"Accueil","item":"https:\/\/arfolk.bzh\/"},{"@type":"ListItem","position":2,"name":"Boutique","item":"https:\/\/arfolk.bzh\/boutique\/"},{"@type":"ListItem","position":3,"name":"Bagad Kemper &#8211; KAS"}]},{"@type":"WebSite","@id":"https:\/\/arfolk.bzh\/#website","url":"https:\/\/arfolk.bzh\/","name":"Arfolk","description":"Label discographique sp\u00e9cialis\u00e9 dans la musique bretonne","publisher":{"@id":"https:\/\/arfolk.bzh\/#organization"},"potentialAction":[{"@type":"SearchAction","target":{"@type":"EntryPoint","urlTemplate":"https:\/\/arfolk.bzh\/?s={search_term_string}"},"query-input":{"@type":"PropertyValueSpecification","valueRequired":true,"valueName":"search_term_string"}}],"inLanguage":"br-FR"},{"@type":"Organization","@id":"https:\/\/arfolk.bzh\/#organization","name":"Arfolk","alternateName":"Le label de la musique bretonne","url":"https:\/\/arfolk.bzh\/","logo":{"@type":"ImageObject","inLanguage":"br-FR","@id":"https:\/\/arfolk.bzh\/#\/schema\/logo\/image\/","url":"https:\/\/arfolk.bzh\/wp-content\/uploads\/2023\/11\/cropped-logo-label-de-musique-breton-arfolf-vignette.webp","contentUrl":"https:\/\/arfolk.bzh\/wp-content\/uploads\/2023\/11\/cropped-logo-label-de-musique-breton-arfolf-vignette.webp","width":512,"height":512,"caption":"Arfolk"},"image":{"@id":"https:\/\/arfolk.bzh\/#\/schema\/logo\/image\/"},"sameAs":["https:\/\/www.facebook.com\/Arfolkmusik","https:\/\/www.instagram.com\/arfolkmusik\/"]}]}},"jetpack_sharing_enabled":true,"_links":{"self":[{"href":"https:\/\/arfolk.bzh\/br\/wp-json\/wp\/v2\/product\/2503","targetHints":{"allow":["GET"]}}],"collection":[{"href":"https:\/\/arfolk.bzh\/br\/wp-json\/wp\/v2\/product"}],"about":[{"href":"https:\/\/arfolk.bzh\/br\/wp-json\/wp\/v2\/types\/product"}],"wp:featuredmedia":[{"embeddable":true,"href":"https:\/\/arfolk.bzh\/br\/wp-json\/wp\/v2\/media\/2242"}],"wp:attachment":[{"href":"https:\/\/arfolk.bzh\/br\/wp-json\/wp\/v2\/media?parent=2503"}],"wp:term":[{"taxonomy":"product_brand","embeddable":true,"href":"https:\/\/arfolk.bzh\/br\/wp-json\/wp\/v2\/product_brand?post=2503"},{"taxonomy":"product_cat","embeddable":true,"href":"https:\/\/arfolk.bzh\/br\/wp-json\/wp\/v2\/false?post=2503"},{"taxonomy":"product_tag","embeddable":true,"href":"https:\/\/arfolk.bzh\/br\/wp-json\/wp\/v2\/product_tag?post=2503"},{"taxonomy":"disponible_a_la_vente","embeddable":true,"href":"https:\/\/arfolk.bzh\/br\/wp-json\/wp\/v2\/disponible_a_la_vente?post=2503"},{"taxonomy":"langue","embeddable":true,"href":"https:\/\/arfolk.bzh\/br\/wp-json\/wp\/v2\/langue?post=2503"},{"taxonomy":"style","embeddable":true,"href":"https:\/\/arfolk.bzh\/br\/wp-json\/wp\/v2\/style?post=2503"},{"taxonomy":"supports","embeddable":true,"href":"https:\/\/arfolk.bzh\/br\/wp-json\/wp\/v2\/supports?post=2503"}],"curies":[{"name":"wp","href":"https:\/\/api.w.org\/{rel}","templated":true}]}}

<p>Le plus rock et le plus international des bagadoù propulse la musique de bagad sur une autre planète avec cet album anniversaire puissant et festif. Du folklore emprisonné dans le passé ? Ouin-ouin, la musique de bagad ? Écoutez donc ! Ce collectif n’est pas qu’un groupe, c’est une bête de scène. Et elle se déchaîne.</p>
<p><iframe loading="lazy" title="Bagad Kemper - Kas" width="1080" height="608" src="https://www.youtube.com/embed/videoseries?list=PLQMZD0e8YHDIiM1v3qIjyngm2MIPNGPjs"  allow="accelerometer; autoplay; clipboard-write; encrypted-media; gyroscope; picture-in-picture; web-share" referrerpolicy="strict-origin-when-cross-origin" allowfullscreen></iframe></p>
<p>Le Bagad Kemper est un grand habitué de la scène. Il a écumé les salles et les festivals (zéniths, Olympia, Bercy, Francofolies, Vieilles Charrues), sur tous les continents (Chine, Gabon, Ecosse&#8230;) au rythme de ses créations aussi nombreuses que variées. Que ce soit avec Dan ar Braz dans L&rsquo;Héritage des Celtes, Carlos Nuñez, Erik Marchand pour Breizh Balkanik, ou encore le regretté Johnny Clegg, le bagad a toujours su bien s&rsquo;entourer pour créer des collaborations uniques. Le bagad s&rsquo;illustre aussi au championnat national des bagadoù, cumulant 22 titres de champion et 15 titres de vice-champion (le record). La discographie du groupe est impressionnante, puisqu&rsquo;il s&rsquo;agit ici de son 30e album.</p>
<p><strong>Tracklist de  » KAS « :</strong></p>
<ol>
<li><strong>Ar Charlezenn avec Marthe Vassallo</strong></li>
<li><strong>La tribu bleue des airs avec Sylvain Girault</strong></li>
<li><strong>Breizh (feat. Dan ar Braz &amp; Jean-Pierre Riou)</strong></li>
<li><strong>Le tour du miroir avec Sylvain Girault</strong></li>
<li><strong>Ar plac&rsquo;h iferniet avec Marthe Vassallo</strong></li>
<li><strong>Beaj </strong></li>
<li><strong>Kenavo l&rsquo;artiste</strong></li>
<li><strong>Suite Lorient 2017. Ridérobée !</strong></li>
</ol>
<p><strong>Durée totale : 47&rsquo;21</strong></p>
<p>&nbsp;</p>

<!-- This site is optimized with the Yoast SEO Premium plugin v24.0 (Yoast SEO v27.3) - https://yoast.com/product/yoast-seo-premium-wordpress/ -->
<title>Album de Bagad Kemper - KAS</title>
<meta name="description" content="Retrouvez l&#039;album de Bagad Kemper - KAS, avec Dan ar Braz, Marthe Vassallo, Red Cardell, Sylvain Girault. Commandez directement en ligne sur arfolk.bzh." />
<meta name="robots" content="index, follow, max-snippet:-1, max-image-preview:large, max-video-preview:-1" />
<link rel="canonical" href="https://arfolk.bzh/br/boutique/bagad-kemper-kas/" />
<script type="application/ld+json" class="yoast-schema-graph">{"@context":"https:\/\/schema.org","@graph":[{"@type":"WebPage","@id":"https:\/\/arfolk.bzh\/boutique\/bagad-kemper-kas\/","url":"https:\/\/arfolk.bzh\/boutique\/bagad-kemper-kas\/","name":"Album de Bagad Kemper - KAS","isPartOf":{"@id":"https:\/\/arfolk.bzh\/#website"},"primaryImageOfPage":{"@id":"https:\/\/arfolk.bzh\/boutique\/bagad-kemper-kas\/#primaryimage"},"image":{"@id":"https:\/\/arfolk.bzh\/boutique\/bagad-kemper-kas\/#primaryimage"},"thumbnailUrl":"https:\/\/arfolk.bzh\/wp-content\/uploads\/2024\/04\/bagadkemper_kas-scaled.jpg","datePublished":"2019-09-18T18:17:43+00:00","dateModified":"2025-12-11T10:14:42+00:00","description":"Retrouvez l'album de Bagad Kemper - KAS, avec Dan ar Braz, Marthe Vassallo, Red Cardell, Sylvain Girault. Commandez directement en ligne sur arfolk.bzh.","breadcrumb":{"@id":"https:\/\/arfolk.bzh\/boutique\/bagad-kemper-kas\/#breadcrumb"},"inLanguage":"br-FR","potentialAction":[{"@type":"ReadAction","target":["https:\/\/arfolk.bzh\/boutique\/bagad-kemper-kas\/"]}]},{"@type":"ImageObject","inLanguage":"br-FR","@id":"https:\/\/arfolk.bzh\/boutique\/bagad-kemper-kas\/#primaryimage","url":"https:\/\/arfolk.bzh\/wp-content\/uploads\/2024\/04\/bagadkemper_kas-scaled.jpg","contentUrl":"https:\/\/arfolk.bzh\/wp-content\/uploads\/2024\/04\/bagadkemper_kas-scaled.jpg","width":2560,"height":2560,"caption":"bagadkemper kas"},{"@type":"BreadcrumbList","@id":"https:\/\/arfolk.bzh\/boutique\/bagad-kemper-kas\/#breadcrumb","itemListElement":[{"@type":"ListItem","position":1,"name":"Accueil","item":"https:\/\/arfolk.bzh\/"},{"@type":"ListItem","position":2,"name":"Boutique","item":"https:\/\/arfolk.bzh\/boutique\/"},{"@type":"ListItem","position":3,"name":"Bagad Kemper &#8211; KAS"}]},{"@type":"WebSite","@id":"https:\/\/arfolk.bzh\/#website","url":"https:\/\/arfolk.bzh\/","name":"Arfolk","description":"Label discographique spécialisé dans la musique bretonne","publisher":{"@id":"https:\/\/arfolk.bzh\/#organization"},"potentialAction":[{"@type":"SearchAction","target":{"@type":"EntryPoint","urlTemplate":"https:\/\/arfolk.bzh\/?s={search_term_string}"},"query-input":{"@type":"PropertyValueSpecification","valueRequired":true,"valueName":"search_term_string"}}],"inLanguage":"br-FR"},{"@type":"Organization","@id":"https:\/\/arfolk.bzh\/#organization","name":"Arfolk","alternateName":"Le label de la musique bretonne","url":"https:\/\/arfolk.bzh\/","logo":{"@type":"ImageObject","inLanguage":"br-FR","@id":"https:\/\/arfolk.bzh\/#\/schema\/logo\/image\/","url":"https:\/\/arfolk.bzh\/wp-content\/uploads\/2023\/11\/cropped-logo-label-de-musique-breton-arfolf-vignette.webp","contentUrl":"https:\/\/arfolk.bzh\/wp-content\/uploads\/2023\/11\/cropped-logo-label-de-musique-breton-arfolf-vignette.webp","width":512,"height":512,"caption":"Arfolk"},"image":{"@id":"https:\/\/arfolk.bzh\/#\/schema\/logo\/image\/"},"sameAs":["https:\/\/www.facebook.com\/Arfolkmusik","https:\/\/www.instagram.com\/arfolkmusik\/"]}]}</script>
<!-- / Yoast SEO Premium plugin. -->

Label discographique spécialisé dans la musique bretonne
