{"id":2531,"date":"2016-11-18T20:17:56","date_gmt":"2016-11-18T19:17:56","guid":{"rendered":"https:\/\/arfolk.bzh\/boutique\/denez-live-a-unvan-gant-ar-stered\/"},"modified":"2025-12-11T11:42:50","modified_gmt":"2025-12-11T10:42:50","slug":"denez-live-a-unvan-gant-ar-stered","status":"publish","type":"product","link":"https:\/\/arfolk.bzh\/br\/boutique\/denez-live-a-unvan-gant-ar-stered\/","title":{"rendered":"Denez &#8211; A-unvan gant ar stered"},"content":{"rendered":"<p>Les enregistrements des spectacles ont \u00e9t\u00e9 effectu\u00e9s lors de la tourn\u00e9e \u00ab\u00a0Nuits de\u00a0la Bretagne\u00a0\u00bb.<\/p>\n<p><iframe loading=\"lazy\" title=\"Denez Prigent - A unvan gant ar stered (Live)\" width=\"1080\" height=\"608\" src=\"https:\/\/www.youtube.com\/embed\/jfdUPDn55NA?feature=oembed\"  allow=\"accelerometer; autoplay; clipboard-write; encrypted-media; gyroscope; picture-in-picture; web-share\" referrerpolicy=\"strict-origin-when-cross-origin\" allowfullscreen><\/iframe><\/p>\n<p>CD 10 titres live : An t\u00e9odo\u00f9 fall \/ Beajet&rsquo;m eus \/ Eostig kerchagrin \/ An hini a garan (acoustique) \/ Kredi\u00f1 &lsquo;raen \/ An tri amourouz \/ Gwerz Kiev (acoustique) \/ An trucher hag an anko\u00f9 \/ An tri seblant \/ Gortoz a ran (acoustique)<\/p>\n<p>DVD 11 titres live : An hini a garan (acoustique) \/ Beajet &lsquo;m eus \/ An tri amourous \/ Eostig Kerchagrin \/ Gwerz Kiev (acoustique) \/ Son alma ata \/ E garnison ! \/ Kredi\u00f1 &lsquo;raen \/ Pe\u00f1se Nedeleg \/ Kredi\u00f1 &lsquo;raen (Live in Karaez &#8211; Vieilles Charrues 2016) \/ An old story (video clip)<\/p>","protected":false},"excerpt":{"rendered":"<p>Ce coffret CD et DVD nous fait revivre les meilleurs moments de la tourn\u00e9e 2016 avec des nouveaux titres et bien s\u00fbr, les incontournables.<\/p>\n<p>Ecoutez en Streaming :\u00a0<strong><a href=\"https:\/\/fanlink.tv\/wcts\">https:\/\/fanlink.tv\/wcts<\/a><\/strong><\/p>","protected":false},"featured_media":2271,"template":"","meta":{"_acf_changed":false,"_et_pb_use_builder":"","_et_pb_old_content":"","_et_gb_content_width":""},"product_brand":[],"false":[35],"product_tag":[],"disponible_a_la_vente":[38],"langue":[73,75],"style":[77],"supports":[86],"class_list":{"0":"post-2531","1":"product","2":"type-product","3":"status-publish","4":"has-post-thumbnail","6":"product_cat-denez","7":"disponible_a_la_vente-disponible-a-la-vente","8":"langue-breton","9":"langue-instrumental","10":"style-pop-rock-folk-punk","11":"supports-cd","13":"first","14":"instock","15":"purchasable","16":"product-type-simple"},"acf":[],"yoast_head":"<!-- This site is optimized with the Yoast SEO Premium plugin v24.0 (Yoast SEO v27.3) - https:\/\/yoast.com\/product\/yoast-seo-premium-wordpress\/ -->\n<title>Album Live de Denez - A-unvan gant ar stered<\/title>\n<meta name=\"description\" content=\"Retrouvez l&#039;album Live de Denez - A-unvan gant ar stered. Coffret CD et DVD. Commandez directement en ligne sur arfolk.bzh, le label discographique breton.\" \/>\n<meta name=\"robots\" content=\"index, follow, max-snippet:-1, max-image-preview:large, max-video-preview:-1\" \/>\n<link rel=\"canonical\" href=\"https:\/\/arfolk.bzh\/br\/boutique\/denez-live-a-unvan-gant-ar-stered\/\" \/>\n<script type=\"application\/ld+json\" class=\"yoast-schema-graph\">{\"@context\":\"https:\\\/\\\/schema.org\",\"@graph\":[{\"@type\":\"WebPage\",\"@id\":\"https:\\\/\\\/arfolk.bzh\\\/boutique\\\/denez-live-a-unvan-gant-ar-stered\\\/\",\"url\":\"https:\\\/\\\/arfolk.bzh\\\/boutique\\\/denez-live-a-unvan-gant-ar-stered\\\/\",\"name\":\"Album Live de Denez - A-unvan gant ar stered\",\"isPartOf\":{\"@id\":\"https:\\\/\\\/arfolk.bzh\\\/#website\"},\"primaryImageOfPage\":{\"@id\":\"https:\\\/\\\/arfolk.bzh\\\/boutique\\\/denez-live-a-unvan-gant-ar-stered\\\/#primaryimage\"},\"image\":{\"@id\":\"https:\\\/\\\/arfolk.bzh\\\/boutique\\\/denez-live-a-unvan-gant-ar-stered\\\/#primaryimage\"},\"thumbnailUrl\":\"https:\\\/\\\/arfolk.bzh\\\/wp-content\\\/uploads\\\/2024\\\/04\\\/denez_liveaunvangantarstered-scaled.jpg\",\"datePublished\":\"2016-11-18T19:17:56+00:00\",\"dateModified\":\"2025-12-11T10:42:50+00:00\",\"description\":\"Retrouvez l'album Live de Denez - A-unvan gant ar stered. Coffret CD et DVD. Commandez directement en ligne sur arfolk.bzh, le label discographique breton.\",\"breadcrumb\":{\"@id\":\"https:\\\/\\\/arfolk.bzh\\\/boutique\\\/denez-live-a-unvan-gant-ar-stered\\\/#breadcrumb\"},\"inLanguage\":\"br-FR\",\"potentialAction\":[{\"@type\":\"ReadAction\",\"target\":[\"https:\\\/\\\/arfolk.bzh\\\/boutique\\\/denez-live-a-unvan-gant-ar-stered\\\/\"]}]},{\"@type\":\"ImageObject\",\"inLanguage\":\"br-FR\",\"@id\":\"https:\\\/\\\/arfolk.bzh\\\/boutique\\\/denez-live-a-unvan-gant-ar-stered\\\/#primaryimage\",\"url\":\"https:\\\/\\\/arfolk.bzh\\\/wp-content\\\/uploads\\\/2024\\\/04\\\/denez_liveaunvangantarstered-scaled.jpg\",\"contentUrl\":\"https:\\\/\\\/arfolk.bzh\\\/wp-content\\\/uploads\\\/2024\\\/04\\\/denez_liveaunvangantarstered-scaled.jpg\",\"width\":2560,\"height\":2560,\"caption\":\"denez liveaunvangantarstered\"},{\"@type\":\"BreadcrumbList\",\"@id\":\"https:\\\/\\\/arfolk.bzh\\\/boutique\\\/denez-live-a-unvan-gant-ar-stered\\\/#breadcrumb\",\"itemListElement\":[{\"@type\":\"ListItem\",\"position\":1,\"name\":\"Accueil\",\"item\":\"https:\\\/\\\/arfolk.bzh\\\/\"},{\"@type\":\"ListItem\",\"position\":2,\"name\":\"Boutique\",\"item\":\"https:\\\/\\\/arfolk.bzh\\\/boutique\\\/\"},{\"@type\":\"ListItem\",\"position\":3,\"name\":\"Denez &#8211; A-unvan gant ar stered\"}]},{\"@type\":\"WebSite\",\"@id\":\"https:\\\/\\\/arfolk.bzh\\\/#website\",\"url\":\"https:\\\/\\\/arfolk.bzh\\\/\",\"name\":\"Arfolk\",\"description\":\"Label discographique sp\u00e9cialis\u00e9 dans la musique bretonne\",\"publisher\":{\"@id\":\"https:\\\/\\\/arfolk.bzh\\\/#organization\"},\"potentialAction\":[{\"@type\":\"SearchAction\",\"target\":{\"@type\":\"EntryPoint\",\"urlTemplate\":\"https:\\\/\\\/arfolk.bzh\\\/?s={search_term_string}\"},\"query-input\":{\"@type\":\"PropertyValueSpecification\",\"valueRequired\":true,\"valueName\":\"search_term_string\"}}],\"inLanguage\":\"br-FR\"},{\"@type\":\"Organization\",\"@id\":\"https:\\\/\\\/arfolk.bzh\\\/#organization\",\"name\":\"Arfolk\",\"alternateName\":\"Le label de la musique bretonne\",\"url\":\"https:\\\/\\\/arfolk.bzh\\\/\",\"logo\":{\"@type\":\"ImageObject\",\"inLanguage\":\"br-FR\",\"@id\":\"https:\\\/\\\/arfolk.bzh\\\/#\\\/schema\\\/logo\\\/image\\\/\",\"url\":\"https:\\\/\\\/arfolk.bzh\\\/wp-content\\\/uploads\\\/2023\\\/11\\\/cropped-logo-label-de-musique-breton-arfolf-vignette.webp\",\"contentUrl\":\"https:\\\/\\\/arfolk.bzh\\\/wp-content\\\/uploads\\\/2023\\\/11\\\/cropped-logo-label-de-musique-breton-arfolf-vignette.webp\",\"width\":512,\"height\":512,\"caption\":\"Arfolk\"},\"image\":{\"@id\":\"https:\\\/\\\/arfolk.bzh\\\/#\\\/schema\\\/logo\\\/image\\\/\"},\"sameAs\":[\"https:\\\/\\\/www.facebook.com\\\/Arfolkmusik\",\"https:\\\/\\\/www.instagram.com\\\/arfolkmusik\\\/\"]}]}<\/script>\n<!-- \/ Yoast SEO Premium plugin. -->","yoast_head_json":{"title":"Album Live de Denez - A-unvan gant ar stered","description":"Retrouvez l'album Live de Denez - A-unvan gant ar stered. Coffret CD et DVD. Commandez directement en ligne sur arfolk.bzh, le label discographique breton.","robots":{"index":"index","follow":"follow","max-snippet":"max-snippet:-1","max-image-preview":"max-image-preview:large","max-video-preview":"max-video-preview:-1"},"canonical":"https:\/\/arfolk.bzh\/br\/boutique\/denez-live-a-unvan-gant-ar-stered\/","schema":{"@context":"https:\/\/schema.org","@graph":[{"@type":"WebPage","@id":"https:\/\/arfolk.bzh\/boutique\/denez-live-a-unvan-gant-ar-stered\/","url":"https:\/\/arfolk.bzh\/boutique\/denez-live-a-unvan-gant-ar-stered\/","name":"Album Live de Denez - A-unvan gant ar stered","isPartOf":{"@id":"https:\/\/arfolk.bzh\/#website"},"primaryImageOfPage":{"@id":"https:\/\/arfolk.bzh\/boutique\/denez-live-a-unvan-gant-ar-stered\/#primaryimage"},"image":{"@id":"https:\/\/arfolk.bzh\/boutique\/denez-live-a-unvan-gant-ar-stered\/#primaryimage"},"thumbnailUrl":"https:\/\/arfolk.bzh\/wp-content\/uploads\/2024\/04\/denez_liveaunvangantarstered-scaled.jpg","datePublished":"2016-11-18T19:17:56+00:00","dateModified":"2025-12-11T10:42:50+00:00","description":"Retrouvez l'album Live de Denez - A-unvan gant ar stered. Coffret CD et DVD. Commandez directement en ligne sur arfolk.bzh, le label discographique breton.","breadcrumb":{"@id":"https:\/\/arfolk.bzh\/boutique\/denez-live-a-unvan-gant-ar-stered\/#breadcrumb"},"inLanguage":"br-FR","potentialAction":[{"@type":"ReadAction","target":["https:\/\/arfolk.bzh\/boutique\/denez-live-a-unvan-gant-ar-stered\/"]}]},{"@type":"ImageObject","inLanguage":"br-FR","@id":"https:\/\/arfolk.bzh\/boutique\/denez-live-a-unvan-gant-ar-stered\/#primaryimage","url":"https:\/\/arfolk.bzh\/wp-content\/uploads\/2024\/04\/denez_liveaunvangantarstered-scaled.jpg","contentUrl":"https:\/\/arfolk.bzh\/wp-content\/uploads\/2024\/04\/denez_liveaunvangantarstered-scaled.jpg","width":2560,"height":2560,"caption":"denez liveaunvangantarstered"},{"@type":"BreadcrumbList","@id":"https:\/\/arfolk.bzh\/boutique\/denez-live-a-unvan-gant-ar-stered\/#breadcrumb","itemListElement":[{"@type":"ListItem","position":1,"name":"Accueil","item":"https:\/\/arfolk.bzh\/"},{"@type":"ListItem","position":2,"name":"Boutique","item":"https:\/\/arfolk.bzh\/boutique\/"},{"@type":"ListItem","position":3,"name":"Denez &#8211; A-unvan gant ar stered"}]},{"@type":"WebSite","@id":"https:\/\/arfolk.bzh\/#website","url":"https:\/\/arfolk.bzh\/","name":"Arfolk","description":"Label discographique sp\u00e9cialis\u00e9 dans la musique bretonne","publisher":{"@id":"https:\/\/arfolk.bzh\/#organization"},"potentialAction":[{"@type":"SearchAction","target":{"@type":"EntryPoint","urlTemplate":"https:\/\/arfolk.bzh\/?s={search_term_string}"},"query-input":{"@type":"PropertyValueSpecification","valueRequired":true,"valueName":"search_term_string"}}],"inLanguage":"br-FR"},{"@type":"Organization","@id":"https:\/\/arfolk.bzh\/#organization","name":"Arfolk","alternateName":"Le label de la musique bretonne","url":"https:\/\/arfolk.bzh\/","logo":{"@type":"ImageObject","inLanguage":"br-FR","@id":"https:\/\/arfolk.bzh\/#\/schema\/logo\/image\/","url":"https:\/\/arfolk.bzh\/wp-content\/uploads\/2023\/11\/cropped-logo-label-de-musique-breton-arfolf-vignette.webp","contentUrl":"https:\/\/arfolk.bzh\/wp-content\/uploads\/2023\/11\/cropped-logo-label-de-musique-breton-arfolf-vignette.webp","width":512,"height":512,"caption":"Arfolk"},"image":{"@id":"https:\/\/arfolk.bzh\/#\/schema\/logo\/image\/"},"sameAs":["https:\/\/www.facebook.com\/Arfolkmusik","https:\/\/www.instagram.com\/arfolkmusik\/"]}]}},"jetpack_sharing_enabled":true,"_links":{"self":[{"href":"https:\/\/arfolk.bzh\/br\/wp-json\/wp\/v2\/product\/2531","targetHints":{"allow":["GET"]}}],"collection":[{"href":"https:\/\/arfolk.bzh\/br\/wp-json\/wp\/v2\/product"}],"about":[{"href":"https:\/\/arfolk.bzh\/br\/wp-json\/wp\/v2\/types\/product"}],"wp:featuredmedia":[{"embeddable":true,"href":"https:\/\/arfolk.bzh\/br\/wp-json\/wp\/v2\/media\/2271"}],"wp:attachment":[{"href":"https:\/\/arfolk.bzh\/br\/wp-json\/wp\/v2\/media?parent=2531"}],"wp:term":[{"taxonomy":"product_brand","embeddable":true,"href":"https:\/\/arfolk.bzh\/br\/wp-json\/wp\/v2\/product_brand?post=2531"},{"taxonomy":"product_cat","embeddable":true,"href":"https:\/\/arfolk.bzh\/br\/wp-json\/wp\/v2\/false?post=2531"},{"taxonomy":"product_tag","embeddable":true,"href":"https:\/\/arfolk.bzh\/br\/wp-json\/wp\/v2\/product_tag?post=2531"},{"taxonomy":"disponible_a_la_vente","embeddable":true,"href":"https:\/\/arfolk.bzh\/br\/wp-json\/wp\/v2\/disponible_a_la_vente?post=2531"},{"taxonomy":"langue","embeddable":true,"href":"https:\/\/arfolk.bzh\/br\/wp-json\/wp\/v2\/langue?post=2531"},{"taxonomy":"style","embeddable":true,"href":"https:\/\/arfolk.bzh\/br\/wp-json\/wp\/v2\/style?post=2531"},{"taxonomy":"supports","embeddable":true,"href":"https:\/\/arfolk.bzh\/br\/wp-json\/wp\/v2\/supports?post=2531"}],"curies":[{"name":"wp","href":"https:\/\/api.w.org\/{rel}","templated":true}]}}

<p>Les enregistrements des spectacles ont été effectués lors de la tournée « Nuits de la Bretagne ».</p>
<p><iframe loading="lazy" title="Denez Prigent - A unvan gant ar stered (Live)" width="1080" height="608" src="https://www.youtube.com/embed/jfdUPDn55NA?feature=oembed"  allow="accelerometer; autoplay; clipboard-write; encrypted-media; gyroscope; picture-in-picture; web-share" referrerpolicy="strict-origin-when-cross-origin" allowfullscreen></iframe></p>
<p>CD 10 titres live : An téodoù fall / Beajet&rsquo;m eus / Eostig kerchagrin / An hini a garan (acoustique) / Krediñ &lsquo;raen / An tri amourouz / Gwerz Kiev (acoustique) / An trucher hag an ankoù / An tri seblant / Gortoz a ran (acoustique)</p>
<p>DVD 11 titres live : An hini a garan (acoustique) / Beajet &lsquo;m eus / An tri amourous / Eostig Kerchagrin / Gwerz Kiev (acoustique) / Son alma ata / E garnison ! / Krediñ &lsquo;raen / Peñse Nedeleg / Krediñ &lsquo;raen (Live in Karaez &#8211; Vieilles Charrues 2016) / An old story (video clip)</p>

<p>Ce coffret CD et DVD nous fait revivre les meilleurs moments de la tournée 2016 avec des nouveaux titres et bien sûr, les incontournables.</p>
<p>Ecoutez en Streaming : <strong><a href="https://fanlink.tv/wcts">https://fanlink.tv/wcts</a></strong></p>

<!-- This site is optimized with the Yoast SEO Premium plugin v24.0 (Yoast SEO v27.3) - https://yoast.com/product/yoast-seo-premium-wordpress/ -->
<title>Album Live de Denez - A-unvan gant ar stered</title>
<meta name="description" content="Retrouvez l&#039;album Live de Denez - A-unvan gant ar stered. Coffret CD et DVD. Commandez directement en ligne sur arfolk.bzh, le label discographique breton." />
<meta name="robots" content="index, follow, max-snippet:-1, max-image-preview:large, max-video-preview:-1" />
<link rel="canonical" href="https://arfolk.bzh/br/boutique/denez-live-a-unvan-gant-ar-stered/" />
<script type="application/ld+json" class="yoast-schema-graph">{"@context":"https:\/\/schema.org","@graph":[{"@type":"WebPage","@id":"https:\/\/arfolk.bzh\/boutique\/denez-live-a-unvan-gant-ar-stered\/","url":"https:\/\/arfolk.bzh\/boutique\/denez-live-a-unvan-gant-ar-stered\/","name":"Album Live de Denez - A-unvan gant ar stered","isPartOf":{"@id":"https:\/\/arfolk.bzh\/#website"},"primaryImageOfPage":{"@id":"https:\/\/arfolk.bzh\/boutique\/denez-live-a-unvan-gant-ar-stered\/#primaryimage"},"image":{"@id":"https:\/\/arfolk.bzh\/boutique\/denez-live-a-unvan-gant-ar-stered\/#primaryimage"},"thumbnailUrl":"https:\/\/arfolk.bzh\/wp-content\/uploads\/2024\/04\/denez_liveaunvangantarstered-scaled.jpg","datePublished":"2016-11-18T19:17:56+00:00","dateModified":"2025-12-11T10:42:50+00:00","description":"Retrouvez l'album Live de Denez - A-unvan gant ar stered. Coffret CD et DVD. Commandez directement en ligne sur arfolk.bzh, le label discographique breton.","breadcrumb":{"@id":"https:\/\/arfolk.bzh\/boutique\/denez-live-a-unvan-gant-ar-stered\/#breadcrumb"},"inLanguage":"br-FR","potentialAction":[{"@type":"ReadAction","target":["https:\/\/arfolk.bzh\/boutique\/denez-live-a-unvan-gant-ar-stered\/"]}]},{"@type":"ImageObject","inLanguage":"br-FR","@id":"https:\/\/arfolk.bzh\/boutique\/denez-live-a-unvan-gant-ar-stered\/#primaryimage","url":"https:\/\/arfolk.bzh\/wp-content\/uploads\/2024\/04\/denez_liveaunvangantarstered-scaled.jpg","contentUrl":"https:\/\/arfolk.bzh\/wp-content\/uploads\/2024\/04\/denez_liveaunvangantarstered-scaled.jpg","width":2560,"height":2560,"caption":"denez liveaunvangantarstered"},{"@type":"BreadcrumbList","@id":"https:\/\/arfolk.bzh\/boutique\/denez-live-a-unvan-gant-ar-stered\/#breadcrumb","itemListElement":[{"@type":"ListItem","position":1,"name":"Accueil","item":"https:\/\/arfolk.bzh\/"},{"@type":"ListItem","position":2,"name":"Boutique","item":"https:\/\/arfolk.bzh\/boutique\/"},{"@type":"ListItem","position":3,"name":"Denez &#8211; A-unvan gant ar stered"}]},{"@type":"WebSite","@id":"https:\/\/arfolk.bzh\/#website","url":"https:\/\/arfolk.bzh\/","name":"Arfolk","description":"Label discographique spécialisé dans la musique bretonne","publisher":{"@id":"https:\/\/arfolk.bzh\/#organization"},"potentialAction":[{"@type":"SearchAction","target":{"@type":"EntryPoint","urlTemplate":"https:\/\/arfolk.bzh\/?s={search_term_string}"},"query-input":{"@type":"PropertyValueSpecification","valueRequired":true,"valueName":"search_term_string"}}],"inLanguage":"br-FR"},{"@type":"Organization","@id":"https:\/\/arfolk.bzh\/#organization","name":"Arfolk","alternateName":"Le label de la musique bretonne","url":"https:\/\/arfolk.bzh\/","logo":{"@type":"ImageObject","inLanguage":"br-FR","@id":"https:\/\/arfolk.bzh\/#\/schema\/logo\/image\/","url":"https:\/\/arfolk.bzh\/wp-content\/uploads\/2023\/11\/cropped-logo-label-de-musique-breton-arfolf-vignette.webp","contentUrl":"https:\/\/arfolk.bzh\/wp-content\/uploads\/2023\/11\/cropped-logo-label-de-musique-breton-arfolf-vignette.webp","width":512,"height":512,"caption":"Arfolk"},"image":{"@id":"https:\/\/arfolk.bzh\/#\/schema\/logo\/image\/"},"sameAs":["https:\/\/www.facebook.com\/Arfolkmusik","https:\/\/www.instagram.com\/arfolkmusik\/"]}]}</script>
<!-- / Yoast SEO Premium plugin. -->

Label discographique spécialisé dans la musique bretonne
