{"id":2568,"date":"2020-03-20T20:18:23","date_gmt":"2020-03-20T19:18:23","guid":{"rendered":"https:\/\/arfolk.bzh\/boutique\/eben-eben\/"},"modified":"2025-12-11T10:55:45","modified_gmt":"2025-12-11T09:55:45","slug":"eben","status":"publish","type":"product","link":"https:\/\/arfolk.bzh\/br\/boutique\/eben\/","title":{"rendered":"Eben &#8211; Eben"},"content":{"rendered":"<p><iframe loading=\"lazy\" title=\"Eben - Pasko\u00f9 hir ar c&#039;hemener (Polka Plinn)\" width=\"1080\" height=\"608\" src=\"https:\/\/www.youtube.com\/embed\/wey-FdsEHRc?feature=oembed\"  allow=\"accelerometer; autoplay; clipboard-write; encrypted-media; gyroscope; picture-in-picture; web-share\" referrerpolicy=\"strict-origin-when-cross-origin\" allowfullscreen><\/iframe><\/p>\n<p>Jonathan Dour au violon (Denez Prigent, Dour\/Le Pottier Quartet, Nolwenn Korbell&#8230;)<\/p>\n<p>Antoine Lahay aux guitares \u00e9lectriques et acoustiques (Denez Prigent, Karma, Nirmaan&#8230;)<\/p>\n<p>Julien Stevenin \u00e0 la contrebasse (Startijenn, Ronan le Bars Group, Nolwenn Korbell&#8230;)<\/p>\n<p>En 2022,\u00a0Sterenn\u00a0Le Guillou et\u00a0Marine\u00a0Lavigne sont s\u00e9lectionn\u00e9es pour repr\u00e9senter la France et la Bretagne \u00e0 l&rsquo;Eurovision dans le groupe Alvan &amp; Ahez avec\u00a0Alexis Morvan Rosius et Sterenn Diridollou.<\/p>","protected":false},"excerpt":{"rendered":"<p>Des voix et des cordes&#8230;\u00a0 Enora J\u00e9gou,\u00a0Sterenn\u00a0Le Guillou et\u00a0Marine\u00a0Lavigne trois jeunes chanteuses de kan-ha-diskan, form\u00e9es par Louise Ebrel, adaptent les textes traditionnels ou en \u00e9crivent de nouveaux pour faire entendre un point de vue plus actuel.<\/p>\n<p>Elles sont accompagn\u00e9es par trois musiciens exp\u00e9riment\u00e9s rencontr\u00e9s \u00e0 l&rsquo;occasion de la cr\u00e9ation \u00ab\u00a0New Leurenn\u00a0\u00bb du Festival Interceltique en 2018<\/p>\n<p>Ecoutez en Streaming : <a href=\"https:\/\/fanlink.tv\/cF7N\">https:\/\/fanlink.tv\/cF7N<\/a><\/p>\n<p>&nbsp;<\/p>","protected":false},"featured_media":2795,"template":"","meta":{"_acf_changed":false,"_et_pb_use_builder":"","_et_pb_old_content":"","_et_gb_content_width":""},"product_brand":[],"false":[46],"product_tag":[],"disponible_a_la_vente":[],"langue":[73],"style":[76],"supports":[88],"class_list":{"0":"post-2568","1":"product","2":"type-product","3":"status-publish","4":"has-post-thumbnail","6":"product_cat-eben","7":"langue-breton","8":"style-fest-noz","9":"supports-dematerialise","11":"first","12":"outofstock","13":"product-type-simple"},"acf":[],"yoast_head":"<!-- This site is optimized with the Yoast SEO Premium plugin v24.0 (Yoast SEO v27.3) - https:\/\/yoast.com\/product\/yoast-seo-premium-wordpress\/ -->\n<title>Album de Eben<\/title>\n<meta name=\"description\" content=\"Retrouvez l&#039;album de Eben. Enora J\u00e9gou,\u00a0Sterenn\u00a0Le Guillou et\u00a0Marine\u00a0Lavigne, trois jeunes chanteuses accompagn\u00e9es par trois musicens exp\u00e9riment\u00e9s.\" \/>\n<meta name=\"robots\" content=\"index, follow, max-snippet:-1, max-image-preview:large, max-video-preview:-1\" \/>\n<link rel=\"canonical\" href=\"https:\/\/arfolk.bzh\/br\/boutique\/eben\/\" \/>\n<script type=\"application\/ld+json\" class=\"yoast-schema-graph\">{\"@context\":\"https:\\\/\\\/schema.org\",\"@graph\":[{\"@type\":\"WebPage\",\"@id\":\"https:\\\/\\\/arfolk.bzh\\\/boutique\\\/eben\\\/\",\"url\":\"https:\\\/\\\/arfolk.bzh\\\/boutique\\\/eben\\\/\",\"name\":\"Album de Eben\",\"isPartOf\":{\"@id\":\"https:\\\/\\\/arfolk.bzh\\\/#website\"},\"primaryImageOfPage\":{\"@id\":\"https:\\\/\\\/arfolk.bzh\\\/boutique\\\/eben\\\/#primaryimage\"},\"image\":{\"@id\":\"https:\\\/\\\/arfolk.bzh\\\/boutique\\\/eben\\\/#primaryimage\"},\"thumbnailUrl\":\"https:\\\/\\\/arfolk.bzh\\\/wp-content\\\/uploads\\\/2024\\\/04\\\/eben.webp\",\"datePublished\":\"2020-03-20T19:18:23+00:00\",\"dateModified\":\"2025-12-11T09:55:45+00:00\",\"description\":\"Retrouvez l'album de Eben. Enora J\u00e9gou,\u00a0Sterenn\u00a0Le Guillou et\u00a0Marine\u00a0Lavigne, trois jeunes chanteuses accompagn\u00e9es par trois musicens exp\u00e9riment\u00e9s.\",\"breadcrumb\":{\"@id\":\"https:\\\/\\\/arfolk.bzh\\\/boutique\\\/eben\\\/#breadcrumb\"},\"inLanguage\":\"br-FR\",\"potentialAction\":[{\"@type\":\"ReadAction\",\"target\":[\"https:\\\/\\\/arfolk.bzh\\\/boutique\\\/eben\\\/\"]}]},{\"@type\":\"ImageObject\",\"inLanguage\":\"br-FR\",\"@id\":\"https:\\\/\\\/arfolk.bzh\\\/boutique\\\/eben\\\/#primaryimage\",\"url\":\"https:\\\/\\\/arfolk.bzh\\\/wp-content\\\/uploads\\\/2024\\\/04\\\/eben.webp\",\"contentUrl\":\"https:\\\/\\\/arfolk.bzh\\\/wp-content\\\/uploads\\\/2024\\\/04\\\/eben.webp\",\"width\":1000,\"height\":1000,\"caption\":\"Eben\"},{\"@type\":\"BreadcrumbList\",\"@id\":\"https:\\\/\\\/arfolk.bzh\\\/boutique\\\/eben\\\/#breadcrumb\",\"itemListElement\":[{\"@type\":\"ListItem\",\"position\":1,\"name\":\"Accueil\",\"item\":\"https:\\\/\\\/arfolk.bzh\\\/\"},{\"@type\":\"ListItem\",\"position\":2,\"name\":\"Boutique\",\"item\":\"https:\\\/\\\/arfolk.bzh\\\/boutique\\\/\"},{\"@type\":\"ListItem\",\"position\":3,\"name\":\"Eben &#8211; Eben\"}]},{\"@type\":\"WebSite\",\"@id\":\"https:\\\/\\\/arfolk.bzh\\\/#website\",\"url\":\"https:\\\/\\\/arfolk.bzh\\\/\",\"name\":\"Arfolk\",\"description\":\"Label discographique sp\u00e9cialis\u00e9 dans la musique bretonne\",\"publisher\":{\"@id\":\"https:\\\/\\\/arfolk.bzh\\\/#organization\"},\"potentialAction\":[{\"@type\":\"SearchAction\",\"target\":{\"@type\":\"EntryPoint\",\"urlTemplate\":\"https:\\\/\\\/arfolk.bzh\\\/?s={search_term_string}\"},\"query-input\":{\"@type\":\"PropertyValueSpecification\",\"valueRequired\":true,\"valueName\":\"search_term_string\"}}],\"inLanguage\":\"br-FR\"},{\"@type\":\"Organization\",\"@id\":\"https:\\\/\\\/arfolk.bzh\\\/#organization\",\"name\":\"Arfolk\",\"alternateName\":\"Le label de la musique bretonne\",\"url\":\"https:\\\/\\\/arfolk.bzh\\\/\",\"logo\":{\"@type\":\"ImageObject\",\"inLanguage\":\"br-FR\",\"@id\":\"https:\\\/\\\/arfolk.bzh\\\/#\\\/schema\\\/logo\\\/image\\\/\",\"url\":\"https:\\\/\\\/arfolk.bzh\\\/wp-content\\\/uploads\\\/2023\\\/11\\\/cropped-logo-label-de-musique-breton-arfolf-vignette.webp\",\"contentUrl\":\"https:\\\/\\\/arfolk.bzh\\\/wp-content\\\/uploads\\\/2023\\\/11\\\/cropped-logo-label-de-musique-breton-arfolf-vignette.webp\",\"width\":512,\"height\":512,\"caption\":\"Arfolk\"},\"image\":{\"@id\":\"https:\\\/\\\/arfolk.bzh\\\/#\\\/schema\\\/logo\\\/image\\\/\"},\"sameAs\":[\"https:\\\/\\\/www.facebook.com\\\/Arfolkmusik\",\"https:\\\/\\\/www.instagram.com\\\/arfolkmusik\\\/\"]}]}<\/script>\n<!-- \/ Yoast SEO Premium plugin. -->","yoast_head_json":{"title":"Album de Eben","description":"Retrouvez l'album de Eben. Enora J\u00e9gou,\u00a0Sterenn\u00a0Le Guillou et\u00a0Marine\u00a0Lavigne, trois jeunes chanteuses accompagn\u00e9es par trois musicens exp\u00e9riment\u00e9s.","robots":{"index":"index","follow":"follow","max-snippet":"max-snippet:-1","max-image-preview":"max-image-preview:large","max-video-preview":"max-video-preview:-1"},"canonical":"https:\/\/arfolk.bzh\/br\/boutique\/eben\/","schema":{"@context":"https:\/\/schema.org","@graph":[{"@type":"WebPage","@id":"https:\/\/arfolk.bzh\/boutique\/eben\/","url":"https:\/\/arfolk.bzh\/boutique\/eben\/","name":"Album de Eben","isPartOf":{"@id":"https:\/\/arfolk.bzh\/#website"},"primaryImageOfPage":{"@id":"https:\/\/arfolk.bzh\/boutique\/eben\/#primaryimage"},"image":{"@id":"https:\/\/arfolk.bzh\/boutique\/eben\/#primaryimage"},"thumbnailUrl":"https:\/\/arfolk.bzh\/wp-content\/uploads\/2024\/04\/eben.webp","datePublished":"2020-03-20T19:18:23+00:00","dateModified":"2025-12-11T09:55:45+00:00","description":"Retrouvez l'album de Eben. Enora J\u00e9gou,\u00a0Sterenn\u00a0Le Guillou et\u00a0Marine\u00a0Lavigne, trois jeunes chanteuses accompagn\u00e9es par trois musicens exp\u00e9riment\u00e9s.","breadcrumb":{"@id":"https:\/\/arfolk.bzh\/boutique\/eben\/#breadcrumb"},"inLanguage":"br-FR","potentialAction":[{"@type":"ReadAction","target":["https:\/\/arfolk.bzh\/boutique\/eben\/"]}]},{"@type":"ImageObject","inLanguage":"br-FR","@id":"https:\/\/arfolk.bzh\/boutique\/eben\/#primaryimage","url":"https:\/\/arfolk.bzh\/wp-content\/uploads\/2024\/04\/eben.webp","contentUrl":"https:\/\/arfolk.bzh\/wp-content\/uploads\/2024\/04\/eben.webp","width":1000,"height":1000,"caption":"Eben"},{"@type":"BreadcrumbList","@id":"https:\/\/arfolk.bzh\/boutique\/eben\/#breadcrumb","itemListElement":[{"@type":"ListItem","position":1,"name":"Accueil","item":"https:\/\/arfolk.bzh\/"},{"@type":"ListItem","position":2,"name":"Boutique","item":"https:\/\/arfolk.bzh\/boutique\/"},{"@type":"ListItem","position":3,"name":"Eben &#8211; Eben"}]},{"@type":"WebSite","@id":"https:\/\/arfolk.bzh\/#website","url":"https:\/\/arfolk.bzh\/","name":"Arfolk","description":"Label discographique sp\u00e9cialis\u00e9 dans la musique bretonne","publisher":{"@id":"https:\/\/arfolk.bzh\/#organization"},"potentialAction":[{"@type":"SearchAction","target":{"@type":"EntryPoint","urlTemplate":"https:\/\/arfolk.bzh\/?s={search_term_string}"},"query-input":{"@type":"PropertyValueSpecification","valueRequired":true,"valueName":"search_term_string"}}],"inLanguage":"br-FR"},{"@type":"Organization","@id":"https:\/\/arfolk.bzh\/#organization","name":"Arfolk","alternateName":"Le label de la musique bretonne","url":"https:\/\/arfolk.bzh\/","logo":{"@type":"ImageObject","inLanguage":"br-FR","@id":"https:\/\/arfolk.bzh\/#\/schema\/logo\/image\/","url":"https:\/\/arfolk.bzh\/wp-content\/uploads\/2023\/11\/cropped-logo-label-de-musique-breton-arfolf-vignette.webp","contentUrl":"https:\/\/arfolk.bzh\/wp-content\/uploads\/2023\/11\/cropped-logo-label-de-musique-breton-arfolf-vignette.webp","width":512,"height":512,"caption":"Arfolk"},"image":{"@id":"https:\/\/arfolk.bzh\/#\/schema\/logo\/image\/"},"sameAs":["https:\/\/www.facebook.com\/Arfolkmusik","https:\/\/www.instagram.com\/arfolkmusik\/"]}]}},"jetpack_sharing_enabled":true,"_links":{"self":[{"href":"https:\/\/arfolk.bzh\/br\/wp-json\/wp\/v2\/product\/2568","targetHints":{"allow":["GET"]}}],"collection":[{"href":"https:\/\/arfolk.bzh\/br\/wp-json\/wp\/v2\/product"}],"about":[{"href":"https:\/\/arfolk.bzh\/br\/wp-json\/wp\/v2\/types\/product"}],"wp:featuredmedia":[{"embeddable":true,"href":"https:\/\/arfolk.bzh\/br\/wp-json\/wp\/v2\/media\/2795"}],"wp:attachment":[{"href":"https:\/\/arfolk.bzh\/br\/wp-json\/wp\/v2\/media?parent=2568"}],"wp:term":[{"taxonomy":"product_brand","embeddable":true,"href":"https:\/\/arfolk.bzh\/br\/wp-json\/wp\/v2\/product_brand?post=2568"},{"taxonomy":"product_cat","embeddable":true,"href":"https:\/\/arfolk.bzh\/br\/wp-json\/wp\/v2\/false?post=2568"},{"taxonomy":"product_tag","embeddable":true,"href":"https:\/\/arfolk.bzh\/br\/wp-json\/wp\/v2\/product_tag?post=2568"},{"taxonomy":"disponible_a_la_vente","embeddable":true,"href":"https:\/\/arfolk.bzh\/br\/wp-json\/wp\/v2\/disponible_a_la_vente?post=2568"},{"taxonomy":"langue","embeddable":true,"href":"https:\/\/arfolk.bzh\/br\/wp-json\/wp\/v2\/langue?post=2568"},{"taxonomy":"style","embeddable":true,"href":"https:\/\/arfolk.bzh\/br\/wp-json\/wp\/v2\/style?post=2568"},{"taxonomy":"supports","embeddable":true,"href":"https:\/\/arfolk.bzh\/br\/wp-json\/wp\/v2\/supports?post=2568"}],"curies":[{"name":"wp","href":"https:\/\/api.w.org\/{rel}","templated":true}]}}

<p><iframe loading="lazy" title="Eben - Paskoù hir ar c&#039;hemener (Polka Plinn)" width="1080" height="608" src="https://www.youtube.com/embed/wey-FdsEHRc?feature=oembed"  allow="accelerometer; autoplay; clipboard-write; encrypted-media; gyroscope; picture-in-picture; web-share" referrerpolicy="strict-origin-when-cross-origin" allowfullscreen></iframe></p>
<p>Jonathan Dour au violon (Denez Prigent, Dour/Le Pottier Quartet, Nolwenn Korbell&#8230;)</p>
<p>Antoine Lahay aux guitares électriques et acoustiques (Denez Prigent, Karma, Nirmaan&#8230;)</p>
<p>Julien Stevenin à la contrebasse (Startijenn, Ronan le Bars Group, Nolwenn Korbell&#8230;)</p>
<p>En 2022, Sterenn Le Guillou et Marine Lavigne sont sélectionnées pour représenter la France et la Bretagne à l&rsquo;Eurovision dans le groupe Alvan &amp; Ahez avec Alexis Morvan Rosius et Sterenn Diridollou.</p>

<p>Des voix et des cordes&#8230;  Enora Jégou, Sterenn Le Guillou et Marine Lavigne trois jeunes chanteuses de kan-ha-diskan, formées par Louise Ebrel, adaptent les textes traditionnels ou en écrivent de nouveaux pour faire entendre un point de vue plus actuel.</p>
<p>Elles sont accompagnées par trois musiciens expérimentés rencontrés à l&rsquo;occasion de la création « New Leurenn » du Festival Interceltique en 2018</p>
<p>Ecoutez en Streaming : <a href="https://fanlink.tv/cF7N">https://fanlink.tv/cF7N</a></p>
<p>&nbsp;</p>

<!-- This site is optimized with the Yoast SEO Premium plugin v24.0 (Yoast SEO v27.3) - https://yoast.com/product/yoast-seo-premium-wordpress/ -->
<title>Album de Eben</title>
<meta name="description" content="Retrouvez l&#039;album de Eben. Enora Jégou, Sterenn Le Guillou et Marine Lavigne, trois jeunes chanteuses accompagnées par trois musicens expérimentés." />
<meta name="robots" content="index, follow, max-snippet:-1, max-image-preview:large, max-video-preview:-1" />
<link rel="canonical" href="https://arfolk.bzh/br/boutique/eben/" />
<script type="application/ld+json" class="yoast-schema-graph">{"@context":"https:\/\/schema.org","@graph":[{"@type":"WebPage","@id":"https:\/\/arfolk.bzh\/boutique\/eben\/","url":"https:\/\/arfolk.bzh\/boutique\/eben\/","name":"Album de Eben","isPartOf":{"@id":"https:\/\/arfolk.bzh\/#website"},"primaryImageOfPage":{"@id":"https:\/\/arfolk.bzh\/boutique\/eben\/#primaryimage"},"image":{"@id":"https:\/\/arfolk.bzh\/boutique\/eben\/#primaryimage"},"thumbnailUrl":"https:\/\/arfolk.bzh\/wp-content\/uploads\/2024\/04\/eben.webp","datePublished":"2020-03-20T19:18:23+00:00","dateModified":"2025-12-11T09:55:45+00:00","description":"Retrouvez l'album de Eben. Enora Jégou, Sterenn Le Guillou et Marine Lavigne, trois jeunes chanteuses accompagnées par trois musicens expérimentés.","breadcrumb":{"@id":"https:\/\/arfolk.bzh\/boutique\/eben\/#breadcrumb"},"inLanguage":"br-FR","potentialAction":[{"@type":"ReadAction","target":["https:\/\/arfolk.bzh\/boutique\/eben\/"]}]},{"@type":"ImageObject","inLanguage":"br-FR","@id":"https:\/\/arfolk.bzh\/boutique\/eben\/#primaryimage","url":"https:\/\/arfolk.bzh\/wp-content\/uploads\/2024\/04\/eben.webp","contentUrl":"https:\/\/arfolk.bzh\/wp-content\/uploads\/2024\/04\/eben.webp","width":1000,"height":1000,"caption":"Eben"},{"@type":"BreadcrumbList","@id":"https:\/\/arfolk.bzh\/boutique\/eben\/#breadcrumb","itemListElement":[{"@type":"ListItem","position":1,"name":"Accueil","item":"https:\/\/arfolk.bzh\/"},{"@type":"ListItem","position":2,"name":"Boutique","item":"https:\/\/arfolk.bzh\/boutique\/"},{"@type":"ListItem","position":3,"name":"Eben &#8211; Eben"}]},{"@type":"WebSite","@id":"https:\/\/arfolk.bzh\/#website","url":"https:\/\/arfolk.bzh\/","name":"Arfolk","description":"Label discographique spécialisé dans la musique bretonne","publisher":{"@id":"https:\/\/arfolk.bzh\/#organization"},"potentialAction":[{"@type":"SearchAction","target":{"@type":"EntryPoint","urlTemplate":"https:\/\/arfolk.bzh\/?s={search_term_string}"},"query-input":{"@type":"PropertyValueSpecification","valueRequired":true,"valueName":"search_term_string"}}],"inLanguage":"br-FR"},{"@type":"Organization","@id":"https:\/\/arfolk.bzh\/#organization","name":"Arfolk","alternateName":"Le label de la musique bretonne","url":"https:\/\/arfolk.bzh\/","logo":{"@type":"ImageObject","inLanguage":"br-FR","@id":"https:\/\/arfolk.bzh\/#\/schema\/logo\/image\/","url":"https:\/\/arfolk.bzh\/wp-content\/uploads\/2023\/11\/cropped-logo-label-de-musique-breton-arfolf-vignette.webp","contentUrl":"https:\/\/arfolk.bzh\/wp-content\/uploads\/2023\/11\/cropped-logo-label-de-musique-breton-arfolf-vignette.webp","width":512,"height":512,"caption":"Arfolk"},"image":{"@id":"https:\/\/arfolk.bzh\/#\/schema\/logo\/image\/"},"sameAs":["https:\/\/www.facebook.com\/Arfolkmusik","https:\/\/www.instagram.com\/arfolkmusik\/"]}]}</script>
<!-- / Yoast SEO Premium plugin. -->

Retrouvez l'album de Eben. Enora Jégou, Sterenn Le Guillou et Marine Lavigne, trois jeunes chanteuses accompagnées par trois musicens expérimentés.

Label discographique spécialisé dans la musique bretonne
