{"id":2570,"date":"2022-03-04T20:18:23","date_gmt":"2022-03-04T19:18:23","guid":{"rendered":"https:\/\/arfolk.bzh\/boutique\/erwan-hamon-yousef-zayed-tamas-lier\/"},"modified":"2025-12-11T10:55:37","modified_gmt":"2025-12-11T09:55:37","slug":"erwan-hamon-yousef-zayed-tamas-lier","status":"publish","type":"product","link":"https:\/\/arfolk.bzh\/br\/boutique\/erwan-hamon-yousef-zayed-tamas-lier\/","title":{"rendered":"Erwan Hamon &#038; Yousef Zayed &#8211; Tamas lier"},"content":{"rendered":"<p><iframe loading=\"lazy\" title=\"Erwan Hamon &amp; Yousef Zayed - Voulez-vous\" width=\"1080\" height=\"608\" src=\"https:\/\/www.youtube.com\/embed\/Um1x0ZcXdFM?feature=oembed\"  allow=\"accelerometer; autoplay; clipboard-write; encrypted-media; gyroscope; picture-in-picture; web-share\" referrerpolicy=\"strict-origin-when-cross-origin\" allowfullscreen><\/iframe><\/p>\n<p>Erwan Hamon et Yousef Zayed se sont rencontr\u00e9s \u00e0 l\u2019occasion de la cr\u00e9ation Kharoub r\u00e9unissant le Hamon Martin Quintet et Basel Zayed. Avec ce nouveau duo instrumental, alliant fl\u00fbte et oud ou fl\u00fbte et percussions, ils croisent leurs univers musicaux allant de la Bretagne \u00e0 la Palestine.<\/p>\n<p>Dans un r\u00e9pertoire m\u00ealant majoritairement des compositions et quelques pi\u00e8ces traditionnelles, ils alternent entre ambiances intimistes et pi\u00e8ces tr\u00e8s rythmiques, jouent sur les timbres et les couleurs, la finesse du oud, les harmoniques de la fl\u00fbte, la dynamique du riq. Un voyage acoustique sensible et chaleureux enregistr\u00e9 au Ch\u00e2teau des Ducs de Bretagne \u00e0 Nantes.<\/p>","protected":false},"excerpt":{"rendered":"<p>Erwan Hamon et Yousef Zayed se sont rencontr\u00e9s \u00e0 l\u2019occasion de la cr\u00e9ation Kharoub r\u00e9unissant le Hamon Martin Quintet et Basel Zayed. Avec ce nouveau duo instrumental, alliant fl\u00fbte et oud ou fl\u00fbte et percussions, ils croisent leurs univers musicaux allant de la Bretagne \u00e0 la Palestine.<\/p>\n<p>Ecoutez en Streaming : <a href=\"https:\/\/fanlink.tv\/iufg\">https:\/\/fanlink.tv\/iufg<\/a><\/p>","protected":false},"featured_media":2311,"template":"","meta":{"_acf_changed":false,"_et_pb_use_builder":"","_et_pb_old_content":"","_et_gb_content_width":""},"product_brand":[],"false":[49],"product_tag":[],"disponible_a_la_vente":[],"langue":[75],"style":[78],"supports":[88],"class_list":{"0":"post-2570","1":"product","2":"type-product","3":"status-publish","4":"has-post-thumbnail","6":"product_cat-hamon-martin","7":"langue-instrumental","8":"style-world-music","9":"supports-dematerialise","11":"first","12":"outofstock","13":"product-type-simple"},"acf":[],"yoast_head":"<!-- This site is optimized with the Yoast SEO Premium plugin v24.0 (Yoast SEO v27.3) - https:\/\/yoast.com\/product\/yoast-seo-premium-wordpress\/ -->\n<title>Album de Erwan Hamon &amp; Yousef Zayed - Tamas lier<\/title>\n<meta name=\"description\" content=\"Retrouvez l&#039;album de Erwan Hamon &amp; Yousef Zayed - Tamas lier. Ecoutez directement en ligne sur arfolk.bzh, le label discographique breton.\" \/>\n<meta name=\"robots\" content=\"index, follow, max-snippet:-1, max-image-preview:large, max-video-preview:-1\" \/>\n<link rel=\"canonical\" href=\"https:\/\/arfolk.bzh\/br\/boutique\/erwan-hamon-yousef-zayed-tamas-lier\/\" \/>\n<script type=\"application\/ld+json\" class=\"yoast-schema-graph\">{\"@context\":\"https:\\\/\\\/schema.org\",\"@graph\":[{\"@type\":\"WebPage\",\"@id\":\"https:\\\/\\\/arfolk.bzh\\\/boutique\\\/erwan-hamon-yousef-zayed-tamas-lier\\\/\",\"url\":\"https:\\\/\\\/arfolk.bzh\\\/boutique\\\/erwan-hamon-yousef-zayed-tamas-lier\\\/\",\"name\":\"Album de Erwan Hamon & Yousef Zayed - Tamas lier\",\"isPartOf\":{\"@id\":\"https:\\\/\\\/arfolk.bzh\\\/#website\"},\"primaryImageOfPage\":{\"@id\":\"https:\\\/\\\/arfolk.bzh\\\/boutique\\\/erwan-hamon-yousef-zayed-tamas-lier\\\/#primaryimage\"},\"image\":{\"@id\":\"https:\\\/\\\/arfolk.bzh\\\/boutique\\\/erwan-hamon-yousef-zayed-tamas-lier\\\/#primaryimage\"},\"thumbnailUrl\":\"https:\\\/\\\/arfolk.bzh\\\/wp-content\\\/uploads\\\/2024\\\/04\\\/erwannhamonyousefzayed_tamaslier-scaled.jpg\",\"datePublished\":\"2022-03-04T19:18:23+00:00\",\"dateModified\":\"2025-12-11T09:55:37+00:00\",\"description\":\"Retrouvez l'album de Erwan Hamon & Yousef Zayed - Tamas lier. Ecoutez directement en ligne sur arfolk.bzh, le label discographique breton.\",\"breadcrumb\":{\"@id\":\"https:\\\/\\\/arfolk.bzh\\\/boutique\\\/erwan-hamon-yousef-zayed-tamas-lier\\\/#breadcrumb\"},\"inLanguage\":\"br-FR\",\"potentialAction\":[{\"@type\":\"ReadAction\",\"target\":[\"https:\\\/\\\/arfolk.bzh\\\/boutique\\\/erwan-hamon-yousef-zayed-tamas-lier\\\/\"]}]},{\"@type\":\"ImageObject\",\"inLanguage\":\"br-FR\",\"@id\":\"https:\\\/\\\/arfolk.bzh\\\/boutique\\\/erwan-hamon-yousef-zayed-tamas-lier\\\/#primaryimage\",\"url\":\"https:\\\/\\\/arfolk.bzh\\\/wp-content\\\/uploads\\\/2024\\\/04\\\/erwannhamonyousefzayed_tamaslier-scaled.jpg\",\"contentUrl\":\"https:\\\/\\\/arfolk.bzh\\\/wp-content\\\/uploads\\\/2024\\\/04\\\/erwannhamonyousefzayed_tamaslier-scaled.jpg\",\"width\":2560,\"height\":2560,\"caption\":\"erwannhamonyousefzayed tamaslier\"},{\"@type\":\"BreadcrumbList\",\"@id\":\"https:\\\/\\\/arfolk.bzh\\\/boutique\\\/erwan-hamon-yousef-zayed-tamas-lier\\\/#breadcrumb\",\"itemListElement\":[{\"@type\":\"ListItem\",\"position\":1,\"name\":\"Accueil\",\"item\":\"https:\\\/\\\/arfolk.bzh\\\/\"},{\"@type\":\"ListItem\",\"position\":2,\"name\":\"Boutique\",\"item\":\"https:\\\/\\\/arfolk.bzh\\\/boutique\\\/\"},{\"@type\":\"ListItem\",\"position\":3,\"name\":\"Erwan Hamon &#038; Yousef Zayed &#8211; Tamas lier\"}]},{\"@type\":\"WebSite\",\"@id\":\"https:\\\/\\\/arfolk.bzh\\\/#website\",\"url\":\"https:\\\/\\\/arfolk.bzh\\\/\",\"name\":\"Arfolk\",\"description\":\"Label discographique sp\u00e9cialis\u00e9 dans la musique bretonne\",\"publisher\":{\"@id\":\"https:\\\/\\\/arfolk.bzh\\\/#organization\"},\"potentialAction\":[{\"@type\":\"SearchAction\",\"target\":{\"@type\":\"EntryPoint\",\"urlTemplate\":\"https:\\\/\\\/arfolk.bzh\\\/?s={search_term_string}\"},\"query-input\":{\"@type\":\"PropertyValueSpecification\",\"valueRequired\":true,\"valueName\":\"search_term_string\"}}],\"inLanguage\":\"br-FR\"},{\"@type\":\"Organization\",\"@id\":\"https:\\\/\\\/arfolk.bzh\\\/#organization\",\"name\":\"Arfolk\",\"alternateName\":\"Le label de la musique bretonne\",\"url\":\"https:\\\/\\\/arfolk.bzh\\\/\",\"logo\":{\"@type\":\"ImageObject\",\"inLanguage\":\"br-FR\",\"@id\":\"https:\\\/\\\/arfolk.bzh\\\/#\\\/schema\\\/logo\\\/image\\\/\",\"url\":\"https:\\\/\\\/arfolk.bzh\\\/wp-content\\\/uploads\\\/2023\\\/11\\\/cropped-logo-label-de-musique-breton-arfolf-vignette.webp\",\"contentUrl\":\"https:\\\/\\\/arfolk.bzh\\\/wp-content\\\/uploads\\\/2023\\\/11\\\/cropped-logo-label-de-musique-breton-arfolf-vignette.webp\",\"width\":512,\"height\":512,\"caption\":\"Arfolk\"},\"image\":{\"@id\":\"https:\\\/\\\/arfolk.bzh\\\/#\\\/schema\\\/logo\\\/image\\\/\"},\"sameAs\":[\"https:\\\/\\\/www.facebook.com\\\/Arfolkmusik\",\"https:\\\/\\\/www.instagram.com\\\/arfolkmusik\\\/\"]}]}<\/script>\n<!-- \/ Yoast SEO Premium plugin. -->","yoast_head_json":{"title":"Album de Erwan Hamon & Yousef Zayed - Tamas lier","description":"Retrouvez l'album de Erwan Hamon & Yousef Zayed - Tamas lier. Ecoutez directement en ligne sur arfolk.bzh, le label discographique breton.","robots":{"index":"index","follow":"follow","max-snippet":"max-snippet:-1","max-image-preview":"max-image-preview:large","max-video-preview":"max-video-preview:-1"},"canonical":"https:\/\/arfolk.bzh\/br\/boutique\/erwan-hamon-yousef-zayed-tamas-lier\/","schema":{"@context":"https:\/\/schema.org","@graph":[{"@type":"WebPage","@id":"https:\/\/arfolk.bzh\/boutique\/erwan-hamon-yousef-zayed-tamas-lier\/","url":"https:\/\/arfolk.bzh\/boutique\/erwan-hamon-yousef-zayed-tamas-lier\/","name":"Album de Erwan Hamon & Yousef Zayed - Tamas lier","isPartOf":{"@id":"https:\/\/arfolk.bzh\/#website"},"primaryImageOfPage":{"@id":"https:\/\/arfolk.bzh\/boutique\/erwan-hamon-yousef-zayed-tamas-lier\/#primaryimage"},"image":{"@id":"https:\/\/arfolk.bzh\/boutique\/erwan-hamon-yousef-zayed-tamas-lier\/#primaryimage"},"thumbnailUrl":"https:\/\/arfolk.bzh\/wp-content\/uploads\/2024\/04\/erwannhamonyousefzayed_tamaslier-scaled.jpg","datePublished":"2022-03-04T19:18:23+00:00","dateModified":"2025-12-11T09:55:37+00:00","description":"Retrouvez l'album de Erwan Hamon & Yousef Zayed - Tamas lier. Ecoutez directement en ligne sur arfolk.bzh, le label discographique breton.","breadcrumb":{"@id":"https:\/\/arfolk.bzh\/boutique\/erwan-hamon-yousef-zayed-tamas-lier\/#breadcrumb"},"inLanguage":"br-FR","potentialAction":[{"@type":"ReadAction","target":["https:\/\/arfolk.bzh\/boutique\/erwan-hamon-yousef-zayed-tamas-lier\/"]}]},{"@type":"ImageObject","inLanguage":"br-FR","@id":"https:\/\/arfolk.bzh\/boutique\/erwan-hamon-yousef-zayed-tamas-lier\/#primaryimage","url":"https:\/\/arfolk.bzh\/wp-content\/uploads\/2024\/04\/erwannhamonyousefzayed_tamaslier-scaled.jpg","contentUrl":"https:\/\/arfolk.bzh\/wp-content\/uploads\/2024\/04\/erwannhamonyousefzayed_tamaslier-scaled.jpg","width":2560,"height":2560,"caption":"erwannhamonyousefzayed tamaslier"},{"@type":"BreadcrumbList","@id":"https:\/\/arfolk.bzh\/boutique\/erwan-hamon-yousef-zayed-tamas-lier\/#breadcrumb","itemListElement":[{"@type":"ListItem","position":1,"name":"Accueil","item":"https:\/\/arfolk.bzh\/"},{"@type":"ListItem","position":2,"name":"Boutique","item":"https:\/\/arfolk.bzh\/boutique\/"},{"@type":"ListItem","position":3,"name":"Erwan Hamon &#038; Yousef Zayed &#8211; Tamas lier"}]},{"@type":"WebSite","@id":"https:\/\/arfolk.bzh\/#website","url":"https:\/\/arfolk.bzh\/","name":"Arfolk","description":"Label discographique sp\u00e9cialis\u00e9 dans la musique bretonne","publisher":{"@id":"https:\/\/arfolk.bzh\/#organization"},"potentialAction":[{"@type":"SearchAction","target":{"@type":"EntryPoint","urlTemplate":"https:\/\/arfolk.bzh\/?s={search_term_string}"},"query-input":{"@type":"PropertyValueSpecification","valueRequired":true,"valueName":"search_term_string"}}],"inLanguage":"br-FR"},{"@type":"Organization","@id":"https:\/\/arfolk.bzh\/#organization","name":"Arfolk","alternateName":"Le label de la musique bretonne","url":"https:\/\/arfolk.bzh\/","logo":{"@type":"ImageObject","inLanguage":"br-FR","@id":"https:\/\/arfolk.bzh\/#\/schema\/logo\/image\/","url":"https:\/\/arfolk.bzh\/wp-content\/uploads\/2023\/11\/cropped-logo-label-de-musique-breton-arfolf-vignette.webp","contentUrl":"https:\/\/arfolk.bzh\/wp-content\/uploads\/2023\/11\/cropped-logo-label-de-musique-breton-arfolf-vignette.webp","width":512,"height":512,"caption":"Arfolk"},"image":{"@id":"https:\/\/arfolk.bzh\/#\/schema\/logo\/image\/"},"sameAs":["https:\/\/www.facebook.com\/Arfolkmusik","https:\/\/www.instagram.com\/arfolkmusik\/"]}]}},"jetpack_sharing_enabled":true,"_links":{"self":[{"href":"https:\/\/arfolk.bzh\/br\/wp-json\/wp\/v2\/product\/2570","targetHints":{"allow":["GET"]}}],"collection":[{"href":"https:\/\/arfolk.bzh\/br\/wp-json\/wp\/v2\/product"}],"about":[{"href":"https:\/\/arfolk.bzh\/br\/wp-json\/wp\/v2\/types\/product"}],"wp:featuredmedia":[{"embeddable":true,"href":"https:\/\/arfolk.bzh\/br\/wp-json\/wp\/v2\/media\/2311"}],"wp:attachment":[{"href":"https:\/\/arfolk.bzh\/br\/wp-json\/wp\/v2\/media?parent=2570"}],"wp:term":[{"taxonomy":"product_brand","embeddable":true,"href":"https:\/\/arfolk.bzh\/br\/wp-json\/wp\/v2\/product_brand?post=2570"},{"taxonomy":"product_cat","embeddable":true,"href":"https:\/\/arfolk.bzh\/br\/wp-json\/wp\/v2\/false?post=2570"},{"taxonomy":"product_tag","embeddable":true,"href":"https:\/\/arfolk.bzh\/br\/wp-json\/wp\/v2\/product_tag?post=2570"},{"taxonomy":"disponible_a_la_vente","embeddable":true,"href":"https:\/\/arfolk.bzh\/br\/wp-json\/wp\/v2\/disponible_a_la_vente?post=2570"},{"taxonomy":"langue","embeddable":true,"href":"https:\/\/arfolk.bzh\/br\/wp-json\/wp\/v2\/langue?post=2570"},{"taxonomy":"style","embeddable":true,"href":"https:\/\/arfolk.bzh\/br\/wp-json\/wp\/v2\/style?post=2570"},{"taxonomy":"supports","embeddable":true,"href":"https:\/\/arfolk.bzh\/br\/wp-json\/wp\/v2\/supports?post=2570"}],"curies":[{"name":"wp","href":"https:\/\/api.w.org\/{rel}","templated":true}]}}

<p><iframe loading="lazy" title="Erwan Hamon &amp; Yousef Zayed - Voulez-vous" width="1080" height="608" src="https://www.youtube.com/embed/Um1x0ZcXdFM?feature=oembed"  allow="accelerometer; autoplay; clipboard-write; encrypted-media; gyroscope; picture-in-picture; web-share" referrerpolicy="strict-origin-when-cross-origin" allowfullscreen></iframe></p>
<p>Erwan Hamon et Yousef Zayed se sont rencontrés à l’occasion de la création Kharoub réunissant le Hamon Martin Quintet et Basel Zayed. Avec ce nouveau duo instrumental, alliant flûte et oud ou flûte et percussions, ils croisent leurs univers musicaux allant de la Bretagne à la Palestine.</p>
<p>Dans un répertoire mêlant majoritairement des compositions et quelques pièces traditionnelles, ils alternent entre ambiances intimistes et pièces très rythmiques, jouent sur les timbres et les couleurs, la finesse du oud, les harmoniques de la flûte, la dynamique du riq. Un voyage acoustique sensible et chaleureux enregistré au Château des Ducs de Bretagne à Nantes.</p>

<p>Erwan Hamon et Yousef Zayed se sont rencontrés à l’occasion de la création Kharoub réunissant le Hamon Martin Quintet et Basel Zayed. Avec ce nouveau duo instrumental, alliant flûte et oud ou flûte et percussions, ils croisent leurs univers musicaux allant de la Bretagne à la Palestine.</p>
<p>Ecoutez en Streaming : <a href="https://fanlink.tv/iufg">https://fanlink.tv/iufg</a></p>

<!-- This site is optimized with the Yoast SEO Premium plugin v24.0 (Yoast SEO v27.3) - https://yoast.com/product/yoast-seo-premium-wordpress/ -->
<title>Album de Erwan Hamon &amp; Yousef Zayed - Tamas lier</title>
<meta name="description" content="Retrouvez l&#039;album de Erwan Hamon &amp; Yousef Zayed - Tamas lier. Ecoutez directement en ligne sur arfolk.bzh, le label discographique breton." />
<meta name="robots" content="index, follow, max-snippet:-1, max-image-preview:large, max-video-preview:-1" />
<link rel="canonical" href="https://arfolk.bzh/br/boutique/erwan-hamon-yousef-zayed-tamas-lier/" />
<script type="application/ld+json" class="yoast-schema-graph">{"@context":"https:\/\/schema.org","@graph":[{"@type":"WebPage","@id":"https:\/\/arfolk.bzh\/boutique\/erwan-hamon-yousef-zayed-tamas-lier\/","url":"https:\/\/arfolk.bzh\/boutique\/erwan-hamon-yousef-zayed-tamas-lier\/","name":"Album de Erwan Hamon & Yousef Zayed - Tamas lier","isPartOf":{"@id":"https:\/\/arfolk.bzh\/#website"},"primaryImageOfPage":{"@id":"https:\/\/arfolk.bzh\/boutique\/erwan-hamon-yousef-zayed-tamas-lier\/#primaryimage"},"image":{"@id":"https:\/\/arfolk.bzh\/boutique\/erwan-hamon-yousef-zayed-tamas-lier\/#primaryimage"},"thumbnailUrl":"https:\/\/arfolk.bzh\/wp-content\/uploads\/2024\/04\/erwannhamonyousefzayed_tamaslier-scaled.jpg","datePublished":"2022-03-04T19:18:23+00:00","dateModified":"2025-12-11T09:55:37+00:00","description":"Retrouvez l'album de Erwan Hamon & Yousef Zayed - Tamas lier. Ecoutez directement en ligne sur arfolk.bzh, le label discographique breton.","breadcrumb":{"@id":"https:\/\/arfolk.bzh\/boutique\/erwan-hamon-yousef-zayed-tamas-lier\/#breadcrumb"},"inLanguage":"br-FR","potentialAction":[{"@type":"ReadAction","target":["https:\/\/arfolk.bzh\/boutique\/erwan-hamon-yousef-zayed-tamas-lier\/"]}]},{"@type":"ImageObject","inLanguage":"br-FR","@id":"https:\/\/arfolk.bzh\/boutique\/erwan-hamon-yousef-zayed-tamas-lier\/#primaryimage","url":"https:\/\/arfolk.bzh\/wp-content\/uploads\/2024\/04\/erwannhamonyousefzayed_tamaslier-scaled.jpg","contentUrl":"https:\/\/arfolk.bzh\/wp-content\/uploads\/2024\/04\/erwannhamonyousefzayed_tamaslier-scaled.jpg","width":2560,"height":2560,"caption":"erwannhamonyousefzayed tamaslier"},{"@type":"BreadcrumbList","@id":"https:\/\/arfolk.bzh\/boutique\/erwan-hamon-yousef-zayed-tamas-lier\/#breadcrumb","itemListElement":[{"@type":"ListItem","position":1,"name":"Accueil","item":"https:\/\/arfolk.bzh\/"},{"@type":"ListItem","position":2,"name":"Boutique","item":"https:\/\/arfolk.bzh\/boutique\/"},{"@type":"ListItem","position":3,"name":"Erwan Hamon &#038; Yousef Zayed &#8211; Tamas lier"}]},{"@type":"WebSite","@id":"https:\/\/arfolk.bzh\/#website","url":"https:\/\/arfolk.bzh\/","name":"Arfolk","description":"Label discographique spécialisé dans la musique bretonne","publisher":{"@id":"https:\/\/arfolk.bzh\/#organization"},"potentialAction":[{"@type":"SearchAction","target":{"@type":"EntryPoint","urlTemplate":"https:\/\/arfolk.bzh\/?s={search_term_string}"},"query-input":{"@type":"PropertyValueSpecification","valueRequired":true,"valueName":"search_term_string"}}],"inLanguage":"br-FR"},{"@type":"Organization","@id":"https:\/\/arfolk.bzh\/#organization","name":"Arfolk","alternateName":"Le label de la musique bretonne","url":"https:\/\/arfolk.bzh\/","logo":{"@type":"ImageObject","inLanguage":"br-FR","@id":"https:\/\/arfolk.bzh\/#\/schema\/logo\/image\/","url":"https:\/\/arfolk.bzh\/wp-content\/uploads\/2023\/11\/cropped-logo-label-de-musique-breton-arfolf-vignette.webp","contentUrl":"https:\/\/arfolk.bzh\/wp-content\/uploads\/2023\/11\/cropped-logo-label-de-musique-breton-arfolf-vignette.webp","width":512,"height":512,"caption":"Arfolk"},"image":{"@id":"https:\/\/arfolk.bzh\/#\/schema\/logo\/image\/"},"sameAs":["https:\/\/www.facebook.com\/Arfolkmusik","https:\/\/www.instagram.com\/arfolkmusik\/"]}]}</script>
<!-- / Yoast SEO Premium plugin. -->

Label discographique spécialisé dans la musique bretonne
