{"id":2586,"date":"2006-11-15T20:18:36","date_gmt":"2006-11-15T19:18:36","guid":{"rendered":"https:\/\/arfolk.bzh\/boutique\/glenmor-10-ans-d%c2%8ej%c2%88\/"},"modified":"2025-12-11T12:24:08","modified_gmt":"2025-12-11T11:24:08","slug":"glenmor-10-ans-deja","status":"publish","type":"product","link":"https:\/\/arfolk.bzh\/br\/boutique\/glenmor-10-ans-deja\/","title":{"rendered":"Glenmor &#8211; Ar pep gwella\u00f1 &#8211; Dix ans d\u00e9j\u00e0&#8230; que le vent porte et pose"},"content":{"rendered":"<p><iframe loading=\"lazy\" title=\"Glenmor - Dix ans d\u00e9j\u00e0... Que le vent porte et pose\" width=\"1080\" height=\"608\" src=\"https:\/\/www.youtube.com\/embed\/videoseries?list=PLQMZD0e8YHDJbq5eKr-qv-cuiwcSVF6Rw\"  allow=\"accelerometer; autoplay; clipboard-write; encrypted-media; gyroscope; picture-in-picture; web-share\" referrerpolicy=\"strict-origin-when-cross-origin\" allowfullscreen><\/iframe><\/p>\n<p><strong>Tracklist de \u00a0\u00bb Ar pep gwella\u00f1 . 10 ans d\u00e9j\u00e0&#8230; \u00ab\u00a0:<\/strong><\/p>\n<ol>\n<li><strong>Le Retour (voici bien ma terre)<\/strong><\/li>\n<li><strong>Ils se meurent nos oiseaux<\/strong><\/li>\n<li><strong>Cet amour-l\u00e0<\/strong><\/li>\n<li><strong>Dieu me damne<\/strong><\/li>\n<li><strong>Sodome<\/strong><\/li>\n<li><strong>O Keltia<\/strong><\/li>\n<li><strong>La garce<\/strong><\/li>\n<li><strong>Le temps des pluies<\/strong><\/li>\n<li><strong>La main qui se tend<\/strong><\/li>\n<li><strong>Gro\u00f1vel<\/strong><\/li>\n<li><strong>Ouvrez les portes de la nuit<\/strong><\/li>\n<li><strong>Kan-bale an ARB<\/strong><\/li>\n<li><strong>Le r\u00e9cit bardique<\/strong><\/li>\n<li><strong>E dibenn miz Gwengolo<\/strong><\/li>\n<li><strong>Contre marseillaise<\/strong><\/li>\n<li><strong>Apocalypse<\/strong><\/li>\n<li><strong>Ha bec&rsquo;h ha bec&rsquo;h<\/strong><\/li>\n<li><strong>Le mont Nebo<\/strong><\/li>\n<li><strong>L&rsquo;amour est fleur<\/strong><\/li>\n<\/ol>","protected":false},"excerpt":{"rendered":"<p>CD accompagn\u00e9 d&rsquo;un livret de 28 pages de chansons et photographies<\/p>\n<p>Ecoutez en Streaming : <strong><a href=\"https:\/\/fanlink.tv\/wepe\">https:\/\/fanlink.tv\/wepe<\/a><\/strong><\/p>","protected":false},"featured_media":2328,"template":"","meta":{"_acf_changed":false,"_et_pb_use_builder":"","_et_pb_old_content":"","_et_gb_content_width":""},"product_brand":[],"false":[32],"product_tag":[],"disponible_a_la_vente":[],"langue":[73],"style":[79],"supports":[86],"class_list":{"0":"post-2586","1":"product","2":"type-product","3":"status-publish","4":"has-post-thumbnail","6":"product_cat-non-classe","7":"langue-breton","8":"style-traditionnel-kan-ha-diskan","9":"supports-cd","11":"first","12":"outofstock","13":"taxable","14":"shipping-taxable","15":"purchasable","16":"product-type-simple"},"acf":[],"yoast_head":"<!-- This site is optimized with the Yoast SEO Premium plugin v24.0 (Yoast SEO v27.3) - https:\/\/yoast.com\/product\/yoast-seo-premium-wordpress\/ -->\n<title>Album de Glenmor - Ar pep gwella\u00f1 - Dix ans d\u00e9j\u00e0... que le vent porte et pose<\/title>\n<meta name=\"description\" content=\"Retrouvez l&#039;album compilation de Glenmor - Ar pep gwella\u00f1 . 10 ans d\u00e9j\u00e0... Commandez directement en ligne sur arfolk.bzh, le label discographique breton.\" \/>\n<meta name=\"robots\" content=\"index, follow, max-snippet:-1, max-image-preview:large, max-video-preview:-1\" \/>\n<link rel=\"canonical\" href=\"https:\/\/arfolk.bzh\/br\/boutique\/glenmor-10-ans-deja\/\" \/>\n<script type=\"application\/ld+json\" class=\"yoast-schema-graph\">{\"@context\":\"https:\\\/\\\/schema.org\",\"@graph\":[{\"@type\":\"WebPage\",\"@id\":\"https:\\\/\\\/arfolk.bzh\\\/boutique\\\/glenmor-10-ans-deja\\\/\",\"url\":\"https:\\\/\\\/arfolk.bzh\\\/boutique\\\/glenmor-10-ans-deja\\\/\",\"name\":\"Album de Glenmor - Ar pep gwella\u00f1 - Dix ans d\u00e9j\u00e0... que le vent porte et pose\",\"isPartOf\":{\"@id\":\"https:\\\/\\\/arfolk.bzh\\\/#website\"},\"primaryImageOfPage\":{\"@id\":\"https:\\\/\\\/arfolk.bzh\\\/boutique\\\/glenmor-10-ans-deja\\\/#primaryimage\"},\"image\":{\"@id\":\"https:\\\/\\\/arfolk.bzh\\\/boutique\\\/glenmor-10-ans-deja\\\/#primaryimage\"},\"thumbnailUrl\":\"https:\\\/\\\/arfolk.bzh\\\/wp-content\\\/uploads\\\/2024\\\/04\\\/glenmor_10ansdeja-scaled.jpg\",\"datePublished\":\"2006-11-15T19:18:36+00:00\",\"dateModified\":\"2025-12-11T11:24:08+00:00\",\"description\":\"Retrouvez l'album compilation de Glenmor - Ar pep gwella\u00f1 . 10 ans d\u00e9j\u00e0... Commandez directement en ligne sur arfolk.bzh, le label discographique breton.\",\"breadcrumb\":{\"@id\":\"https:\\\/\\\/arfolk.bzh\\\/boutique\\\/glenmor-10-ans-deja\\\/#breadcrumb\"},\"inLanguage\":\"br-FR\",\"potentialAction\":[{\"@type\":\"ReadAction\",\"target\":[\"https:\\\/\\\/arfolk.bzh\\\/boutique\\\/glenmor-10-ans-deja\\\/\"]}]},{\"@type\":\"ImageObject\",\"inLanguage\":\"br-FR\",\"@id\":\"https:\\\/\\\/arfolk.bzh\\\/boutique\\\/glenmor-10-ans-deja\\\/#primaryimage\",\"url\":\"https:\\\/\\\/arfolk.bzh\\\/wp-content\\\/uploads\\\/2024\\\/04\\\/glenmor_10ansdeja-scaled.jpg\",\"contentUrl\":\"https:\\\/\\\/arfolk.bzh\\\/wp-content\\\/uploads\\\/2024\\\/04\\\/glenmor_10ansdeja-scaled.jpg\",\"width\":2560,\"height\":2560,\"caption\":\"glenmor 10ansdeja\"},{\"@type\":\"BreadcrumbList\",\"@id\":\"https:\\\/\\\/arfolk.bzh\\\/boutique\\\/glenmor-10-ans-deja\\\/#breadcrumb\",\"itemListElement\":[{\"@type\":\"ListItem\",\"position\":1,\"name\":\"Accueil\",\"item\":\"https:\\\/\\\/arfolk.bzh\\\/\"},{\"@type\":\"ListItem\",\"position\":2,\"name\":\"Boutique\",\"item\":\"https:\\\/\\\/arfolk.bzh\\\/boutique\\\/\"},{\"@type\":\"ListItem\",\"position\":3,\"name\":\"Glenmor &#8211; Ar pep gwella\u00f1 &#8211; Dix ans d\u00e9j\u00e0&#8230; que le vent porte et pose\"}]},{\"@type\":\"WebSite\",\"@id\":\"https:\\\/\\\/arfolk.bzh\\\/#website\",\"url\":\"https:\\\/\\\/arfolk.bzh\\\/\",\"name\":\"Arfolk\",\"description\":\"Label discographique sp\u00e9cialis\u00e9 dans la musique bretonne\",\"publisher\":{\"@id\":\"https:\\\/\\\/arfolk.bzh\\\/#organization\"},\"potentialAction\":[{\"@type\":\"SearchAction\",\"target\":{\"@type\":\"EntryPoint\",\"urlTemplate\":\"https:\\\/\\\/arfolk.bzh\\\/?s={search_term_string}\"},\"query-input\":{\"@type\":\"PropertyValueSpecification\",\"valueRequired\":true,\"valueName\":\"search_term_string\"}}],\"inLanguage\":\"br-FR\"},{\"@type\":\"Organization\",\"@id\":\"https:\\\/\\\/arfolk.bzh\\\/#organization\",\"name\":\"Arfolk\",\"alternateName\":\"Le label de la musique bretonne\",\"url\":\"https:\\\/\\\/arfolk.bzh\\\/\",\"logo\":{\"@type\":\"ImageObject\",\"inLanguage\":\"br-FR\",\"@id\":\"https:\\\/\\\/arfolk.bzh\\\/#\\\/schema\\\/logo\\\/image\\\/\",\"url\":\"https:\\\/\\\/arfolk.bzh\\\/wp-content\\\/uploads\\\/2023\\\/11\\\/cropped-logo-label-de-musique-breton-arfolf-vignette.webp\",\"contentUrl\":\"https:\\\/\\\/arfolk.bzh\\\/wp-content\\\/uploads\\\/2023\\\/11\\\/cropped-logo-label-de-musique-breton-arfolf-vignette.webp\",\"width\":512,\"height\":512,\"caption\":\"Arfolk\"},\"image\":{\"@id\":\"https:\\\/\\\/arfolk.bzh\\\/#\\\/schema\\\/logo\\\/image\\\/\"},\"sameAs\":[\"https:\\\/\\\/www.facebook.com\\\/Arfolkmusik\",\"https:\\\/\\\/www.instagram.com\\\/arfolkmusik\\\/\"]}]}<\/script>\n<!-- \/ Yoast SEO Premium plugin. -->","yoast_head_json":{"title":"Album de Glenmor - Ar pep gwella\u00f1 - Dix ans d\u00e9j\u00e0... que le vent porte et pose","description":"Retrouvez l'album compilation de Glenmor - Ar pep gwella\u00f1 . 10 ans d\u00e9j\u00e0... Commandez directement en ligne sur arfolk.bzh, le label discographique breton.","robots":{"index":"index","follow":"follow","max-snippet":"max-snippet:-1","max-image-preview":"max-image-preview:large","max-video-preview":"max-video-preview:-1"},"canonical":"https:\/\/arfolk.bzh\/br\/boutique\/glenmor-10-ans-deja\/","schema":{"@context":"https:\/\/schema.org","@graph":[{"@type":"WebPage","@id":"https:\/\/arfolk.bzh\/boutique\/glenmor-10-ans-deja\/","url":"https:\/\/arfolk.bzh\/boutique\/glenmor-10-ans-deja\/","name":"Album de Glenmor - Ar pep gwella\u00f1 - Dix ans d\u00e9j\u00e0... que le vent porte et pose","isPartOf":{"@id":"https:\/\/arfolk.bzh\/#website"},"primaryImageOfPage":{"@id":"https:\/\/arfolk.bzh\/boutique\/glenmor-10-ans-deja\/#primaryimage"},"image":{"@id":"https:\/\/arfolk.bzh\/boutique\/glenmor-10-ans-deja\/#primaryimage"},"thumbnailUrl":"https:\/\/arfolk.bzh\/wp-content\/uploads\/2024\/04\/glenmor_10ansdeja-scaled.jpg","datePublished":"2006-11-15T19:18:36+00:00","dateModified":"2025-12-11T11:24:08+00:00","description":"Retrouvez l'album compilation de Glenmor - Ar pep gwella\u00f1 . 10 ans d\u00e9j\u00e0... Commandez directement en ligne sur arfolk.bzh, le label discographique breton.","breadcrumb":{"@id":"https:\/\/arfolk.bzh\/boutique\/glenmor-10-ans-deja\/#breadcrumb"},"inLanguage":"br-FR","potentialAction":[{"@type":"ReadAction","target":["https:\/\/arfolk.bzh\/boutique\/glenmor-10-ans-deja\/"]}]},{"@type":"ImageObject","inLanguage":"br-FR","@id":"https:\/\/arfolk.bzh\/boutique\/glenmor-10-ans-deja\/#primaryimage","url":"https:\/\/arfolk.bzh\/wp-content\/uploads\/2024\/04\/glenmor_10ansdeja-scaled.jpg","contentUrl":"https:\/\/arfolk.bzh\/wp-content\/uploads\/2024\/04\/glenmor_10ansdeja-scaled.jpg","width":2560,"height":2560,"caption":"glenmor 10ansdeja"},{"@type":"BreadcrumbList","@id":"https:\/\/arfolk.bzh\/boutique\/glenmor-10-ans-deja\/#breadcrumb","itemListElement":[{"@type":"ListItem","position":1,"name":"Accueil","item":"https:\/\/arfolk.bzh\/"},{"@type":"ListItem","position":2,"name":"Boutique","item":"https:\/\/arfolk.bzh\/boutique\/"},{"@type":"ListItem","position":3,"name":"Glenmor &#8211; Ar pep gwella\u00f1 &#8211; Dix ans d\u00e9j\u00e0&#8230; que le vent porte et pose"}]},{"@type":"WebSite","@id":"https:\/\/arfolk.bzh\/#website","url":"https:\/\/arfolk.bzh\/","name":"Arfolk","description":"Label discographique sp\u00e9cialis\u00e9 dans la musique bretonne","publisher":{"@id":"https:\/\/arfolk.bzh\/#organization"},"potentialAction":[{"@type":"SearchAction","target":{"@type":"EntryPoint","urlTemplate":"https:\/\/arfolk.bzh\/?s={search_term_string}"},"query-input":{"@type":"PropertyValueSpecification","valueRequired":true,"valueName":"search_term_string"}}],"inLanguage":"br-FR"},{"@type":"Organization","@id":"https:\/\/arfolk.bzh\/#organization","name":"Arfolk","alternateName":"Le label de la musique bretonne","url":"https:\/\/arfolk.bzh\/","logo":{"@type":"ImageObject","inLanguage":"br-FR","@id":"https:\/\/arfolk.bzh\/#\/schema\/logo\/image\/","url":"https:\/\/arfolk.bzh\/wp-content\/uploads\/2023\/11\/cropped-logo-label-de-musique-breton-arfolf-vignette.webp","contentUrl":"https:\/\/arfolk.bzh\/wp-content\/uploads\/2023\/11\/cropped-logo-label-de-musique-breton-arfolf-vignette.webp","width":512,"height":512,"caption":"Arfolk"},"image":{"@id":"https:\/\/arfolk.bzh\/#\/schema\/logo\/image\/"},"sameAs":["https:\/\/www.facebook.com\/Arfolkmusik","https:\/\/www.instagram.com\/arfolkmusik\/"]}]}},"jetpack_sharing_enabled":true,"_links":{"self":[{"href":"https:\/\/arfolk.bzh\/br\/wp-json\/wp\/v2\/product\/2586","targetHints":{"allow":["GET"]}}],"collection":[{"href":"https:\/\/arfolk.bzh\/br\/wp-json\/wp\/v2\/product"}],"about":[{"href":"https:\/\/arfolk.bzh\/br\/wp-json\/wp\/v2\/types\/product"}],"wp:featuredmedia":[{"embeddable":true,"href":"https:\/\/arfolk.bzh\/br\/wp-json\/wp\/v2\/media\/2328"}],"wp:attachment":[{"href":"https:\/\/arfolk.bzh\/br\/wp-json\/wp\/v2\/media?parent=2586"}],"wp:term":[{"taxonomy":"product_brand","embeddable":true,"href":"https:\/\/arfolk.bzh\/br\/wp-json\/wp\/v2\/product_brand?post=2586"},{"taxonomy":"product_cat","embeddable":true,"href":"https:\/\/arfolk.bzh\/br\/wp-json\/wp\/v2\/false?post=2586"},{"taxonomy":"product_tag","embeddable":true,"href":"https:\/\/arfolk.bzh\/br\/wp-json\/wp\/v2\/product_tag?post=2586"},{"taxonomy":"disponible_a_la_vente","embeddable":true,"href":"https:\/\/arfolk.bzh\/br\/wp-json\/wp\/v2\/disponible_a_la_vente?post=2586"},{"taxonomy":"langue","embeddable":true,"href":"https:\/\/arfolk.bzh\/br\/wp-json\/wp\/v2\/langue?post=2586"},{"taxonomy":"style","embeddable":true,"href":"https:\/\/arfolk.bzh\/br\/wp-json\/wp\/v2\/style?post=2586"},{"taxonomy":"supports","embeddable":true,"href":"https:\/\/arfolk.bzh\/br\/wp-json\/wp\/v2\/supports?post=2586"}],"curies":[{"name":"wp","href":"https:\/\/api.w.org\/{rel}","templated":true}]}}

Glenmor &#8211; Ar pep gwellañ &#8211; Dix ans déjà&#8230; que le vent porte et pose

<p><iframe loading="lazy" title="Glenmor - Dix ans déjà... Que le vent porte et pose" width="1080" height="608" src="https://www.youtube.com/embed/videoseries?list=PLQMZD0e8YHDJbq5eKr-qv-cuiwcSVF6Rw"  allow="accelerometer; autoplay; clipboard-write; encrypted-media; gyroscope; picture-in-picture; web-share" referrerpolicy="strict-origin-when-cross-origin" allowfullscreen></iframe></p>
<p><strong>Tracklist de  » Ar pep gwellañ . 10 ans déjà&#8230; « :</strong></p>
<ol>
<li><strong>Le Retour (voici bien ma terre)</strong></li>
<li><strong>Ils se meurent nos oiseaux</strong></li>
<li><strong>Cet amour-là</strong></li>
<li><strong>Dieu me damne</strong></li>
<li><strong>Sodome</strong></li>
<li><strong>O Keltia</strong></li>
<li><strong>La garce</strong></li>
<li><strong>Le temps des pluies</strong></li>
<li><strong>La main qui se tend</strong></li>
<li><strong>Groñvel</strong></li>
<li><strong>Ouvrez les portes de la nuit</strong></li>
<li><strong>Kan-bale an ARB</strong></li>
<li><strong>Le récit bardique</strong></li>
<li><strong>E dibenn miz Gwengolo</strong></li>
<li><strong>Contre marseillaise</strong></li>
<li><strong>Apocalypse</strong></li>
<li><strong>Ha bec&rsquo;h ha bec&rsquo;h</strong></li>
<li><strong>Le mont Nebo</strong></li>
<li><strong>L&rsquo;amour est fleur</strong></li>
</ol>

<p>CD accompagné d&rsquo;un livret de 28 pages de chansons et photographies</p>
<p>Ecoutez en Streaming : <strong><a href="https://fanlink.tv/wepe">https://fanlink.tv/wepe</a></strong></p>

<!-- This site is optimized with the Yoast SEO Premium plugin v24.0 (Yoast SEO v27.3) - https://yoast.com/product/yoast-seo-premium-wordpress/ -->
<title>Album de Glenmor - Ar pep gwellañ - Dix ans déjà... que le vent porte et pose</title>
<meta name="description" content="Retrouvez l&#039;album compilation de Glenmor - Ar pep gwellañ . 10 ans déjà... Commandez directement en ligne sur arfolk.bzh, le label discographique breton." />
<meta name="robots" content="index, follow, max-snippet:-1, max-image-preview:large, max-video-preview:-1" />
<link rel="canonical" href="https://arfolk.bzh/br/boutique/glenmor-10-ans-deja/" />
<script type="application/ld+json" class="yoast-schema-graph">{"@context":"https:\/\/schema.org","@graph":[{"@type":"WebPage","@id":"https:\/\/arfolk.bzh\/boutique\/glenmor-10-ans-deja\/","url":"https:\/\/arfolk.bzh\/boutique\/glenmor-10-ans-deja\/","name":"Album de Glenmor - Ar pep gwellañ - Dix ans déjà... que le vent porte et pose","isPartOf":{"@id":"https:\/\/arfolk.bzh\/#website"},"primaryImageOfPage":{"@id":"https:\/\/arfolk.bzh\/boutique\/glenmor-10-ans-deja\/#primaryimage"},"image":{"@id":"https:\/\/arfolk.bzh\/boutique\/glenmor-10-ans-deja\/#primaryimage"},"thumbnailUrl":"https:\/\/arfolk.bzh\/wp-content\/uploads\/2024\/04\/glenmor_10ansdeja-scaled.jpg","datePublished":"2006-11-15T19:18:36+00:00","dateModified":"2025-12-11T11:24:08+00:00","description":"Retrouvez l'album compilation de Glenmor - Ar pep gwellañ . 10 ans déjà... Commandez directement en ligne sur arfolk.bzh, le label discographique breton.","breadcrumb":{"@id":"https:\/\/arfolk.bzh\/boutique\/glenmor-10-ans-deja\/#breadcrumb"},"inLanguage":"br-FR","potentialAction":[{"@type":"ReadAction","target":["https:\/\/arfolk.bzh\/boutique\/glenmor-10-ans-deja\/"]}]},{"@type":"ImageObject","inLanguage":"br-FR","@id":"https:\/\/arfolk.bzh\/boutique\/glenmor-10-ans-deja\/#primaryimage","url":"https:\/\/arfolk.bzh\/wp-content\/uploads\/2024\/04\/glenmor_10ansdeja-scaled.jpg","contentUrl":"https:\/\/arfolk.bzh\/wp-content\/uploads\/2024\/04\/glenmor_10ansdeja-scaled.jpg","width":2560,"height":2560,"caption":"glenmor 10ansdeja"},{"@type":"BreadcrumbList","@id":"https:\/\/arfolk.bzh\/boutique\/glenmor-10-ans-deja\/#breadcrumb","itemListElement":[{"@type":"ListItem","position":1,"name":"Accueil","item":"https:\/\/arfolk.bzh\/"},{"@type":"ListItem","position":2,"name":"Boutique","item":"https:\/\/arfolk.bzh\/boutique\/"},{"@type":"ListItem","position":3,"name":"Glenmor &#8211; Ar pep gwellañ &#8211; Dix ans déjà&#8230; que le vent porte et pose"}]},{"@type":"WebSite","@id":"https:\/\/arfolk.bzh\/#website","url":"https:\/\/arfolk.bzh\/","name":"Arfolk","description":"Label discographique spécialisé dans la musique bretonne","publisher":{"@id":"https:\/\/arfolk.bzh\/#organization"},"potentialAction":[{"@type":"SearchAction","target":{"@type":"EntryPoint","urlTemplate":"https:\/\/arfolk.bzh\/?s={search_term_string}"},"query-input":{"@type":"PropertyValueSpecification","valueRequired":true,"valueName":"search_term_string"}}],"inLanguage":"br-FR"},{"@type":"Organization","@id":"https:\/\/arfolk.bzh\/#organization","name":"Arfolk","alternateName":"Le label de la musique bretonne","url":"https:\/\/arfolk.bzh\/","logo":{"@type":"ImageObject","inLanguage":"br-FR","@id":"https:\/\/arfolk.bzh\/#\/schema\/logo\/image\/","url":"https:\/\/arfolk.bzh\/wp-content\/uploads\/2023\/11\/cropped-logo-label-de-musique-breton-arfolf-vignette.webp","contentUrl":"https:\/\/arfolk.bzh\/wp-content\/uploads\/2023\/11\/cropped-logo-label-de-musique-breton-arfolf-vignette.webp","width":512,"height":512,"caption":"Arfolk"},"image":{"@id":"https:\/\/arfolk.bzh\/#\/schema\/logo\/image\/"},"sameAs":["https:\/\/www.facebook.com\/Arfolkmusik","https:\/\/www.instagram.com\/arfolkmusik\/"]}]}</script>
<!-- / Yoast SEO Premium plugin. -->

Album de Glenmor - Ar pep gwellañ - Dix ans déjà... que le vent porte et pose

Retrouvez l'album compilation de Glenmor - Ar pep gwellañ . 10 ans déjà... Commandez directement en ligne sur arfolk.bzh, le label discographique breton.

Label discographique spécialisé dans la musique bretonne
