{"id":2589,"date":"2001-11-01T20:18:36","date_gmt":"2001-11-01T19:18:36","guid":{"rendered":"https:\/\/arfolk.bzh\/boutique\/hamon-martin-quartet-allune\/"},"modified":"2025-12-11T12:22:59","modified_gmt":"2025-12-11T11:22:59","slug":"hamon-martin-quartet-allune","status":"publish","type":"product","link":"https:\/\/arfolk.bzh\/br\/boutique\/hamon-martin-quartet-allune\/","title":{"rendered":"Hamon Martin Quartet &#8211; Allune"},"content":{"rendered":"<p><iframe loading=\"lazy\" title=\"Hamon Martin Quartet - Allune\" width=\"1080\" height=\"608\" src=\"https:\/\/www.youtube.com\/embed\/videoseries?list=PLQMZD0e8YHDL4r5b7rAufcQ0ycn9PSS8z\"  allow=\"accelerometer; autoplay; clipboard-write; encrypted-media; gyroscope; picture-in-picture; web-share\" referrerpolicy=\"strict-origin-when-cross-origin\" allowfullscreen><\/iframe><\/p>\n<div class=\"tracklisting-table-row border-b border-base-350\">\n<div class=\"tracklisting-track-main flex table-row items-center\">\n<div class=\"table-column-rank flex flex-col\"><\/div>\n<div class=\"tracklisting-table-row-inner\">\n<div class=\"flex items-center\">\n<div class=\"flex flex-col\">\n<div class=\"tracklisting-track-main-field text-sm font-medium text-base-content\">Tracklist de \u00a0\u00bb Allune \u00a0\u00bb :<\/div>\n<div><\/div>\n<ol>\n<li class=\"tracklisting-track-main-field text-sm font-medium text-base-content\">La fille du grand monde<\/li>\n<li class=\"tracklisting-track-main-field text-sm font-medium text-base-content\">\u00c0 dix carreaux<\/li>\n<li class=\"tracklisting-track-main-field text-sm font-medium text-base-content\">J&rsquo;ai promis \u00e0 ma ch\u00e8re amie<\/li>\n<li class=\"tracklisting-track-main-field text-sm font-medium text-base-content\">Rossignolet du bois<\/li>\n<li class=\"tracklisting-track-main-field text-sm font-medium text-base-content\">La belle contrari\u00e9e<\/li>\n<li class=\"tracklisting-track-main-field text-sm font-medium text-base-content\">Vals an anaon &amp; valse de Bardamu<\/li>\n<li class=\"tracklisting-track-main-field text-sm font-medium text-base-content\">Le sort d&rsquo;un marinier<\/li>\n<li class=\"tracklisting-track-main-field text-sm font-medium text-base-content\">\u00c0 la cour du palais<\/li>\n<li class=\"tracklisting-track-main-field text-sm font-medium text-base-content\">La belle cherche son amant<\/li>\n<li class=\"tracklisting-track-main-field text-sm font-medium text-base-content\">T&rsquo;en souviens-tu mignonne ?<\/li>\n<li class=\"tracklisting-track-main-field text-sm font-medium text-base-content\">\u00c9coutez tous ma triste fin<\/li>\n<li class=\"tracklisting-track-main-field text-sm font-medium text-base-content\">Le bouquet de trois couleurs<\/li>\n<\/ol>\n<\/div>\n<\/div>\n<\/div>\n<\/div>\n<\/div>","protected":false},"excerpt":{"rendered":"<p>\u00ab\u00a0Allune\u00a0\u00bb\u00a0est un album marquant\u00a0\u00e0 double titre. D\u2019abord parce qu\u2019il fait la synth\u00e8se du parcours des jeunes musiciens\u00a0qui composent alors ce\u00a0quartet.\u00a0Mais aussi et surtout parce qu\u2019il est le\u00a0point de d\u00e9part d\u2019un groupe \u2013\u00a0devenu quintet \u2013\u00a0qui fait figure de r\u00e9f\u00e9rence depuis bient\u00f4t vingt ans en\u00a0Haute-Bretagne\u00a0et dans le monde des musiques traditionnelles.<\/p>\n<p>\u00c9coutez en Streaming : <a href=\"https:\/\/fanlink.tv\/wnE7\">https:\/\/fanlink.tv\/wnE7<\/a><\/p>","protected":false},"featured_media":3036,"template":"","meta":{"_acf_changed":false,"_et_pb_use_builder":"","_et_pb_old_content":"","_et_gb_content_width":""},"product_brand":[],"false":[49],"product_tag":[],"disponible_a_la_vente":[],"langue":[72],"style":[76],"supports":[88],"class_list":{"0":"post-2589","1":"product","2":"type-product","3":"status-publish","4":"has-post-thumbnail","6":"product_cat-hamon-martin","7":"langue-francais","8":"style-fest-noz","9":"supports-dematerialise","11":"first","12":"outofstock","13":"product-type-simple"},"acf":[],"yoast_head":"<!-- This site is optimized with the Yoast SEO Premium plugin v24.0 (Yoast SEO v27.3) - https:\/\/yoast.com\/product\/yoast-seo-premium-wordpress\/ -->\n<title>Album de Hamon Martin Quartet - Allune<\/title>\n<meta name=\"description\" content=\"Retrouvez l&#039;album de Hamon Martin Quartet - Allune. Commandez directement en ligne sur arfolk.bzh, le label discographique breton.\" \/>\n<meta name=\"robots\" content=\"index, follow, max-snippet:-1, max-image-preview:large, max-video-preview:-1\" \/>\n<link rel=\"canonical\" href=\"https:\/\/arfolk.bzh\/br\/boutique\/hamon-martin-quartet-allune\/\" \/>\n<script type=\"application\/ld+json\" class=\"yoast-schema-graph\">{\"@context\":\"https:\\\/\\\/schema.org\",\"@graph\":[{\"@type\":\"WebPage\",\"@id\":\"https:\\\/\\\/arfolk.bzh\\\/boutique\\\/hamon-martin-quartet-allune\\\/\",\"url\":\"https:\\\/\\\/arfolk.bzh\\\/boutique\\\/hamon-martin-quartet-allune\\\/\",\"name\":\"Album de Hamon Martin Quartet - Allune\",\"isPartOf\":{\"@id\":\"https:\\\/\\\/arfolk.bzh\\\/#website\"},\"primaryImageOfPage\":{\"@id\":\"https:\\\/\\\/arfolk.bzh\\\/boutique\\\/hamon-martin-quartet-allune\\\/#primaryimage\"},\"image\":{\"@id\":\"https:\\\/\\\/arfolk.bzh\\\/boutique\\\/hamon-martin-quartet-allune\\\/#primaryimage\"},\"thumbnailUrl\":\"https:\\\/\\\/arfolk.bzh\\\/wp-content\\\/uploads\\\/2024\\\/04\\\/hamon-martin-quintet-allune.webp\",\"datePublished\":\"2001-11-01T19:18:36+00:00\",\"dateModified\":\"2025-12-11T11:22:59+00:00\",\"description\":\"Retrouvez l'album de Hamon Martin Quartet - Allune. Commandez directement en ligne sur arfolk.bzh, le label discographique breton.\",\"breadcrumb\":{\"@id\":\"https:\\\/\\\/arfolk.bzh\\\/boutique\\\/hamon-martin-quartet-allune\\\/#breadcrumb\"},\"inLanguage\":\"br-FR\",\"potentialAction\":[{\"@type\":\"ReadAction\",\"target\":[\"https:\\\/\\\/arfolk.bzh\\\/boutique\\\/hamon-martin-quartet-allune\\\/\"]}]},{\"@type\":\"ImageObject\",\"inLanguage\":\"br-FR\",\"@id\":\"https:\\\/\\\/arfolk.bzh\\\/boutique\\\/hamon-martin-quartet-allune\\\/#primaryimage\",\"url\":\"https:\\\/\\\/arfolk.bzh\\\/wp-content\\\/uploads\\\/2024\\\/04\\\/hamon-martin-quintet-allune.webp\",\"contentUrl\":\"https:\\\/\\\/arfolk.bzh\\\/wp-content\\\/uploads\\\/2024\\\/04\\\/hamon-martin-quintet-allune.webp\",\"width\":614,\"height\":614,\"caption\":\"hamon martin quintet allune\"},{\"@type\":\"BreadcrumbList\",\"@id\":\"https:\\\/\\\/arfolk.bzh\\\/boutique\\\/hamon-martin-quartet-allune\\\/#breadcrumb\",\"itemListElement\":[{\"@type\":\"ListItem\",\"position\":1,\"name\":\"Accueil\",\"item\":\"https:\\\/\\\/arfolk.bzh\\\/\"},{\"@type\":\"ListItem\",\"position\":2,\"name\":\"Boutique\",\"item\":\"https:\\\/\\\/arfolk.bzh\\\/boutique\\\/\"},{\"@type\":\"ListItem\",\"position\":3,\"name\":\"Hamon Martin Quartet &#8211; Allune\"}]},{\"@type\":\"WebSite\",\"@id\":\"https:\\\/\\\/arfolk.bzh\\\/#website\",\"url\":\"https:\\\/\\\/arfolk.bzh\\\/\",\"name\":\"Arfolk\",\"description\":\"Label discographique sp\u00e9cialis\u00e9 dans la musique bretonne\",\"publisher\":{\"@id\":\"https:\\\/\\\/arfolk.bzh\\\/#organization\"},\"potentialAction\":[{\"@type\":\"SearchAction\",\"target\":{\"@type\":\"EntryPoint\",\"urlTemplate\":\"https:\\\/\\\/arfolk.bzh\\\/?s={search_term_string}\"},\"query-input\":{\"@type\":\"PropertyValueSpecification\",\"valueRequired\":true,\"valueName\":\"search_term_string\"}}],\"inLanguage\":\"br-FR\"},{\"@type\":\"Organization\",\"@id\":\"https:\\\/\\\/arfolk.bzh\\\/#organization\",\"name\":\"Arfolk\",\"alternateName\":\"Le label de la musique bretonne\",\"url\":\"https:\\\/\\\/arfolk.bzh\\\/\",\"logo\":{\"@type\":\"ImageObject\",\"inLanguage\":\"br-FR\",\"@id\":\"https:\\\/\\\/arfolk.bzh\\\/#\\\/schema\\\/logo\\\/image\\\/\",\"url\":\"https:\\\/\\\/arfolk.bzh\\\/wp-content\\\/uploads\\\/2023\\\/11\\\/cropped-logo-label-de-musique-breton-arfolf-vignette.webp\",\"contentUrl\":\"https:\\\/\\\/arfolk.bzh\\\/wp-content\\\/uploads\\\/2023\\\/11\\\/cropped-logo-label-de-musique-breton-arfolf-vignette.webp\",\"width\":512,\"height\":512,\"caption\":\"Arfolk\"},\"image\":{\"@id\":\"https:\\\/\\\/arfolk.bzh\\\/#\\\/schema\\\/logo\\\/image\\\/\"},\"sameAs\":[\"https:\\\/\\\/www.facebook.com\\\/Arfolkmusik\",\"https:\\\/\\\/www.instagram.com\\\/arfolkmusik\\\/\"]}]}<\/script>\n<!-- \/ Yoast SEO Premium plugin. -->","yoast_head_json":{"title":"Album de Hamon Martin Quartet - Allune","description":"Retrouvez l'album de Hamon Martin Quartet - Allune. Commandez directement en ligne sur arfolk.bzh, le label discographique breton.","robots":{"index":"index","follow":"follow","max-snippet":"max-snippet:-1","max-image-preview":"max-image-preview:large","max-video-preview":"max-video-preview:-1"},"canonical":"https:\/\/arfolk.bzh\/br\/boutique\/hamon-martin-quartet-allune\/","schema":{"@context":"https:\/\/schema.org","@graph":[{"@type":"WebPage","@id":"https:\/\/arfolk.bzh\/boutique\/hamon-martin-quartet-allune\/","url":"https:\/\/arfolk.bzh\/boutique\/hamon-martin-quartet-allune\/","name":"Album de Hamon Martin Quartet - Allune","isPartOf":{"@id":"https:\/\/arfolk.bzh\/#website"},"primaryImageOfPage":{"@id":"https:\/\/arfolk.bzh\/boutique\/hamon-martin-quartet-allune\/#primaryimage"},"image":{"@id":"https:\/\/arfolk.bzh\/boutique\/hamon-martin-quartet-allune\/#primaryimage"},"thumbnailUrl":"https:\/\/arfolk.bzh\/wp-content\/uploads\/2024\/04\/hamon-martin-quintet-allune.webp","datePublished":"2001-11-01T19:18:36+00:00","dateModified":"2025-12-11T11:22:59+00:00","description":"Retrouvez l'album de Hamon Martin Quartet - Allune. Commandez directement en ligne sur arfolk.bzh, le label discographique breton.","breadcrumb":{"@id":"https:\/\/arfolk.bzh\/boutique\/hamon-martin-quartet-allune\/#breadcrumb"},"inLanguage":"br-FR","potentialAction":[{"@type":"ReadAction","target":["https:\/\/arfolk.bzh\/boutique\/hamon-martin-quartet-allune\/"]}]},{"@type":"ImageObject","inLanguage":"br-FR","@id":"https:\/\/arfolk.bzh\/boutique\/hamon-martin-quartet-allune\/#primaryimage","url":"https:\/\/arfolk.bzh\/wp-content\/uploads\/2024\/04\/hamon-martin-quintet-allune.webp","contentUrl":"https:\/\/arfolk.bzh\/wp-content\/uploads\/2024\/04\/hamon-martin-quintet-allune.webp","width":614,"height":614,"caption":"hamon martin quintet allune"},{"@type":"BreadcrumbList","@id":"https:\/\/arfolk.bzh\/boutique\/hamon-martin-quartet-allune\/#breadcrumb","itemListElement":[{"@type":"ListItem","position":1,"name":"Accueil","item":"https:\/\/arfolk.bzh\/"},{"@type":"ListItem","position":2,"name":"Boutique","item":"https:\/\/arfolk.bzh\/boutique\/"},{"@type":"ListItem","position":3,"name":"Hamon Martin Quartet &#8211; Allune"}]},{"@type":"WebSite","@id":"https:\/\/arfolk.bzh\/#website","url":"https:\/\/arfolk.bzh\/","name":"Arfolk","description":"Label discographique sp\u00e9cialis\u00e9 dans la musique bretonne","publisher":{"@id":"https:\/\/arfolk.bzh\/#organization"},"potentialAction":[{"@type":"SearchAction","target":{"@type":"EntryPoint","urlTemplate":"https:\/\/arfolk.bzh\/?s={search_term_string}"},"query-input":{"@type":"PropertyValueSpecification","valueRequired":true,"valueName":"search_term_string"}}],"inLanguage":"br-FR"},{"@type":"Organization","@id":"https:\/\/arfolk.bzh\/#organization","name":"Arfolk","alternateName":"Le label de la musique bretonne","url":"https:\/\/arfolk.bzh\/","logo":{"@type":"ImageObject","inLanguage":"br-FR","@id":"https:\/\/arfolk.bzh\/#\/schema\/logo\/image\/","url":"https:\/\/arfolk.bzh\/wp-content\/uploads\/2023\/11\/cropped-logo-label-de-musique-breton-arfolf-vignette.webp","contentUrl":"https:\/\/arfolk.bzh\/wp-content\/uploads\/2023\/11\/cropped-logo-label-de-musique-breton-arfolf-vignette.webp","width":512,"height":512,"caption":"Arfolk"},"image":{"@id":"https:\/\/arfolk.bzh\/#\/schema\/logo\/image\/"},"sameAs":["https:\/\/www.facebook.com\/Arfolkmusik","https:\/\/www.instagram.com\/arfolkmusik\/"]}]}},"jetpack_sharing_enabled":true,"_links":{"self":[{"href":"https:\/\/arfolk.bzh\/br\/wp-json\/wp\/v2\/product\/2589","targetHints":{"allow":["GET"]}}],"collection":[{"href":"https:\/\/arfolk.bzh\/br\/wp-json\/wp\/v2\/product"}],"about":[{"href":"https:\/\/arfolk.bzh\/br\/wp-json\/wp\/v2\/types\/product"}],"wp:featuredmedia":[{"embeddable":true,"href":"https:\/\/arfolk.bzh\/br\/wp-json\/wp\/v2\/media\/3036"}],"wp:attachment":[{"href":"https:\/\/arfolk.bzh\/br\/wp-json\/wp\/v2\/media?parent=2589"}],"wp:term":[{"taxonomy":"product_brand","embeddable":true,"href":"https:\/\/arfolk.bzh\/br\/wp-json\/wp\/v2\/product_brand?post=2589"},{"taxonomy":"product_cat","embeddable":true,"href":"https:\/\/arfolk.bzh\/br\/wp-json\/wp\/v2\/false?post=2589"},{"taxonomy":"product_tag","embeddable":true,"href":"https:\/\/arfolk.bzh\/br\/wp-json\/wp\/v2\/product_tag?post=2589"},{"taxonomy":"disponible_a_la_vente","embeddable":true,"href":"https:\/\/arfolk.bzh\/br\/wp-json\/wp\/v2\/disponible_a_la_vente?post=2589"},{"taxonomy":"langue","embeddable":true,"href":"https:\/\/arfolk.bzh\/br\/wp-json\/wp\/v2\/langue?post=2589"},{"taxonomy":"style","embeddable":true,"href":"https:\/\/arfolk.bzh\/br\/wp-json\/wp\/v2\/style?post=2589"},{"taxonomy":"supports","embeddable":true,"href":"https:\/\/arfolk.bzh\/br\/wp-json\/wp\/v2\/supports?post=2589"}],"curies":[{"name":"wp","href":"https:\/\/api.w.org\/{rel}","templated":true}]}}

<p><iframe loading="lazy" title="Hamon Martin Quartet - Allune" width="1080" height="608" src="https://www.youtube.com/embed/videoseries?list=PLQMZD0e8YHDL4r5b7rAufcQ0ycn9PSS8z"  allow="accelerometer; autoplay; clipboard-write; encrypted-media; gyroscope; picture-in-picture; web-share" referrerpolicy="strict-origin-when-cross-origin" allowfullscreen></iframe></p>
<div class="tracklisting-table-row border-b border-base-350">
<div class="tracklisting-track-main flex table-row items-center">
<div class="table-column-rank flex flex-col"></div>
<div class="tracklisting-table-row-inner">
<div class="flex items-center">
<div class="flex flex-col">
<div class="tracklisting-track-main-field text-sm font-medium text-base-content">Tracklist de  » Allune  » :</div>
<div></div>
<ol>
<li class="tracklisting-track-main-field text-sm font-medium text-base-content">La fille du grand monde</li>
<li class="tracklisting-track-main-field text-sm font-medium text-base-content">À dix carreaux</li>
<li class="tracklisting-track-main-field text-sm font-medium text-base-content">J&rsquo;ai promis à ma chère amie</li>
<li class="tracklisting-track-main-field text-sm font-medium text-base-content">Rossignolet du bois</li>
<li class="tracklisting-track-main-field text-sm font-medium text-base-content">La belle contrariée</li>
<li class="tracklisting-track-main-field text-sm font-medium text-base-content">Vals an anaon &amp; valse de Bardamu</li>
<li class="tracklisting-track-main-field text-sm font-medium text-base-content">Le sort d&rsquo;un marinier</li>
<li class="tracklisting-track-main-field text-sm font-medium text-base-content">À la cour du palais</li>
<li class="tracklisting-track-main-field text-sm font-medium text-base-content">La belle cherche son amant</li>
<li class="tracklisting-track-main-field text-sm font-medium text-base-content">T&rsquo;en souviens-tu mignonne ?</li>
<li class="tracklisting-track-main-field text-sm font-medium text-base-content">Écoutez tous ma triste fin</li>
<li class="tracklisting-track-main-field text-sm font-medium text-base-content">Le bouquet de trois couleurs</li>
</ol>
</div>
</div>
</div>
</div>
</div>

<p>« Allune » est un album marquant à double titre. D’abord parce qu’il fait la synthèse du parcours des jeunes musiciens qui composent alors ce quartet. Mais aussi et surtout parce qu’il est le point de départ d’un groupe – devenu quintet – qui fait figure de référence depuis bientôt vingt ans en Haute-Bretagne et dans le monde des musiques traditionnelles.</p>
<p>Écoutez en Streaming : <a href="https://fanlink.tv/wnE7">https://fanlink.tv/wnE7</a></p>

<!-- This site is optimized with the Yoast SEO Premium plugin v24.0 (Yoast SEO v27.3) - https://yoast.com/product/yoast-seo-premium-wordpress/ -->
<title>Album de Hamon Martin Quartet - Allune</title>
<meta name="description" content="Retrouvez l&#039;album de Hamon Martin Quartet - Allune. Commandez directement en ligne sur arfolk.bzh, le label discographique breton." />
<meta name="robots" content="index, follow, max-snippet:-1, max-image-preview:large, max-video-preview:-1" />
<link rel="canonical" href="https://arfolk.bzh/br/boutique/hamon-martin-quartet-allune/" />
<script type="application/ld+json" class="yoast-schema-graph">{"@context":"https:\/\/schema.org","@graph":[{"@type":"WebPage","@id":"https:\/\/arfolk.bzh\/boutique\/hamon-martin-quartet-allune\/","url":"https:\/\/arfolk.bzh\/boutique\/hamon-martin-quartet-allune\/","name":"Album de Hamon Martin Quartet - Allune","isPartOf":{"@id":"https:\/\/arfolk.bzh\/#website"},"primaryImageOfPage":{"@id":"https:\/\/arfolk.bzh\/boutique\/hamon-martin-quartet-allune\/#primaryimage"},"image":{"@id":"https:\/\/arfolk.bzh\/boutique\/hamon-martin-quartet-allune\/#primaryimage"},"thumbnailUrl":"https:\/\/arfolk.bzh\/wp-content\/uploads\/2024\/04\/hamon-martin-quintet-allune.webp","datePublished":"2001-11-01T19:18:36+00:00","dateModified":"2025-12-11T11:22:59+00:00","description":"Retrouvez l'album de Hamon Martin Quartet - Allune. Commandez directement en ligne sur arfolk.bzh, le label discographique breton.","breadcrumb":{"@id":"https:\/\/arfolk.bzh\/boutique\/hamon-martin-quartet-allune\/#breadcrumb"},"inLanguage":"br-FR","potentialAction":[{"@type":"ReadAction","target":["https:\/\/arfolk.bzh\/boutique\/hamon-martin-quartet-allune\/"]}]},{"@type":"ImageObject","inLanguage":"br-FR","@id":"https:\/\/arfolk.bzh\/boutique\/hamon-martin-quartet-allune\/#primaryimage","url":"https:\/\/arfolk.bzh\/wp-content\/uploads\/2024\/04\/hamon-martin-quintet-allune.webp","contentUrl":"https:\/\/arfolk.bzh\/wp-content\/uploads\/2024\/04\/hamon-martin-quintet-allune.webp","width":614,"height":614,"caption":"hamon martin quintet allune"},{"@type":"BreadcrumbList","@id":"https:\/\/arfolk.bzh\/boutique\/hamon-martin-quartet-allune\/#breadcrumb","itemListElement":[{"@type":"ListItem","position":1,"name":"Accueil","item":"https:\/\/arfolk.bzh\/"},{"@type":"ListItem","position":2,"name":"Boutique","item":"https:\/\/arfolk.bzh\/boutique\/"},{"@type":"ListItem","position":3,"name":"Hamon Martin Quartet &#8211; Allune"}]},{"@type":"WebSite","@id":"https:\/\/arfolk.bzh\/#website","url":"https:\/\/arfolk.bzh\/","name":"Arfolk","description":"Label discographique spécialisé dans la musique bretonne","publisher":{"@id":"https:\/\/arfolk.bzh\/#organization"},"potentialAction":[{"@type":"SearchAction","target":{"@type":"EntryPoint","urlTemplate":"https:\/\/arfolk.bzh\/?s={search_term_string}"},"query-input":{"@type":"PropertyValueSpecification","valueRequired":true,"valueName":"search_term_string"}}],"inLanguage":"br-FR"},{"@type":"Organization","@id":"https:\/\/arfolk.bzh\/#organization","name":"Arfolk","alternateName":"Le label de la musique bretonne","url":"https:\/\/arfolk.bzh\/","logo":{"@type":"ImageObject","inLanguage":"br-FR","@id":"https:\/\/arfolk.bzh\/#\/schema\/logo\/image\/","url":"https:\/\/arfolk.bzh\/wp-content\/uploads\/2023\/11\/cropped-logo-label-de-musique-breton-arfolf-vignette.webp","contentUrl":"https:\/\/arfolk.bzh\/wp-content\/uploads\/2023\/11\/cropped-logo-label-de-musique-breton-arfolf-vignette.webp","width":512,"height":512,"caption":"Arfolk"},"image":{"@id":"https:\/\/arfolk.bzh\/#\/schema\/logo\/image\/"},"sameAs":["https:\/\/www.facebook.com\/Arfolkmusik","https:\/\/www.instagram.com\/arfolkmusik\/"]}]}</script>
<!-- / Yoast SEO Premium plugin. -->

Label discographique spécialisé dans la musique bretonne
