{"id":2595,"date":"2019-02-15T20:18:36","date_gmt":"2019-02-15T19:18:36","guid":{"rendered":"https:\/\/arfolk.bzh\/boutique\/hiks-bezan-en-e-vutun\/"},"modified":"2025-12-11T11:20:01","modified_gmt":"2025-12-11T10:20:01","slug":"hiks-bezan-en-e-vutun","status":"publish","type":"product","link":"https:\/\/arfolk.bzh\/br\/boutique\/hiks-bezan-en-e-vutun\/","title":{"rendered":"HIKS &#8211; Beza\u00f1 en e vutun"},"content":{"rendered":"<p>&nbsp;<\/p>\n<p><iframe loading=\"lazy\" title=\"Hiks - Beza\u00f1 en e vutun\" width=\"1080\" height=\"608\" src=\"https:\/\/www.youtube.com\/embed\/videoseries?list=PLQMZD0e8YHDLv355wrQIMywJDAa_Ni7Yu\"  allow=\"accelerometer; autoplay; clipboard-write; encrypted-media; gyroscope; picture-in-picture; web-share\" referrerpolicy=\"strict-origin-when-cross-origin\" allowfullscreen><\/iframe><\/p>\n<p><strong>Tracklist de \u00a0\u00bb Beza\u00f1 en e vutun \u00ab\u00a0:<\/strong><\/p>\n<ol>\n<li><strong>Amzer vrema\u00f1 (Rond de Saint-Vincent)<\/strong><\/li>\n<li><strong>Doare divizout brema\u00f1 (Fisel ton simpl)<\/strong><\/li>\n<li><strong>Doare gouc&rsquo;hemenn (Bal Fisel)<\/strong><\/li>\n<li><strong>Doare divizout tremenet (Fisel ton doubl)<\/strong><\/li>\n<li><strong>Amzer vrema\u00f1 kevrennek (Hanter dro)<\/strong><\/li>\n<li><strong>Amzer damont (Mazurka)<\/strong><\/li>\n<li><strong>Amzer dremenet kevrennek (Loudia 1er rond)<\/strong><\/li>\n<li><strong>Amzer dremenet strizh (Baleu loudia)<\/strong><\/li>\n<li><strong>Amzer dremenet Ledan (Loudia 2\u00e8me rond)<\/strong><\/li>\n<li><strong>Anv gwan (Kas a-barzh)<\/strong><\/li>\n<\/ol>","protected":false},"excerpt":{"rendered":"<p>Cinqui\u00e8me album du groupe d\u00e9sormais incontournable de la sc\u00e8ne du fest-noz \u00e9lectris\u00e9.<\/p>\n<p>Ecoutez en Streaming : <strong><a href=\"https:\/\/fanlink.tv\/bN2C\">https:\/\/fanlink.tv\/bN2C<\/a><\/strong><\/p>","protected":false},"featured_media":2338,"template":"","meta":{"_acf_changed":false,"_et_pb_use_builder":"","_et_pb_old_content":"","_et_gb_content_width":""},"product_brand":[],"false":[32],"product_tag":[],"disponible_a_la_vente":[38],"langue":[75],"style":[76],"supports":[86],"class_list":{"0":"post-2595","1":"product","2":"type-product","3":"status-publish","4":"has-post-thumbnail","6":"product_cat-non-classe","7":"disponible_a_la_vente-disponible-a-la-vente","8":"langue-instrumental","9":"style-fest-noz","10":"supports-cd","12":"first","13":"instock","14":"purchasable","15":"product-type-simple"},"acf":[],"yoast_head":"<!-- This site is optimized with the Yoast SEO Premium plugin v24.0 (Yoast SEO v27.3) - https:\/\/yoast.com\/product\/yoast-seo-premium-wordpress\/ -->\n<title>Album de HIKS - Beza\u00f1 en e vutun<\/title>\n<meta name=\"description\" content=\"Retrouvez l&#039;album de HIKS - Beza\u00f1 en e vutun. Groupe breton d&#039;\u00e9lectropop et rock fran\u00e7ais. Commandez directement en ligne sur arfolk.bzh.\" \/>\n<meta name=\"robots\" content=\"index, follow, max-snippet:-1, max-image-preview:large, max-video-preview:-1\" \/>\n<link rel=\"canonical\" href=\"https:\/\/arfolk.bzh\/br\/boutique\/hiks-bezan-en-e-vutun\/\" \/>\n<script type=\"application\/ld+json\" class=\"yoast-schema-graph\">{\"@context\":\"https:\\\/\\\/schema.org\",\"@graph\":[{\"@type\":\"WebPage\",\"@id\":\"https:\\\/\\\/arfolk.bzh\\\/boutique\\\/hiks-bezan-en-e-vutun\\\/\",\"url\":\"https:\\\/\\\/arfolk.bzh\\\/boutique\\\/hiks-bezan-en-e-vutun\\\/\",\"name\":\"Album de HIKS - Beza\u00f1 en e vutun\",\"isPartOf\":{\"@id\":\"https:\\\/\\\/arfolk.bzh\\\/#website\"},\"primaryImageOfPage\":{\"@id\":\"https:\\\/\\\/arfolk.bzh\\\/boutique\\\/hiks-bezan-en-e-vutun\\\/#primaryimage\"},\"image\":{\"@id\":\"https:\\\/\\\/arfolk.bzh\\\/boutique\\\/hiks-bezan-en-e-vutun\\\/#primaryimage\"},\"thumbnailUrl\":\"https:\\\/\\\/arfolk.bzh\\\/wp-content\\\/uploads\\\/2024\\\/04\\\/hiks_bezanen-evutun-scaled.jpg\",\"datePublished\":\"2019-02-15T19:18:36+00:00\",\"dateModified\":\"2025-12-11T10:20:01+00:00\",\"description\":\"Retrouvez l'album de HIKS - Beza\u00f1 en e vutun. Groupe breton d'\u00e9lectropop et rock fran\u00e7ais. Commandez directement en ligne sur arfolk.bzh.\",\"breadcrumb\":{\"@id\":\"https:\\\/\\\/arfolk.bzh\\\/boutique\\\/hiks-bezan-en-e-vutun\\\/#breadcrumb\"},\"inLanguage\":\"br-FR\",\"potentialAction\":[{\"@type\":\"ReadAction\",\"target\":[\"https:\\\/\\\/arfolk.bzh\\\/boutique\\\/hiks-bezan-en-e-vutun\\\/\"]}]},{\"@type\":\"ImageObject\",\"inLanguage\":\"br-FR\",\"@id\":\"https:\\\/\\\/arfolk.bzh\\\/boutique\\\/hiks-bezan-en-e-vutun\\\/#primaryimage\",\"url\":\"https:\\\/\\\/arfolk.bzh\\\/wp-content\\\/uploads\\\/2024\\\/04\\\/hiks_bezanen-evutun-scaled.jpg\",\"contentUrl\":\"https:\\\/\\\/arfolk.bzh\\\/wp-content\\\/uploads\\\/2024\\\/04\\\/hiks_bezanen-evutun-scaled.jpg\",\"width\":2560,\"height\":2560,\"caption\":\"hiks bezanen evutun\"},{\"@type\":\"BreadcrumbList\",\"@id\":\"https:\\\/\\\/arfolk.bzh\\\/boutique\\\/hiks-bezan-en-e-vutun\\\/#breadcrumb\",\"itemListElement\":[{\"@type\":\"ListItem\",\"position\":1,\"name\":\"Accueil\",\"item\":\"https:\\\/\\\/arfolk.bzh\\\/\"},{\"@type\":\"ListItem\",\"position\":2,\"name\":\"Boutique\",\"item\":\"https:\\\/\\\/arfolk.bzh\\\/boutique\\\/\"},{\"@type\":\"ListItem\",\"position\":3,\"name\":\"HIKS &#8211; Beza\u00f1 en e vutun\"}]},{\"@type\":\"WebSite\",\"@id\":\"https:\\\/\\\/arfolk.bzh\\\/#website\",\"url\":\"https:\\\/\\\/arfolk.bzh\\\/\",\"name\":\"Arfolk\",\"description\":\"Label discographique sp\u00e9cialis\u00e9 dans la musique bretonne\",\"publisher\":{\"@id\":\"https:\\\/\\\/arfolk.bzh\\\/#organization\"},\"potentialAction\":[{\"@type\":\"SearchAction\",\"target\":{\"@type\":\"EntryPoint\",\"urlTemplate\":\"https:\\\/\\\/arfolk.bzh\\\/?s={search_term_string}\"},\"query-input\":{\"@type\":\"PropertyValueSpecification\",\"valueRequired\":true,\"valueName\":\"search_term_string\"}}],\"inLanguage\":\"br-FR\"},{\"@type\":\"Organization\",\"@id\":\"https:\\\/\\\/arfolk.bzh\\\/#organization\",\"name\":\"Arfolk\",\"alternateName\":\"Le label de la musique bretonne\",\"url\":\"https:\\\/\\\/arfolk.bzh\\\/\",\"logo\":{\"@type\":\"ImageObject\",\"inLanguage\":\"br-FR\",\"@id\":\"https:\\\/\\\/arfolk.bzh\\\/#\\\/schema\\\/logo\\\/image\\\/\",\"url\":\"https:\\\/\\\/arfolk.bzh\\\/wp-content\\\/uploads\\\/2023\\\/11\\\/cropped-logo-label-de-musique-breton-arfolf-vignette.webp\",\"contentUrl\":\"https:\\\/\\\/arfolk.bzh\\\/wp-content\\\/uploads\\\/2023\\\/11\\\/cropped-logo-label-de-musique-breton-arfolf-vignette.webp\",\"width\":512,\"height\":512,\"caption\":\"Arfolk\"},\"image\":{\"@id\":\"https:\\\/\\\/arfolk.bzh\\\/#\\\/schema\\\/logo\\\/image\\\/\"},\"sameAs\":[\"https:\\\/\\\/www.facebook.com\\\/Arfolkmusik\",\"https:\\\/\\\/www.instagram.com\\\/arfolkmusik\\\/\"]}]}<\/script>\n<!-- \/ Yoast SEO Premium plugin. -->","yoast_head_json":{"title":"Album de HIKS - Beza\u00f1 en e vutun","description":"Retrouvez l'album de HIKS - Beza\u00f1 en e vutun. Groupe breton d'\u00e9lectropop et rock fran\u00e7ais. Commandez directement en ligne sur arfolk.bzh.","robots":{"index":"index","follow":"follow","max-snippet":"max-snippet:-1","max-image-preview":"max-image-preview:large","max-video-preview":"max-video-preview:-1"},"canonical":"https:\/\/arfolk.bzh\/br\/boutique\/hiks-bezan-en-e-vutun\/","schema":{"@context":"https:\/\/schema.org","@graph":[{"@type":"WebPage","@id":"https:\/\/arfolk.bzh\/boutique\/hiks-bezan-en-e-vutun\/","url":"https:\/\/arfolk.bzh\/boutique\/hiks-bezan-en-e-vutun\/","name":"Album de HIKS - Beza\u00f1 en e vutun","isPartOf":{"@id":"https:\/\/arfolk.bzh\/#website"},"primaryImageOfPage":{"@id":"https:\/\/arfolk.bzh\/boutique\/hiks-bezan-en-e-vutun\/#primaryimage"},"image":{"@id":"https:\/\/arfolk.bzh\/boutique\/hiks-bezan-en-e-vutun\/#primaryimage"},"thumbnailUrl":"https:\/\/arfolk.bzh\/wp-content\/uploads\/2024\/04\/hiks_bezanen-evutun-scaled.jpg","datePublished":"2019-02-15T19:18:36+00:00","dateModified":"2025-12-11T10:20:01+00:00","description":"Retrouvez l'album de HIKS - Beza\u00f1 en e vutun. Groupe breton d'\u00e9lectropop et rock fran\u00e7ais. Commandez directement en ligne sur arfolk.bzh.","breadcrumb":{"@id":"https:\/\/arfolk.bzh\/boutique\/hiks-bezan-en-e-vutun\/#breadcrumb"},"inLanguage":"br-FR","potentialAction":[{"@type":"ReadAction","target":["https:\/\/arfolk.bzh\/boutique\/hiks-bezan-en-e-vutun\/"]}]},{"@type":"ImageObject","inLanguage":"br-FR","@id":"https:\/\/arfolk.bzh\/boutique\/hiks-bezan-en-e-vutun\/#primaryimage","url":"https:\/\/arfolk.bzh\/wp-content\/uploads\/2024\/04\/hiks_bezanen-evutun-scaled.jpg","contentUrl":"https:\/\/arfolk.bzh\/wp-content\/uploads\/2024\/04\/hiks_bezanen-evutun-scaled.jpg","width":2560,"height":2560,"caption":"hiks bezanen evutun"},{"@type":"BreadcrumbList","@id":"https:\/\/arfolk.bzh\/boutique\/hiks-bezan-en-e-vutun\/#breadcrumb","itemListElement":[{"@type":"ListItem","position":1,"name":"Accueil","item":"https:\/\/arfolk.bzh\/"},{"@type":"ListItem","position":2,"name":"Boutique","item":"https:\/\/arfolk.bzh\/boutique\/"},{"@type":"ListItem","position":3,"name":"HIKS &#8211; Beza\u00f1 en e vutun"}]},{"@type":"WebSite","@id":"https:\/\/arfolk.bzh\/#website","url":"https:\/\/arfolk.bzh\/","name":"Arfolk","description":"Label discographique sp\u00e9cialis\u00e9 dans la musique bretonne","publisher":{"@id":"https:\/\/arfolk.bzh\/#organization"},"potentialAction":[{"@type":"SearchAction","target":{"@type":"EntryPoint","urlTemplate":"https:\/\/arfolk.bzh\/?s={search_term_string}"},"query-input":{"@type":"PropertyValueSpecification","valueRequired":true,"valueName":"search_term_string"}}],"inLanguage":"br-FR"},{"@type":"Organization","@id":"https:\/\/arfolk.bzh\/#organization","name":"Arfolk","alternateName":"Le label de la musique bretonne","url":"https:\/\/arfolk.bzh\/","logo":{"@type":"ImageObject","inLanguage":"br-FR","@id":"https:\/\/arfolk.bzh\/#\/schema\/logo\/image\/","url":"https:\/\/arfolk.bzh\/wp-content\/uploads\/2023\/11\/cropped-logo-label-de-musique-breton-arfolf-vignette.webp","contentUrl":"https:\/\/arfolk.bzh\/wp-content\/uploads\/2023\/11\/cropped-logo-label-de-musique-breton-arfolf-vignette.webp","width":512,"height":512,"caption":"Arfolk"},"image":{"@id":"https:\/\/arfolk.bzh\/#\/schema\/logo\/image\/"},"sameAs":["https:\/\/www.facebook.com\/Arfolkmusik","https:\/\/www.instagram.com\/arfolkmusik\/"]}]}},"jetpack_sharing_enabled":true,"_links":{"self":[{"href":"https:\/\/arfolk.bzh\/br\/wp-json\/wp\/v2\/product\/2595","targetHints":{"allow":["GET"]}}],"collection":[{"href":"https:\/\/arfolk.bzh\/br\/wp-json\/wp\/v2\/product"}],"about":[{"href":"https:\/\/arfolk.bzh\/br\/wp-json\/wp\/v2\/types\/product"}],"wp:featuredmedia":[{"embeddable":true,"href":"https:\/\/arfolk.bzh\/br\/wp-json\/wp\/v2\/media\/2338"}],"wp:attachment":[{"href":"https:\/\/arfolk.bzh\/br\/wp-json\/wp\/v2\/media?parent=2595"}],"wp:term":[{"taxonomy":"product_brand","embeddable":true,"href":"https:\/\/arfolk.bzh\/br\/wp-json\/wp\/v2\/product_brand?post=2595"},{"taxonomy":"product_cat","embeddable":true,"href":"https:\/\/arfolk.bzh\/br\/wp-json\/wp\/v2\/false?post=2595"},{"taxonomy":"product_tag","embeddable":true,"href":"https:\/\/arfolk.bzh\/br\/wp-json\/wp\/v2\/product_tag?post=2595"},{"taxonomy":"disponible_a_la_vente","embeddable":true,"href":"https:\/\/arfolk.bzh\/br\/wp-json\/wp\/v2\/disponible_a_la_vente?post=2595"},{"taxonomy":"langue","embeddable":true,"href":"https:\/\/arfolk.bzh\/br\/wp-json\/wp\/v2\/langue?post=2595"},{"taxonomy":"style","embeddable":true,"href":"https:\/\/arfolk.bzh\/br\/wp-json\/wp\/v2\/style?post=2595"},{"taxonomy":"supports","embeddable":true,"href":"https:\/\/arfolk.bzh\/br\/wp-json\/wp\/v2\/supports?post=2595"}],"curies":[{"name":"wp","href":"https:\/\/api.w.org\/{rel}","templated":true}]}}

HIKS &#8211; Bezañ en e vutun

<p>&nbsp;</p>
<p><iframe loading="lazy" title="Hiks - Bezañ en e vutun" width="1080" height="608" src="https://www.youtube.com/embed/videoseries?list=PLQMZD0e8YHDLv355wrQIMywJDAa_Ni7Yu"  allow="accelerometer; autoplay; clipboard-write; encrypted-media; gyroscope; picture-in-picture; web-share" referrerpolicy="strict-origin-when-cross-origin" allowfullscreen></iframe></p>
<p><strong>Tracklist de  » Bezañ en e vutun « :</strong></p>
<ol>
<li><strong>Amzer vremañ (Rond de Saint-Vincent)</strong></li>
<li><strong>Doare divizout bremañ (Fisel ton simpl)</strong></li>
<li><strong>Doare gouc&rsquo;hemenn (Bal Fisel)</strong></li>
<li><strong>Doare divizout tremenet (Fisel ton doubl)</strong></li>
<li><strong>Amzer vremañ kevrennek (Hanter dro)</strong></li>
<li><strong>Amzer damont (Mazurka)</strong></li>
<li><strong>Amzer dremenet kevrennek (Loudia 1er rond)</strong></li>
<li><strong>Amzer dremenet strizh (Baleu loudia)</strong></li>
<li><strong>Amzer dremenet Ledan (Loudia 2ème rond)</strong></li>
<li><strong>Anv gwan (Kas a-barzh)</strong></li>
</ol>

<p>Cinquième album du groupe désormais incontournable de la scène du fest-noz électrisé.</p>
<p>Ecoutez en Streaming : <strong><a href="https://fanlink.tv/bN2C">https://fanlink.tv/bN2C</a></strong></p>

<!-- This site is optimized with the Yoast SEO Premium plugin v24.0 (Yoast SEO v27.3) - https://yoast.com/product/yoast-seo-premium-wordpress/ -->
<title>Album de HIKS - Bezañ en e vutun</title>
<meta name="description" content="Retrouvez l&#039;album de HIKS - Bezañ en e vutun. Groupe breton d&#039;électropop et rock français. Commandez directement en ligne sur arfolk.bzh." />
<meta name="robots" content="index, follow, max-snippet:-1, max-image-preview:large, max-video-preview:-1" />
<link rel="canonical" href="https://arfolk.bzh/br/boutique/hiks-bezan-en-e-vutun/" />
<script type="application/ld+json" class="yoast-schema-graph">{"@context":"https:\/\/schema.org","@graph":[{"@type":"WebPage","@id":"https:\/\/arfolk.bzh\/boutique\/hiks-bezan-en-e-vutun\/","url":"https:\/\/arfolk.bzh\/boutique\/hiks-bezan-en-e-vutun\/","name":"Album de HIKS - Bezañ en e vutun","isPartOf":{"@id":"https:\/\/arfolk.bzh\/#website"},"primaryImageOfPage":{"@id":"https:\/\/arfolk.bzh\/boutique\/hiks-bezan-en-e-vutun\/#primaryimage"},"image":{"@id":"https:\/\/arfolk.bzh\/boutique\/hiks-bezan-en-e-vutun\/#primaryimage"},"thumbnailUrl":"https:\/\/arfolk.bzh\/wp-content\/uploads\/2024\/04\/hiks_bezanen-evutun-scaled.jpg","datePublished":"2019-02-15T19:18:36+00:00","dateModified":"2025-12-11T10:20:01+00:00","description":"Retrouvez l'album de HIKS - Bezañ en e vutun. Groupe breton d'électropop et rock français. Commandez directement en ligne sur arfolk.bzh.","breadcrumb":{"@id":"https:\/\/arfolk.bzh\/boutique\/hiks-bezan-en-e-vutun\/#breadcrumb"},"inLanguage":"br-FR","potentialAction":[{"@type":"ReadAction","target":["https:\/\/arfolk.bzh\/boutique\/hiks-bezan-en-e-vutun\/"]}]},{"@type":"ImageObject","inLanguage":"br-FR","@id":"https:\/\/arfolk.bzh\/boutique\/hiks-bezan-en-e-vutun\/#primaryimage","url":"https:\/\/arfolk.bzh\/wp-content\/uploads\/2024\/04\/hiks_bezanen-evutun-scaled.jpg","contentUrl":"https:\/\/arfolk.bzh\/wp-content\/uploads\/2024\/04\/hiks_bezanen-evutun-scaled.jpg","width":2560,"height":2560,"caption":"hiks bezanen evutun"},{"@type":"BreadcrumbList","@id":"https:\/\/arfolk.bzh\/boutique\/hiks-bezan-en-e-vutun\/#breadcrumb","itemListElement":[{"@type":"ListItem","position":1,"name":"Accueil","item":"https:\/\/arfolk.bzh\/"},{"@type":"ListItem","position":2,"name":"Boutique","item":"https:\/\/arfolk.bzh\/boutique\/"},{"@type":"ListItem","position":3,"name":"HIKS &#8211; Bezañ en e vutun"}]},{"@type":"WebSite","@id":"https:\/\/arfolk.bzh\/#website","url":"https:\/\/arfolk.bzh\/","name":"Arfolk","description":"Label discographique spécialisé dans la musique bretonne","publisher":{"@id":"https:\/\/arfolk.bzh\/#organization"},"potentialAction":[{"@type":"SearchAction","target":{"@type":"EntryPoint","urlTemplate":"https:\/\/arfolk.bzh\/?s={search_term_string}"},"query-input":{"@type":"PropertyValueSpecification","valueRequired":true,"valueName":"search_term_string"}}],"inLanguage":"br-FR"},{"@type":"Organization","@id":"https:\/\/arfolk.bzh\/#organization","name":"Arfolk","alternateName":"Le label de la musique bretonne","url":"https:\/\/arfolk.bzh\/","logo":{"@type":"ImageObject","inLanguage":"br-FR","@id":"https:\/\/arfolk.bzh\/#\/schema\/logo\/image\/","url":"https:\/\/arfolk.bzh\/wp-content\/uploads\/2023\/11\/cropped-logo-label-de-musique-breton-arfolf-vignette.webp","contentUrl":"https:\/\/arfolk.bzh\/wp-content\/uploads\/2023\/11\/cropped-logo-label-de-musique-breton-arfolf-vignette.webp","width":512,"height":512,"caption":"Arfolk"},"image":{"@id":"https:\/\/arfolk.bzh\/#\/schema\/logo\/image\/"},"sameAs":["https:\/\/www.facebook.com\/Arfolkmusik","https:\/\/www.instagram.com\/arfolkmusik\/"]}]}</script>
<!-- / Yoast SEO Premium plugin. -->

Album de HIKS - Bezañ en e vutun

Retrouvez l'album de HIKS - Bezañ en e vutun. Groupe breton d'électropop et rock français. Commandez directement en ligne sur arfolk.bzh.

Label discographique spécialisé dans la musique bretonne
