{"id":2612,"date":"2000-01-14T20:18:49","date_gmt":"2000-01-14T19:18:49","guid":{"rendered":"https:\/\/arfolk.bzh\/boutique\/karma-nozata\/"},"modified":"2025-12-11T12:39:03","modified_gmt":"2025-12-11T11:39:03","slug":"karma-nozata","status":"publish","type":"product","link":"https:\/\/arfolk.bzh\/br\/boutique\/karma-nozata\/","title":{"rendered":"Karma &#8211; Nozata"},"content":{"rendered":"<p><iframe loading=\"lazy\" title=\"Karma - Nozata\" width=\"1080\" height=\"608\" src=\"https:\/\/www.youtube.com\/embed\/videoseries?list=PLQMZD0e8YHDLbzhCBAYDb4nCiQfcWI-KW\"  allow=\"accelerometer; autoplay; clipboard-write; encrypted-media; gyroscope; picture-in-picture; web-share\" referrerpolicy=\"strict-origin-when-cross-origin\" allowfullscreen><\/iframe><\/p>\n<p>&nbsp;<\/p>\n<p>Membres du groupe :<\/p>\n<ul>\n<li>Yann Le Corre\u00a0: accord\u00e9on<\/li>\n<li>Jonathan Dour\u00a0: violon<\/li>\n<li>Mikael Le Bihannic\u00a0: bombarde<\/li>\n<li>Antoine Lahay\u00a0: guitare \u00e9lectrique, voix<\/li>\n<li>St\u00e9phane Rama\u00a0: basse<\/li>\n<li>Jean Marie Nivaigne\u00a0: batterie<\/li>\n<\/ul>\n<p>&nbsp;<\/p>","protected":false},"excerpt":{"rendered":"<p><b>Deuxi\u00e8me album de Karma<\/b> &#8211; groupe de <a title=\"Musique bretonne\" href=\"https:\/\/fr.wikipedia.org\/wiki\/Musique_bretonne\">mu<\/a>sique bretonne ouverte \u00e0 divers influences: jazz, rock, zouk..<\/p>\n<p>Karma a \u00e9t\u00e9 cr\u00e9\u00e9 en <a title=\"1996\" href=\"https:\/\/fr.wikipedia.org\/wiki\/1996\">1<\/a>996 et est compos\u00e9 de 6 musiciens : Antoine Lahay \u00e0 la guitare, Yann Le Corre \u00e0 l&rsquo;accord\u00e9on, Jonathan Dour au violon, Mikael Le Bihannic \u00e0 la bombarde, St\u00e9phane Rama \u00e0 la basse et Jean-Marie Nivaigne \u00e0 la batterie. \u00c9tienne Bescond a \u00e9galement fait partie du groupe, au <a title=\"Biniou kozh\" href=\"https:\/\/fr.wikipedia.org\/wiki\/Biniou_kozh\">bi<\/a>niou kozh.<\/p>\n<p>Le groupe se reforme \u00e0 l&rsquo;occasion du fest-noz de Scrignac, le vendredi 25 juillet 2025 !<\/p>\n<p>\u00c9coutez en Streaming : <a href=\"https:\/\/fanlink.tv\/Nozata\">https:\/\/fanlink.tv\/Nozata<\/a><\/p>","protected":false},"featured_media":2356,"template":"","meta":{"_acf_changed":false,"_et_pb_use_builder":"","_et_pb_old_content":"","_et_gb_content_width":""},"product_brand":[],"false":[32],"product_tag":[],"disponible_a_la_vente":[],"langue":[75],"style":[76],"supports":[88],"class_list":{"0":"post-2612","1":"product","2":"type-product","3":"status-publish","4":"has-post-thumbnail","6":"product_cat-non-classe","7":"langue-instrumental","8":"style-fest-noz","9":"supports-dematerialise","11":"first","12":"outofstock","13":"product-type-simple"},"acf":[],"yoast_head":"<!-- This site is optimized with the Yoast SEO Premium plugin v24.0 (Yoast SEO v27.3) - https:\/\/yoast.com\/product\/yoast-seo-premium-wordpress\/ -->\n<title>Album de Karma - Nozata<\/title>\n<meta name=\"description\" content=\"Retrouvez l&#039;album de Karma - Nozata. \u00c9coutez en streaming sur arfolk.bzh, le label discographique breton et venez red\u00e9couvrir le groupe \u00e0 Scrignac le 25\/07!\" \/>\n<meta name=\"robots\" content=\"index, follow, max-snippet:-1, max-image-preview:large, max-video-preview:-1\" \/>\n<link rel=\"canonical\" href=\"https:\/\/arfolk.bzh\/br\/boutique\/karma-nozata\/\" \/>\n<script type=\"application\/ld+json\" class=\"yoast-schema-graph\">{\"@context\":\"https:\\\/\\\/schema.org\",\"@graph\":[{\"@type\":\"WebPage\",\"@id\":\"https:\\\/\\\/arfolk.bzh\\\/boutique\\\/karma-nozata\\\/\",\"url\":\"https:\\\/\\\/arfolk.bzh\\\/boutique\\\/karma-nozata\\\/\",\"name\":\"Album de Karma - Nozata\",\"isPartOf\":{\"@id\":\"https:\\\/\\\/arfolk.bzh\\\/#website\"},\"primaryImageOfPage\":{\"@id\":\"https:\\\/\\\/arfolk.bzh\\\/boutique\\\/karma-nozata\\\/#primaryimage\"},\"image\":{\"@id\":\"https:\\\/\\\/arfolk.bzh\\\/boutique\\\/karma-nozata\\\/#primaryimage\"},\"thumbnailUrl\":\"https:\\\/\\\/arfolk.bzh\\\/wp-content\\\/uploads\\\/2024\\\/04\\\/karma_nozata-scaled.jpg\",\"datePublished\":\"2000-01-14T19:18:49+00:00\",\"dateModified\":\"2025-12-11T11:39:03+00:00\",\"description\":\"Retrouvez l'album de Karma - Nozata. \u00c9coutez en streaming sur arfolk.bzh, le label discographique breton et venez red\u00e9couvrir le groupe \u00e0 Scrignac le 25\\\/07!\",\"breadcrumb\":{\"@id\":\"https:\\\/\\\/arfolk.bzh\\\/boutique\\\/karma-nozata\\\/#breadcrumb\"},\"inLanguage\":\"br-FR\",\"potentialAction\":[{\"@type\":\"ReadAction\",\"target\":[\"https:\\\/\\\/arfolk.bzh\\\/boutique\\\/karma-nozata\\\/\"]}]},{\"@type\":\"ImageObject\",\"inLanguage\":\"br-FR\",\"@id\":\"https:\\\/\\\/arfolk.bzh\\\/boutique\\\/karma-nozata\\\/#primaryimage\",\"url\":\"https:\\\/\\\/arfolk.bzh\\\/wp-content\\\/uploads\\\/2024\\\/04\\\/karma_nozata-scaled.jpg\",\"contentUrl\":\"https:\\\/\\\/arfolk.bzh\\\/wp-content\\\/uploads\\\/2024\\\/04\\\/karma_nozata-scaled.jpg\",\"width\":2560,\"height\":2560,\"caption\":\"karma nozata\"},{\"@type\":\"BreadcrumbList\",\"@id\":\"https:\\\/\\\/arfolk.bzh\\\/boutique\\\/karma-nozata\\\/#breadcrumb\",\"itemListElement\":[{\"@type\":\"ListItem\",\"position\":1,\"name\":\"Accueil\",\"item\":\"https:\\\/\\\/arfolk.bzh\\\/\"},{\"@type\":\"ListItem\",\"position\":2,\"name\":\"Boutique\",\"item\":\"https:\\\/\\\/arfolk.bzh\\\/boutique\\\/\"},{\"@type\":\"ListItem\",\"position\":3,\"name\":\"Karma &#8211; Nozata\"}]},{\"@type\":\"WebSite\",\"@id\":\"https:\\\/\\\/arfolk.bzh\\\/#website\",\"url\":\"https:\\\/\\\/arfolk.bzh\\\/\",\"name\":\"Arfolk\",\"description\":\"Label discographique sp\u00e9cialis\u00e9 dans la musique bretonne\",\"publisher\":{\"@id\":\"https:\\\/\\\/arfolk.bzh\\\/#organization\"},\"potentialAction\":[{\"@type\":\"SearchAction\",\"target\":{\"@type\":\"EntryPoint\",\"urlTemplate\":\"https:\\\/\\\/arfolk.bzh\\\/?s={search_term_string}\"},\"query-input\":{\"@type\":\"PropertyValueSpecification\",\"valueRequired\":true,\"valueName\":\"search_term_string\"}}],\"inLanguage\":\"br-FR\"},{\"@type\":\"Organization\",\"@id\":\"https:\\\/\\\/arfolk.bzh\\\/#organization\",\"name\":\"Arfolk\",\"alternateName\":\"Le label de la musique bretonne\",\"url\":\"https:\\\/\\\/arfolk.bzh\\\/\",\"logo\":{\"@type\":\"ImageObject\",\"inLanguage\":\"br-FR\",\"@id\":\"https:\\\/\\\/arfolk.bzh\\\/#\\\/schema\\\/logo\\\/image\\\/\",\"url\":\"https:\\\/\\\/arfolk.bzh\\\/wp-content\\\/uploads\\\/2023\\\/11\\\/cropped-logo-label-de-musique-breton-arfolf-vignette.webp\",\"contentUrl\":\"https:\\\/\\\/arfolk.bzh\\\/wp-content\\\/uploads\\\/2023\\\/11\\\/cropped-logo-label-de-musique-breton-arfolf-vignette.webp\",\"width\":512,\"height\":512,\"caption\":\"Arfolk\"},\"image\":{\"@id\":\"https:\\\/\\\/arfolk.bzh\\\/#\\\/schema\\\/logo\\\/image\\\/\"},\"sameAs\":[\"https:\\\/\\\/www.facebook.com\\\/Arfolkmusik\",\"https:\\\/\\\/www.instagram.com\\\/arfolkmusik\\\/\"]}]}<\/script>\n<!-- \/ Yoast SEO Premium plugin. -->","yoast_head_json":{"title":"Album de Karma - Nozata","description":"Retrouvez l'album de Karma - Nozata. \u00c9coutez en streaming sur arfolk.bzh, le label discographique breton et venez red\u00e9couvrir le groupe \u00e0 Scrignac le 25\/07!","robots":{"index":"index","follow":"follow","max-snippet":"max-snippet:-1","max-image-preview":"max-image-preview:large","max-video-preview":"max-video-preview:-1"},"canonical":"https:\/\/arfolk.bzh\/br\/boutique\/karma-nozata\/","schema":{"@context":"https:\/\/schema.org","@graph":[{"@type":"WebPage","@id":"https:\/\/arfolk.bzh\/boutique\/karma-nozata\/","url":"https:\/\/arfolk.bzh\/boutique\/karma-nozata\/","name":"Album de Karma - Nozata","isPartOf":{"@id":"https:\/\/arfolk.bzh\/#website"},"primaryImageOfPage":{"@id":"https:\/\/arfolk.bzh\/boutique\/karma-nozata\/#primaryimage"},"image":{"@id":"https:\/\/arfolk.bzh\/boutique\/karma-nozata\/#primaryimage"},"thumbnailUrl":"https:\/\/arfolk.bzh\/wp-content\/uploads\/2024\/04\/karma_nozata-scaled.jpg","datePublished":"2000-01-14T19:18:49+00:00","dateModified":"2025-12-11T11:39:03+00:00","description":"Retrouvez l'album de Karma - Nozata. \u00c9coutez en streaming sur arfolk.bzh, le label discographique breton et venez red\u00e9couvrir le groupe \u00e0 Scrignac le 25\/07!","breadcrumb":{"@id":"https:\/\/arfolk.bzh\/boutique\/karma-nozata\/#breadcrumb"},"inLanguage":"br-FR","potentialAction":[{"@type":"ReadAction","target":["https:\/\/arfolk.bzh\/boutique\/karma-nozata\/"]}]},{"@type":"ImageObject","inLanguage":"br-FR","@id":"https:\/\/arfolk.bzh\/boutique\/karma-nozata\/#primaryimage","url":"https:\/\/arfolk.bzh\/wp-content\/uploads\/2024\/04\/karma_nozata-scaled.jpg","contentUrl":"https:\/\/arfolk.bzh\/wp-content\/uploads\/2024\/04\/karma_nozata-scaled.jpg","width":2560,"height":2560,"caption":"karma nozata"},{"@type":"BreadcrumbList","@id":"https:\/\/arfolk.bzh\/boutique\/karma-nozata\/#breadcrumb","itemListElement":[{"@type":"ListItem","position":1,"name":"Accueil","item":"https:\/\/arfolk.bzh\/"},{"@type":"ListItem","position":2,"name":"Boutique","item":"https:\/\/arfolk.bzh\/boutique\/"},{"@type":"ListItem","position":3,"name":"Karma &#8211; Nozata"}]},{"@type":"WebSite","@id":"https:\/\/arfolk.bzh\/#website","url":"https:\/\/arfolk.bzh\/","name":"Arfolk","description":"Label discographique sp\u00e9cialis\u00e9 dans la musique bretonne","publisher":{"@id":"https:\/\/arfolk.bzh\/#organization"},"potentialAction":[{"@type":"SearchAction","target":{"@type":"EntryPoint","urlTemplate":"https:\/\/arfolk.bzh\/?s={search_term_string}"},"query-input":{"@type":"PropertyValueSpecification","valueRequired":true,"valueName":"search_term_string"}}],"inLanguage":"br-FR"},{"@type":"Organization","@id":"https:\/\/arfolk.bzh\/#organization","name":"Arfolk","alternateName":"Le label de la musique bretonne","url":"https:\/\/arfolk.bzh\/","logo":{"@type":"ImageObject","inLanguage":"br-FR","@id":"https:\/\/arfolk.bzh\/#\/schema\/logo\/image\/","url":"https:\/\/arfolk.bzh\/wp-content\/uploads\/2023\/11\/cropped-logo-label-de-musique-breton-arfolf-vignette.webp","contentUrl":"https:\/\/arfolk.bzh\/wp-content\/uploads\/2023\/11\/cropped-logo-label-de-musique-breton-arfolf-vignette.webp","width":512,"height":512,"caption":"Arfolk"},"image":{"@id":"https:\/\/arfolk.bzh\/#\/schema\/logo\/image\/"},"sameAs":["https:\/\/www.facebook.com\/Arfolkmusik","https:\/\/www.instagram.com\/arfolkmusik\/"]}]}},"jetpack_sharing_enabled":true,"_links":{"self":[{"href":"https:\/\/arfolk.bzh\/br\/wp-json\/wp\/v2\/product\/2612","targetHints":{"allow":["GET"]}}],"collection":[{"href":"https:\/\/arfolk.bzh\/br\/wp-json\/wp\/v2\/product"}],"about":[{"href":"https:\/\/arfolk.bzh\/br\/wp-json\/wp\/v2\/types\/product"}],"wp:featuredmedia":[{"embeddable":true,"href":"https:\/\/arfolk.bzh\/br\/wp-json\/wp\/v2\/media\/2356"}],"wp:attachment":[{"href":"https:\/\/arfolk.bzh\/br\/wp-json\/wp\/v2\/media?parent=2612"}],"wp:term":[{"taxonomy":"product_brand","embeddable":true,"href":"https:\/\/arfolk.bzh\/br\/wp-json\/wp\/v2\/product_brand?post=2612"},{"taxonomy":"product_cat","embeddable":true,"href":"https:\/\/arfolk.bzh\/br\/wp-json\/wp\/v2\/false?post=2612"},{"taxonomy":"product_tag","embeddable":true,"href":"https:\/\/arfolk.bzh\/br\/wp-json\/wp\/v2\/product_tag?post=2612"},{"taxonomy":"disponible_a_la_vente","embeddable":true,"href":"https:\/\/arfolk.bzh\/br\/wp-json\/wp\/v2\/disponible_a_la_vente?post=2612"},{"taxonomy":"langue","embeddable":true,"href":"https:\/\/arfolk.bzh\/br\/wp-json\/wp\/v2\/langue?post=2612"},{"taxonomy":"style","embeddable":true,"href":"https:\/\/arfolk.bzh\/br\/wp-json\/wp\/v2\/style?post=2612"},{"taxonomy":"supports","embeddable":true,"href":"https:\/\/arfolk.bzh\/br\/wp-json\/wp\/v2\/supports?post=2612"}],"curies":[{"name":"wp","href":"https:\/\/api.w.org\/{rel}","templated":true}]}}

<p><iframe loading="lazy" title="Karma - Nozata" width="1080" height="608" src="https://www.youtube.com/embed/videoseries?list=PLQMZD0e8YHDLbzhCBAYDb4nCiQfcWI-KW"  allow="accelerometer; autoplay; clipboard-write; encrypted-media; gyroscope; picture-in-picture; web-share" referrerpolicy="strict-origin-when-cross-origin" allowfullscreen></iframe></p>
<p>&nbsp;</p>
<p>Membres du groupe :</p>
<ul>
<li>Yann Le Corre : accordéon</li>
<li>Jonathan Dour : violon</li>
<li>Mikael Le Bihannic : bombarde</li>
<li>Antoine Lahay : guitare électrique, voix</li>
<li>Stéphane Rama : basse</li>
<li>Jean Marie Nivaigne : batterie</li>
</ul>
<p>&nbsp;</p>

<p><b>Deuxième album de Karma</b> &#8211; groupe de <a title="Musique bretonne" href="https://fr.wikipedia.org/wiki/Musique_bretonne">mu</a>sique bretonne ouverte à divers influences: jazz, rock, zouk..</p>
<p>Karma a été créé en <a title="1996" href="https://fr.wikipedia.org/wiki/1996">1</a>996 et est composé de 6 musiciens : Antoine Lahay à la guitare, Yann Le Corre à l&rsquo;accordéon, Jonathan Dour au violon, Mikael Le Bihannic à la bombarde, Stéphane Rama à la basse et Jean-Marie Nivaigne à la batterie. Étienne Bescond a également fait partie du groupe, au <a title="Biniou kozh" href="https://fr.wikipedia.org/wiki/Biniou_kozh">bi</a>niou kozh.</p>
<p>Le groupe se reforme à l&rsquo;occasion du fest-noz de Scrignac, le vendredi 25 juillet 2025 !</p>
<p>Écoutez en Streaming : <a href="https://fanlink.tv/Nozata">https://fanlink.tv/Nozata</a></p>

<!-- This site is optimized with the Yoast SEO Premium plugin v24.0 (Yoast SEO v27.3) - https://yoast.com/product/yoast-seo-premium-wordpress/ -->
<title>Album de Karma - Nozata</title>
<meta name="description" content="Retrouvez l&#039;album de Karma - Nozata. Écoutez en streaming sur arfolk.bzh, le label discographique breton et venez redécouvrir le groupe à Scrignac le 25/07!" />
<meta name="robots" content="index, follow, max-snippet:-1, max-image-preview:large, max-video-preview:-1" />
<link rel="canonical" href="https://arfolk.bzh/br/boutique/karma-nozata/" />
<script type="application/ld+json" class="yoast-schema-graph">{"@context":"https:\/\/schema.org","@graph":[{"@type":"WebPage","@id":"https:\/\/arfolk.bzh\/boutique\/karma-nozata\/","url":"https:\/\/arfolk.bzh\/boutique\/karma-nozata\/","name":"Album de Karma - Nozata","isPartOf":{"@id":"https:\/\/arfolk.bzh\/#website"},"primaryImageOfPage":{"@id":"https:\/\/arfolk.bzh\/boutique\/karma-nozata\/#primaryimage"},"image":{"@id":"https:\/\/arfolk.bzh\/boutique\/karma-nozata\/#primaryimage"},"thumbnailUrl":"https:\/\/arfolk.bzh\/wp-content\/uploads\/2024\/04\/karma_nozata-scaled.jpg","datePublished":"2000-01-14T19:18:49+00:00","dateModified":"2025-12-11T11:39:03+00:00","description":"Retrouvez l'album de Karma - Nozata. Écoutez en streaming sur arfolk.bzh, le label discographique breton et venez redécouvrir le groupe à Scrignac le 25\/07!","breadcrumb":{"@id":"https:\/\/arfolk.bzh\/boutique\/karma-nozata\/#breadcrumb"},"inLanguage":"br-FR","potentialAction":[{"@type":"ReadAction","target":["https:\/\/arfolk.bzh\/boutique\/karma-nozata\/"]}]},{"@type":"ImageObject","inLanguage":"br-FR","@id":"https:\/\/arfolk.bzh\/boutique\/karma-nozata\/#primaryimage","url":"https:\/\/arfolk.bzh\/wp-content\/uploads\/2024\/04\/karma_nozata-scaled.jpg","contentUrl":"https:\/\/arfolk.bzh\/wp-content\/uploads\/2024\/04\/karma_nozata-scaled.jpg","width":2560,"height":2560,"caption":"karma nozata"},{"@type":"BreadcrumbList","@id":"https:\/\/arfolk.bzh\/boutique\/karma-nozata\/#breadcrumb","itemListElement":[{"@type":"ListItem","position":1,"name":"Accueil","item":"https:\/\/arfolk.bzh\/"},{"@type":"ListItem","position":2,"name":"Boutique","item":"https:\/\/arfolk.bzh\/boutique\/"},{"@type":"ListItem","position":3,"name":"Karma &#8211; Nozata"}]},{"@type":"WebSite","@id":"https:\/\/arfolk.bzh\/#website","url":"https:\/\/arfolk.bzh\/","name":"Arfolk","description":"Label discographique spécialisé dans la musique bretonne","publisher":{"@id":"https:\/\/arfolk.bzh\/#organization"},"potentialAction":[{"@type":"SearchAction","target":{"@type":"EntryPoint","urlTemplate":"https:\/\/arfolk.bzh\/?s={search_term_string}"},"query-input":{"@type":"PropertyValueSpecification","valueRequired":true,"valueName":"search_term_string"}}],"inLanguage":"br-FR"},{"@type":"Organization","@id":"https:\/\/arfolk.bzh\/#organization","name":"Arfolk","alternateName":"Le label de la musique bretonne","url":"https:\/\/arfolk.bzh\/","logo":{"@type":"ImageObject","inLanguage":"br-FR","@id":"https:\/\/arfolk.bzh\/#\/schema\/logo\/image\/","url":"https:\/\/arfolk.bzh\/wp-content\/uploads\/2023\/11\/cropped-logo-label-de-musique-breton-arfolf-vignette.webp","contentUrl":"https:\/\/arfolk.bzh\/wp-content\/uploads\/2023\/11\/cropped-logo-label-de-musique-breton-arfolf-vignette.webp","width":512,"height":512,"caption":"Arfolk"},"image":{"@id":"https:\/\/arfolk.bzh\/#\/schema\/logo\/image\/"},"sameAs":["https:\/\/www.facebook.com\/Arfolkmusik","https:\/\/www.instagram.com\/arfolkmusik\/"]}]}</script>
<!-- / Yoast SEO Premium plugin. -->

Retrouvez l'album de Karma - Nozata. Écoutez en streaming sur arfolk.bzh, le label discographique breton et venez redécouvrir le groupe à Scrignac le 25/07!

Label discographique spécialisé dans la musique bretonne
