{"id":2682,"date":"2015-12-16T20:19:45","date_gmt":"2015-12-16T19:19:45","guid":{"rendered":"https:\/\/arfolk.bzh\/boutique\/rozenn-talec-yannig-noguet-gali-galant\/"},"modified":"2025-12-11T11:54:56","modified_gmt":"2025-12-11T10:54:56","slug":"rozenn-talec-yannig-noguet-gali-galant","status":"publish","type":"product","link":"https:\/\/arfolk.bzh\/br\/boutique\/rozenn-talec-yannig-noguet-gali-galant\/","title":{"rendered":"Rozenn Talec &#038; Yannig Noguet &#8211; Gali Galant"},"content":{"rendered":"<p>Le duo vous entra\u00eene dans un univers de chants traditionnels revisit\u00e9s et de compositions personnelles o\u00f9 la langue bretonne, port\u00e9e par la voix aux intonations blues et jazzy de la chanteuse, se m\u00e9lange langoureusement aux accents argentins de l&rsquo;accord\u00e9on, tant\u00f4t feutr\u00e9s, tant\u00f4t endiabl\u00e9s, tant\u00f4t amant, tant\u00f4t complices.<br \/>\nAllant de la gavotte du centre Bretagne \u00e0 la chanson de cabaret parisienne, le r\u00e9pertoire est parfois emprunt\u00e9 \u00e0 la tradition, parfois compos\u00e9 et inspir\u00e9 d&rsquo;Astor Piazzola, de Marl\u00e8ne Dietriech, ou de diverses cultures traditionnelles d&rsquo;Europe.<\/p>\n<p><iframe loading=\"lazy\" title=\"Talec \/ Noguet - Gali Galant\" width=\"1080\" height=\"608\" src=\"https:\/\/www.youtube.com\/embed\/8PInGe9rj5U?feature=oembed\"  allow=\"accelerometer; autoplay; clipboard-write; encrypted-media; gyroscope; picture-in-picture; web-share\" referrerpolicy=\"strict-origin-when-cross-origin\" allowfullscreen><\/iframe><\/p>\n<p><strong>Tracklist de \u00a0\u00bb Gali Galant \u00ab\u00a0:<\/strong><\/p>\n<ol>\n<li><strong>Gali Galant <\/strong><\/li>\n<li><strong>War ar memes brank<\/strong><\/li>\n<li><strong>Kreion ha paper<\/strong><\/li>\n<li><strong>Pardon kledenn<\/strong><\/li>\n<li><strong>Pardon kledenn II<\/strong><\/li>\n<li><strong>Nozvezh diroll 6<\/strong><\/li>\n<li><strong>Ar weladenn<\/strong><\/li>\n<li><strong>Fin a zo d&rsquo;an noz<\/strong><\/li>\n<li><strong>Livio\u00f9 ar garantez<\/strong><\/li>\n<li><strong>Roz&rsquo; Milin koat kever&rsquo;n<\/strong><\/li>\n<li><strong>An amzer a chom<\/strong><\/li>\n<li><strong>Ar plac&rsquo;h iferniet<\/strong><\/li>\n<\/ol>\n<p><strong>Dur\u00e9e totale d&rsquo;\u00e9coute : 52&rsquo;34<\/strong><\/p>","protected":false},"excerpt":{"rendered":"<p>De la gavotte \u00e0 la chanson cabaret parisienne, le duo cr\u00e9e un univers jazzy et traditionnel.<\/p>\n<p>Ecoutez en Streaming : <strong><a href=\"https:\/\/fanlink.tv\/wcZw\">https:\/\/fanlink.tv\/wcZw<\/a><\/strong><\/p>","protected":false},"featured_media":2453,"template":"","meta":{"_acf_changed":false,"_et_pb_use_builder":"","_et_pb_old_content":"","_et_gb_content_width":""},"product_brand":[],"false":[53,59],"product_tag":[],"disponible_a_la_vente":[38],"langue":[73],"style":[79],"supports":[86],"class_list":{"0":"post-2682","1":"product","2":"type-product","3":"status-publish","4":"has-post-thumbnail","6":"product_cat-rozenn-talec","7":"product_cat-yannig-noguet","8":"disponible_a_la_vente-disponible-a-la-vente","9":"langue-breton","10":"style-traditionnel-kan-ha-diskan","11":"supports-cd","13":"first","14":"instock","15":"sale","16":"purchasable","17":"product-type-simple"},"acf":[],"yoast_head":"<!-- This site is optimized with the Yoast SEO Premium plugin v24.0 (Yoast SEO v27.3) - https:\/\/yoast.com\/product\/yoast-seo-premium-wordpress\/ -->\n<title>Album de Rozenn Talec &amp; Yannig Noguet - Gali Galant<\/title>\n<meta name=\"description\" content=\"Retrouvez l&#039;album de Rozenn Talec &amp; Yannig Noguet - Gali Galant. Commandez directement en ligne sur arfolk.bzh, le label discographique breton.\" \/>\n<meta name=\"robots\" content=\"index, follow, max-snippet:-1, max-image-preview:large, max-video-preview:-1\" \/>\n<link rel=\"canonical\" href=\"https:\/\/arfolk.bzh\/br\/boutique\/rozenn-talec-yannig-noguet-gali-galant\/\" \/>\n<script type=\"application\/ld+json\" class=\"yoast-schema-graph\">{\"@context\":\"https:\\\/\\\/schema.org\",\"@graph\":[{\"@type\":\"WebPage\",\"@id\":\"https:\\\/\\\/arfolk.bzh\\\/boutique\\\/rozenn-talec-yannig-noguet-gali-galant\\\/\",\"url\":\"https:\\\/\\\/arfolk.bzh\\\/boutique\\\/rozenn-talec-yannig-noguet-gali-galant\\\/\",\"name\":\"Album de Rozenn Talec & Yannig Noguet - Gali Galant\",\"isPartOf\":{\"@id\":\"https:\\\/\\\/arfolk.bzh\\\/#website\"},\"primaryImageOfPage\":{\"@id\":\"https:\\\/\\\/arfolk.bzh\\\/boutique\\\/rozenn-talec-yannig-noguet-gali-galant\\\/#primaryimage\"},\"image\":{\"@id\":\"https:\\\/\\\/arfolk.bzh\\\/boutique\\\/rozenn-talec-yannig-noguet-gali-galant\\\/#primaryimage\"},\"thumbnailUrl\":\"https:\\\/\\\/arfolk.bzh\\\/wp-content\\\/uploads\\\/2024\\\/04\\\/talecnoguet_galigalant-scaled.jpg\",\"datePublished\":\"2015-12-16T19:19:45+00:00\",\"dateModified\":\"2025-12-11T10:54:56+00:00\",\"description\":\"Retrouvez l'album de Rozenn Talec & Yannig Noguet - Gali Galant. Commandez directement en ligne sur arfolk.bzh, le label discographique breton.\",\"breadcrumb\":{\"@id\":\"https:\\\/\\\/arfolk.bzh\\\/boutique\\\/rozenn-talec-yannig-noguet-gali-galant\\\/#breadcrumb\"},\"inLanguage\":\"br-FR\",\"potentialAction\":[{\"@type\":\"ReadAction\",\"target\":[\"https:\\\/\\\/arfolk.bzh\\\/boutique\\\/rozenn-talec-yannig-noguet-gali-galant\\\/\"]}]},{\"@type\":\"ImageObject\",\"inLanguage\":\"br-FR\",\"@id\":\"https:\\\/\\\/arfolk.bzh\\\/boutique\\\/rozenn-talec-yannig-noguet-gali-galant\\\/#primaryimage\",\"url\":\"https:\\\/\\\/arfolk.bzh\\\/wp-content\\\/uploads\\\/2024\\\/04\\\/talecnoguet_galigalant-scaled.jpg\",\"contentUrl\":\"https:\\\/\\\/arfolk.bzh\\\/wp-content\\\/uploads\\\/2024\\\/04\\\/talecnoguet_galigalant-scaled.jpg\",\"width\":2560,\"height\":2560,\"caption\":\"talecnoguet galigalant\"},{\"@type\":\"BreadcrumbList\",\"@id\":\"https:\\\/\\\/arfolk.bzh\\\/boutique\\\/rozenn-talec-yannig-noguet-gali-galant\\\/#breadcrumb\",\"itemListElement\":[{\"@type\":\"ListItem\",\"position\":1,\"name\":\"Accueil\",\"item\":\"https:\\\/\\\/arfolk.bzh\\\/\"},{\"@type\":\"ListItem\",\"position\":2,\"name\":\"Boutique\",\"item\":\"https:\\\/\\\/arfolk.bzh\\\/boutique\\\/\"},{\"@type\":\"ListItem\",\"position\":3,\"name\":\"Rozenn Talec &#038; Yannig Noguet &#8211; Gali Galant\"}]},{\"@type\":\"WebSite\",\"@id\":\"https:\\\/\\\/arfolk.bzh\\\/#website\",\"url\":\"https:\\\/\\\/arfolk.bzh\\\/\",\"name\":\"Arfolk\",\"description\":\"Label discographique sp\u00e9cialis\u00e9 dans la musique bretonne\",\"publisher\":{\"@id\":\"https:\\\/\\\/arfolk.bzh\\\/#organization\"},\"potentialAction\":[{\"@type\":\"SearchAction\",\"target\":{\"@type\":\"EntryPoint\",\"urlTemplate\":\"https:\\\/\\\/arfolk.bzh\\\/?s={search_term_string}\"},\"query-input\":{\"@type\":\"PropertyValueSpecification\",\"valueRequired\":true,\"valueName\":\"search_term_string\"}}],\"inLanguage\":\"br-FR\"},{\"@type\":\"Organization\",\"@id\":\"https:\\\/\\\/arfolk.bzh\\\/#organization\",\"name\":\"Arfolk\",\"alternateName\":\"Le label de la musique bretonne\",\"url\":\"https:\\\/\\\/arfolk.bzh\\\/\",\"logo\":{\"@type\":\"ImageObject\",\"inLanguage\":\"br-FR\",\"@id\":\"https:\\\/\\\/arfolk.bzh\\\/#\\\/schema\\\/logo\\\/image\\\/\",\"url\":\"https:\\\/\\\/arfolk.bzh\\\/wp-content\\\/uploads\\\/2023\\\/11\\\/cropped-logo-label-de-musique-breton-arfolf-vignette.webp\",\"contentUrl\":\"https:\\\/\\\/arfolk.bzh\\\/wp-content\\\/uploads\\\/2023\\\/11\\\/cropped-logo-label-de-musique-breton-arfolf-vignette.webp\",\"width\":512,\"height\":512,\"caption\":\"Arfolk\"},\"image\":{\"@id\":\"https:\\\/\\\/arfolk.bzh\\\/#\\\/schema\\\/logo\\\/image\\\/\"},\"sameAs\":[\"https:\\\/\\\/www.facebook.com\\\/Arfolkmusik\",\"https:\\\/\\\/www.instagram.com\\\/arfolkmusik\\\/\"]}]}<\/script>\n<!-- \/ Yoast SEO Premium plugin. -->","yoast_head_json":{"title":"Album de Rozenn Talec & Yannig Noguet - Gali Galant","description":"Retrouvez l'album de Rozenn Talec & Yannig Noguet - Gali Galant. Commandez directement en ligne sur arfolk.bzh, le label discographique breton.","robots":{"index":"index","follow":"follow","max-snippet":"max-snippet:-1","max-image-preview":"max-image-preview:large","max-video-preview":"max-video-preview:-1"},"canonical":"https:\/\/arfolk.bzh\/br\/boutique\/rozenn-talec-yannig-noguet-gali-galant\/","schema":{"@context":"https:\/\/schema.org","@graph":[{"@type":"WebPage","@id":"https:\/\/arfolk.bzh\/boutique\/rozenn-talec-yannig-noguet-gali-galant\/","url":"https:\/\/arfolk.bzh\/boutique\/rozenn-talec-yannig-noguet-gali-galant\/","name":"Album de Rozenn Talec & Yannig Noguet - Gali Galant","isPartOf":{"@id":"https:\/\/arfolk.bzh\/#website"},"primaryImageOfPage":{"@id":"https:\/\/arfolk.bzh\/boutique\/rozenn-talec-yannig-noguet-gali-galant\/#primaryimage"},"image":{"@id":"https:\/\/arfolk.bzh\/boutique\/rozenn-talec-yannig-noguet-gali-galant\/#primaryimage"},"thumbnailUrl":"https:\/\/arfolk.bzh\/wp-content\/uploads\/2024\/04\/talecnoguet_galigalant-scaled.jpg","datePublished":"2015-12-16T19:19:45+00:00","dateModified":"2025-12-11T10:54:56+00:00","description":"Retrouvez l'album de Rozenn Talec & Yannig Noguet - Gali Galant. Commandez directement en ligne sur arfolk.bzh, le label discographique breton.","breadcrumb":{"@id":"https:\/\/arfolk.bzh\/boutique\/rozenn-talec-yannig-noguet-gali-galant\/#breadcrumb"},"inLanguage":"br-FR","potentialAction":[{"@type":"ReadAction","target":["https:\/\/arfolk.bzh\/boutique\/rozenn-talec-yannig-noguet-gali-galant\/"]}]},{"@type":"ImageObject","inLanguage":"br-FR","@id":"https:\/\/arfolk.bzh\/boutique\/rozenn-talec-yannig-noguet-gali-galant\/#primaryimage","url":"https:\/\/arfolk.bzh\/wp-content\/uploads\/2024\/04\/talecnoguet_galigalant-scaled.jpg","contentUrl":"https:\/\/arfolk.bzh\/wp-content\/uploads\/2024\/04\/talecnoguet_galigalant-scaled.jpg","width":2560,"height":2560,"caption":"talecnoguet galigalant"},{"@type":"BreadcrumbList","@id":"https:\/\/arfolk.bzh\/boutique\/rozenn-talec-yannig-noguet-gali-galant\/#breadcrumb","itemListElement":[{"@type":"ListItem","position":1,"name":"Accueil","item":"https:\/\/arfolk.bzh\/"},{"@type":"ListItem","position":2,"name":"Boutique","item":"https:\/\/arfolk.bzh\/boutique\/"},{"@type":"ListItem","position":3,"name":"Rozenn Talec &#038; Yannig Noguet &#8211; Gali Galant"}]},{"@type":"WebSite","@id":"https:\/\/arfolk.bzh\/#website","url":"https:\/\/arfolk.bzh\/","name":"Arfolk","description":"Label discographique sp\u00e9cialis\u00e9 dans la musique bretonne","publisher":{"@id":"https:\/\/arfolk.bzh\/#organization"},"potentialAction":[{"@type":"SearchAction","target":{"@type":"EntryPoint","urlTemplate":"https:\/\/arfolk.bzh\/?s={search_term_string}"},"query-input":{"@type":"PropertyValueSpecification","valueRequired":true,"valueName":"search_term_string"}}],"inLanguage":"br-FR"},{"@type":"Organization","@id":"https:\/\/arfolk.bzh\/#organization","name":"Arfolk","alternateName":"Le label de la musique bretonne","url":"https:\/\/arfolk.bzh\/","logo":{"@type":"ImageObject","inLanguage":"br-FR","@id":"https:\/\/arfolk.bzh\/#\/schema\/logo\/image\/","url":"https:\/\/arfolk.bzh\/wp-content\/uploads\/2023\/11\/cropped-logo-label-de-musique-breton-arfolf-vignette.webp","contentUrl":"https:\/\/arfolk.bzh\/wp-content\/uploads\/2023\/11\/cropped-logo-label-de-musique-breton-arfolf-vignette.webp","width":512,"height":512,"caption":"Arfolk"},"image":{"@id":"https:\/\/arfolk.bzh\/#\/schema\/logo\/image\/"},"sameAs":["https:\/\/www.facebook.com\/Arfolkmusik","https:\/\/www.instagram.com\/arfolkmusik\/"]}]}},"jetpack_sharing_enabled":true,"_links":{"self":[{"href":"https:\/\/arfolk.bzh\/br\/wp-json\/wp\/v2\/product\/2682","targetHints":{"allow":["GET"]}}],"collection":[{"href":"https:\/\/arfolk.bzh\/br\/wp-json\/wp\/v2\/product"}],"about":[{"href":"https:\/\/arfolk.bzh\/br\/wp-json\/wp\/v2\/types\/product"}],"wp:featuredmedia":[{"embeddable":true,"href":"https:\/\/arfolk.bzh\/br\/wp-json\/wp\/v2\/media\/2453"}],"wp:attachment":[{"href":"https:\/\/arfolk.bzh\/br\/wp-json\/wp\/v2\/media?parent=2682"}],"wp:term":[{"taxonomy":"product_brand","embeddable":true,"href":"https:\/\/arfolk.bzh\/br\/wp-json\/wp\/v2\/product_brand?post=2682"},{"taxonomy":"product_cat","embeddable":true,"href":"https:\/\/arfolk.bzh\/br\/wp-json\/wp\/v2\/false?post=2682"},{"taxonomy":"product_tag","embeddable":true,"href":"https:\/\/arfolk.bzh\/br\/wp-json\/wp\/v2\/product_tag?post=2682"},{"taxonomy":"disponible_a_la_vente","embeddable":true,"href":"https:\/\/arfolk.bzh\/br\/wp-json\/wp\/v2\/disponible_a_la_vente?post=2682"},{"taxonomy":"langue","embeddable":true,"href":"https:\/\/arfolk.bzh\/br\/wp-json\/wp\/v2\/langue?post=2682"},{"taxonomy":"style","embeddable":true,"href":"https:\/\/arfolk.bzh\/br\/wp-json\/wp\/v2\/style?post=2682"},{"taxonomy":"supports","embeddable":true,"href":"https:\/\/arfolk.bzh\/br\/wp-json\/wp\/v2\/supports?post=2682"}],"curies":[{"name":"wp","href":"https:\/\/api.w.org\/{rel}","templated":true}]}}

<p>Le duo vous entraîne dans un univers de chants traditionnels revisités et de compositions personnelles où la langue bretonne, portée par la voix aux intonations blues et jazzy de la chanteuse, se mélange langoureusement aux accents argentins de l&rsquo;accordéon, tantôt feutrés, tantôt endiablés, tantôt amant, tantôt complices.<br />
Allant de la gavotte du centre Bretagne à la chanson de cabaret parisienne, le répertoire est parfois emprunté à la tradition, parfois composé et inspiré d&rsquo;Astor Piazzola, de Marlène Dietriech, ou de diverses cultures traditionnelles d&rsquo;Europe.</p>
<p><iframe loading="lazy" title="Talec / Noguet - Gali Galant" width="1080" height="608" src="https://www.youtube.com/embed/8PInGe9rj5U?feature=oembed"  allow="accelerometer; autoplay; clipboard-write; encrypted-media; gyroscope; picture-in-picture; web-share" referrerpolicy="strict-origin-when-cross-origin" allowfullscreen></iframe></p>
<p><strong>Tracklist de  » Gali Galant « :</strong></p>
<ol>
<li><strong>Gali Galant </strong></li>
<li><strong>War ar memes brank</strong></li>
<li><strong>Kreion ha paper</strong></li>
<li><strong>Pardon kledenn</strong></li>
<li><strong>Pardon kledenn II</strong></li>
<li><strong>Nozvezh diroll 6</strong></li>
<li><strong>Ar weladenn</strong></li>
<li><strong>Fin a zo d&rsquo;an noz</strong></li>
<li><strong>Livioù ar garantez</strong></li>
<li><strong>Roz&rsquo; Milin koat kever&rsquo;n</strong></li>
<li><strong>An amzer a chom</strong></li>
<li><strong>Ar plac&rsquo;h iferniet</strong></li>
</ol>
<p><strong>Durée totale d&rsquo;écoute : 52&rsquo;34</strong></p>

<p>De la gavotte à la chanson cabaret parisienne, le duo crée un univers jazzy et traditionnel.</p>
<p>Ecoutez en Streaming : <strong><a href="https://fanlink.tv/wcZw">https://fanlink.tv/wcZw</a></strong></p>

<!-- This site is optimized with the Yoast SEO Premium plugin v24.0 (Yoast SEO v27.3) - https://yoast.com/product/yoast-seo-premium-wordpress/ -->
<title>Album de Rozenn Talec &amp; Yannig Noguet - Gali Galant</title>
<meta name="description" content="Retrouvez l&#039;album de Rozenn Talec &amp; Yannig Noguet - Gali Galant. Commandez directement en ligne sur arfolk.bzh, le label discographique breton." />
<meta name="robots" content="index, follow, max-snippet:-1, max-image-preview:large, max-video-preview:-1" />
<link rel="canonical" href="https://arfolk.bzh/br/boutique/rozenn-talec-yannig-noguet-gali-galant/" />
<script type="application/ld+json" class="yoast-schema-graph">{"@context":"https:\/\/schema.org","@graph":[{"@type":"WebPage","@id":"https:\/\/arfolk.bzh\/boutique\/rozenn-talec-yannig-noguet-gali-galant\/","url":"https:\/\/arfolk.bzh\/boutique\/rozenn-talec-yannig-noguet-gali-galant\/","name":"Album de Rozenn Talec & Yannig Noguet - Gali Galant","isPartOf":{"@id":"https:\/\/arfolk.bzh\/#website"},"primaryImageOfPage":{"@id":"https:\/\/arfolk.bzh\/boutique\/rozenn-talec-yannig-noguet-gali-galant\/#primaryimage"},"image":{"@id":"https:\/\/arfolk.bzh\/boutique\/rozenn-talec-yannig-noguet-gali-galant\/#primaryimage"},"thumbnailUrl":"https:\/\/arfolk.bzh\/wp-content\/uploads\/2024\/04\/talecnoguet_galigalant-scaled.jpg","datePublished":"2015-12-16T19:19:45+00:00","dateModified":"2025-12-11T10:54:56+00:00","description":"Retrouvez l'album de Rozenn Talec & Yannig Noguet - Gali Galant. Commandez directement en ligne sur arfolk.bzh, le label discographique breton.","breadcrumb":{"@id":"https:\/\/arfolk.bzh\/boutique\/rozenn-talec-yannig-noguet-gali-galant\/#breadcrumb"},"inLanguage":"br-FR","potentialAction":[{"@type":"ReadAction","target":["https:\/\/arfolk.bzh\/boutique\/rozenn-talec-yannig-noguet-gali-galant\/"]}]},{"@type":"ImageObject","inLanguage":"br-FR","@id":"https:\/\/arfolk.bzh\/boutique\/rozenn-talec-yannig-noguet-gali-galant\/#primaryimage","url":"https:\/\/arfolk.bzh\/wp-content\/uploads\/2024\/04\/talecnoguet_galigalant-scaled.jpg","contentUrl":"https:\/\/arfolk.bzh\/wp-content\/uploads\/2024\/04\/talecnoguet_galigalant-scaled.jpg","width":2560,"height":2560,"caption":"talecnoguet galigalant"},{"@type":"BreadcrumbList","@id":"https:\/\/arfolk.bzh\/boutique\/rozenn-talec-yannig-noguet-gali-galant\/#breadcrumb","itemListElement":[{"@type":"ListItem","position":1,"name":"Accueil","item":"https:\/\/arfolk.bzh\/"},{"@type":"ListItem","position":2,"name":"Boutique","item":"https:\/\/arfolk.bzh\/boutique\/"},{"@type":"ListItem","position":3,"name":"Rozenn Talec &#038; Yannig Noguet &#8211; Gali Galant"}]},{"@type":"WebSite","@id":"https:\/\/arfolk.bzh\/#website","url":"https:\/\/arfolk.bzh\/","name":"Arfolk","description":"Label discographique spécialisé dans la musique bretonne","publisher":{"@id":"https:\/\/arfolk.bzh\/#organization"},"potentialAction":[{"@type":"SearchAction","target":{"@type":"EntryPoint","urlTemplate":"https:\/\/arfolk.bzh\/?s={search_term_string}"},"query-input":{"@type":"PropertyValueSpecification","valueRequired":true,"valueName":"search_term_string"}}],"inLanguage":"br-FR"},{"@type":"Organization","@id":"https:\/\/arfolk.bzh\/#organization","name":"Arfolk","alternateName":"Le label de la musique bretonne","url":"https:\/\/arfolk.bzh\/","logo":{"@type":"ImageObject","inLanguage":"br-FR","@id":"https:\/\/arfolk.bzh\/#\/schema\/logo\/image\/","url":"https:\/\/arfolk.bzh\/wp-content\/uploads\/2023\/11\/cropped-logo-label-de-musique-breton-arfolf-vignette.webp","contentUrl":"https:\/\/arfolk.bzh\/wp-content\/uploads\/2023\/11\/cropped-logo-label-de-musique-breton-arfolf-vignette.webp","width":512,"height":512,"caption":"Arfolk"},"image":{"@id":"https:\/\/arfolk.bzh\/#\/schema\/logo\/image\/"},"sameAs":["https:\/\/www.facebook.com\/Arfolkmusik","https:\/\/www.instagram.com\/arfolkmusik\/"]}]}</script>
<!-- / Yoast SEO Premium plugin. -->

Label discographique spécialisé dans la musique bretonne
