{"id":3172,"date":"2019-12-13T17:27:48","date_gmt":"2019-12-13T16:27:48","guid":{"rendered":"https:\/\/arfolk.bzh\/?post_type=product&#038;p=3172"},"modified":"2025-12-11T11:04:11","modified_gmt":"2025-12-11T10:04:11","slug":"festival-du-chant-de-marin-de-paimpol-30-ans","status":"publish","type":"product","link":"https:\/\/arfolk.bzh\/br\/boutique\/festival-du-chant-de-marin-de-paimpol-30-ans\/","title":{"rendered":"Festival du chant de Marin de Paimpol"},"content":{"rendered":"<p>Compilation de 19 chants de marins par les chanteurs et groupes de Bretagne mais aussi d&rsquo;Irlande, du Qu\u00e9bec, de Pologne, d&rsquo;Ecosse et des USA.<\/p>\n<p>L&rsquo;int\u00e9r\u00eat pour le genre est toujours aussi fort, comme en t\u00e9moignent le succ\u00e8s des festivals, notamment celui de Paimpol.<\/p>\n<p><iframe loading=\"lazy\" title=\"Les Marins d&#039;Iroise - Aux vents solitaires (feat. Hugues Aufray)\" width=\"1080\" height=\"608\" src=\"https:\/\/www.youtube.com\/embed\/ShnOBzMz4FE?feature=oembed\"  allow=\"accelerometer; autoplay; clipboard-write; encrypted-media; gyroscope; picture-in-picture; web-share\" referrerpolicy=\"strict-origin-when-cross-origin\" allowfullscreen><\/iframe><\/p>\n<p><strong>Tracklist de \u00a0\u00bb Festival du chant de marin \u00e0 Paimpol, les 30 ans \u00ab\u00a0:<\/strong><\/p>\n<ol>\n<li><strong>Les Marins d&rsquo;Ironies : Aux vents solitaires &#8211; Bretagne<\/strong><\/li>\n<li><strong>Sophy Ann Pudwell : Marie-Jeanne Gabrielle &#8211; France\/Irlande<\/strong><\/li>\n<li><strong>Bounding Main : Sugar in The Hold &#8211; USA<\/strong><\/li>\n<li><strong>Brise-glace : La ligne Holworth &#8211; Qu\u00e9bec<\/strong><\/li>\n<li><strong>Pekel : De zee &#8211; Pays-Bas<\/strong><\/li>\n<li><strong>Les Biches Cocottes : M. de Kersauzon &#8211; Bretagne<\/strong><\/li>\n<li><strong>Les Brouilleurs d&rsquo;Ecoutes : Allons-y les gars &#8211; France<\/strong><\/li>\n<li><strong>The Trongate Rum Riots : Sleeping in The Corn &#8211; Ecosse<\/strong><\/li>\n<li><strong>Les Souill\u00e9s de fond de cale : Les Fr\u00e8res de la c\u00f4te &#8211; Bretagne<\/strong><\/li>\n<li><strong>Nordet : Tonnerre &#8211; Bretagne<\/strong><\/li>\n<li><strong>Orkiestra Samantha : Arktyka &#8211; Pologne<\/strong><\/li>\n<li><strong>Paotred Pagan : E Brest pa oan erruet &#8211; Bretagne<\/strong><\/li>\n<li><strong>Sasiedzi : W kieszeni dolar &#8211; Pologne<\/strong><\/li>\n<li><strong>Strand Hugg : Le Diamant &#8211; France<\/strong><\/li>\n<li><strong>Taillevent : Les Sauveteurs de la mer &#8211; Bretagne<\/strong><\/li>\n<li><strong>Thalie n&rsquo;co : Le Sillon de Talbert &#8211; Bretagne<\/strong><\/li>\n<li><strong>Les Margaux : La valse &#8211; Qu\u00e9bec<\/strong><\/li>\n<li><strong>Za Horyzontem : Mary Lo &#8211; Pologne<\/strong><\/li>\n<li><strong>Les Pirates : Les Trois Marins de Groix &#8211; Bretagne<\/strong><\/li>\n<\/ol>\n<p>Dur\u00e9e totale d&rsquo;\u00e9coute : 75 minutes.<\/p>","protected":false},"excerpt":{"rendered":"<p>Gouel Kan ar Vartoloded &#8211; 30 vloaz<\/p>","protected":false},"featured_media":3182,"template":"","meta":{"_acf_changed":false,"_et_pb_use_builder":"","_et_pb_old_content":"","_et_gb_content_width":""},"product_brand":[],"false":[58],"product_tag":[],"disponible_a_la_vente":[38],"langue":[74,73,72],"style":[84],"supports":[86],"class_list":{"0":"post-3172","1":"product","2":"type-product","3":"status-publish","4":"has-post-thumbnail","6":"product_cat-compilation","7":"disponible_a_la_vente-disponible-a-la-vente","8":"langue-anglais","9":"langue-breton","10":"langue-francais","11":"style-compilation","12":"supports-cd","14":"first","15":"instock","16":"taxable","17":"shipping-taxable","18":"purchasable","19":"product-type-simple"},"acf":[],"yoast_head":"<!-- This site is optimized with the Yoast SEO Premium plugin v24.0 (Yoast SEO v27.3) - https:\/\/yoast.com\/product\/yoast-seo-premium-wordpress\/ -->\n<title>Album du Festival du chant de Marin de Paimpol - 30 ans<\/title>\n<meta name=\"description\" content=\"Retrouvez l&#039;album du Festival du chant de Marin de Paimpol - 30 ans. Commandez directement en ligne sur arfolk.bzh, le label discographique breton.\" \/>\n<meta name=\"robots\" content=\"index, follow, max-snippet:-1, max-image-preview:large, max-video-preview:-1\" \/>\n<link rel=\"canonical\" href=\"https:\/\/arfolk.bzh\/br\/boutique\/festival-du-chant-de-marin-de-paimpol-30-ans\/\" \/>\n<script type=\"application\/ld+json\" class=\"yoast-schema-graph\">{\"@context\":\"https:\\\/\\\/schema.org\",\"@graph\":[{\"@type\":\"WebPage\",\"@id\":\"https:\\\/\\\/arfolk.bzh\\\/boutique\\\/festival-du-chant-de-marin-de-paimpol-30-ans\\\/\",\"url\":\"https:\\\/\\\/arfolk.bzh\\\/boutique\\\/festival-du-chant-de-marin-de-paimpol-30-ans\\\/\",\"name\":\"Album du Festival du chant de Marin de Paimpol - 30 ans\",\"isPartOf\":{\"@id\":\"https:\\\/\\\/arfolk.bzh\\\/#website\"},\"primaryImageOfPage\":{\"@id\":\"https:\\\/\\\/arfolk.bzh\\\/boutique\\\/festival-du-chant-de-marin-de-paimpol-30-ans\\\/#primaryimage\"},\"image\":{\"@id\":\"https:\\\/\\\/arfolk.bzh\\\/boutique\\\/festival-du-chant-de-marin-de-paimpol-30-ans\\\/#primaryimage\"},\"thumbnailUrl\":\"https:\\\/\\\/arfolk.bzh\\\/wp-content\\\/uploads\\\/2024\\\/12\\\/IMG_0012-scaled.jpg\",\"datePublished\":\"2019-12-13T16:27:48+00:00\",\"dateModified\":\"2025-12-11T10:04:11+00:00\",\"description\":\"Retrouvez l'album du Festival du chant de Marin de Paimpol - 30 ans. Commandez directement en ligne sur arfolk.bzh, le label discographique breton.\",\"breadcrumb\":{\"@id\":\"https:\\\/\\\/arfolk.bzh\\\/boutique\\\/festival-du-chant-de-marin-de-paimpol-30-ans\\\/#breadcrumb\"},\"inLanguage\":\"br-FR\",\"potentialAction\":[{\"@type\":\"ReadAction\",\"target\":[\"https:\\\/\\\/arfolk.bzh\\\/boutique\\\/festival-du-chant-de-marin-de-paimpol-30-ans\\\/\"]}]},{\"@type\":\"ImageObject\",\"inLanguage\":\"br-FR\",\"@id\":\"https:\\\/\\\/arfolk.bzh\\\/boutique\\\/festival-du-chant-de-marin-de-paimpol-30-ans\\\/#primaryimage\",\"url\":\"https:\\\/\\\/arfolk.bzh\\\/wp-content\\\/uploads\\\/2024\\\/12\\\/IMG_0012-scaled.jpg\",\"contentUrl\":\"https:\\\/\\\/arfolk.bzh\\\/wp-content\\\/uploads\\\/2024\\\/12\\\/IMG_0012-scaled.jpg\",\"width\":2000,\"height\":1806,\"caption\":\"Festival du Chant de Marin\"},{\"@type\":\"BreadcrumbList\",\"@id\":\"https:\\\/\\\/arfolk.bzh\\\/boutique\\\/festival-du-chant-de-marin-de-paimpol-30-ans\\\/#breadcrumb\",\"itemListElement\":[{\"@type\":\"ListItem\",\"position\":1,\"name\":\"Accueil\",\"item\":\"https:\\\/\\\/arfolk.bzh\\\/\"},{\"@type\":\"ListItem\",\"position\":2,\"name\":\"Boutique\",\"item\":\"https:\\\/\\\/arfolk.bzh\\\/boutique\\\/\"},{\"@type\":\"ListItem\",\"position\":3,\"name\":\"Festival du chant de Marin de Paimpol\"}]},{\"@type\":\"WebSite\",\"@id\":\"https:\\\/\\\/arfolk.bzh\\\/#website\",\"url\":\"https:\\\/\\\/arfolk.bzh\\\/\",\"name\":\"Arfolk\",\"description\":\"Label discographique sp\u00e9cialis\u00e9 dans la musique bretonne\",\"publisher\":{\"@id\":\"https:\\\/\\\/arfolk.bzh\\\/#organization\"},\"potentialAction\":[{\"@type\":\"SearchAction\",\"target\":{\"@type\":\"EntryPoint\",\"urlTemplate\":\"https:\\\/\\\/arfolk.bzh\\\/?s={search_term_string}\"},\"query-input\":{\"@type\":\"PropertyValueSpecification\",\"valueRequired\":true,\"valueName\":\"search_term_string\"}}],\"inLanguage\":\"br-FR\"},{\"@type\":\"Organization\",\"@id\":\"https:\\\/\\\/arfolk.bzh\\\/#organization\",\"name\":\"Arfolk\",\"alternateName\":\"Le label de la musique bretonne\",\"url\":\"https:\\\/\\\/arfolk.bzh\\\/\",\"logo\":{\"@type\":\"ImageObject\",\"inLanguage\":\"br-FR\",\"@id\":\"https:\\\/\\\/arfolk.bzh\\\/#\\\/schema\\\/logo\\\/image\\\/\",\"url\":\"https:\\\/\\\/arfolk.bzh\\\/wp-content\\\/uploads\\\/2023\\\/11\\\/cropped-logo-label-de-musique-breton-arfolf-vignette.webp\",\"contentUrl\":\"https:\\\/\\\/arfolk.bzh\\\/wp-content\\\/uploads\\\/2023\\\/11\\\/cropped-logo-label-de-musique-breton-arfolf-vignette.webp\",\"width\":512,\"height\":512,\"caption\":\"Arfolk\"},\"image\":{\"@id\":\"https:\\\/\\\/arfolk.bzh\\\/#\\\/schema\\\/logo\\\/image\\\/\"},\"sameAs\":[\"https:\\\/\\\/www.facebook.com\\\/Arfolkmusik\",\"https:\\\/\\\/www.instagram.com\\\/arfolkmusik\\\/\"]}]}<\/script>\n<!-- \/ Yoast SEO Premium plugin. -->","yoast_head_json":{"title":"Album du Festival du chant de Marin de Paimpol - 30 ans","description":"Retrouvez l'album du Festival du chant de Marin de Paimpol - 30 ans. Commandez directement en ligne sur arfolk.bzh, le label discographique breton.","robots":{"index":"index","follow":"follow","max-snippet":"max-snippet:-1","max-image-preview":"max-image-preview:large","max-video-preview":"max-video-preview:-1"},"canonical":"https:\/\/arfolk.bzh\/br\/boutique\/festival-du-chant-de-marin-de-paimpol-30-ans\/","schema":{"@context":"https:\/\/schema.org","@graph":[{"@type":"WebPage","@id":"https:\/\/arfolk.bzh\/boutique\/festival-du-chant-de-marin-de-paimpol-30-ans\/","url":"https:\/\/arfolk.bzh\/boutique\/festival-du-chant-de-marin-de-paimpol-30-ans\/","name":"Album du Festival du chant de Marin de Paimpol - 30 ans","isPartOf":{"@id":"https:\/\/arfolk.bzh\/#website"},"primaryImageOfPage":{"@id":"https:\/\/arfolk.bzh\/boutique\/festival-du-chant-de-marin-de-paimpol-30-ans\/#primaryimage"},"image":{"@id":"https:\/\/arfolk.bzh\/boutique\/festival-du-chant-de-marin-de-paimpol-30-ans\/#primaryimage"},"thumbnailUrl":"https:\/\/arfolk.bzh\/wp-content\/uploads\/2024\/12\/IMG_0012-scaled.jpg","datePublished":"2019-12-13T16:27:48+00:00","dateModified":"2025-12-11T10:04:11+00:00","description":"Retrouvez l'album du Festival du chant de Marin de Paimpol - 30 ans. Commandez directement en ligne sur arfolk.bzh, le label discographique breton.","breadcrumb":{"@id":"https:\/\/arfolk.bzh\/boutique\/festival-du-chant-de-marin-de-paimpol-30-ans\/#breadcrumb"},"inLanguage":"br-FR","potentialAction":[{"@type":"ReadAction","target":["https:\/\/arfolk.bzh\/boutique\/festival-du-chant-de-marin-de-paimpol-30-ans\/"]}]},{"@type":"ImageObject","inLanguage":"br-FR","@id":"https:\/\/arfolk.bzh\/boutique\/festival-du-chant-de-marin-de-paimpol-30-ans\/#primaryimage","url":"https:\/\/arfolk.bzh\/wp-content\/uploads\/2024\/12\/IMG_0012-scaled.jpg","contentUrl":"https:\/\/arfolk.bzh\/wp-content\/uploads\/2024\/12\/IMG_0012-scaled.jpg","width":2000,"height":1806,"caption":"Festival du Chant de Marin"},{"@type":"BreadcrumbList","@id":"https:\/\/arfolk.bzh\/boutique\/festival-du-chant-de-marin-de-paimpol-30-ans\/#breadcrumb","itemListElement":[{"@type":"ListItem","position":1,"name":"Accueil","item":"https:\/\/arfolk.bzh\/"},{"@type":"ListItem","position":2,"name":"Boutique","item":"https:\/\/arfolk.bzh\/boutique\/"},{"@type":"ListItem","position":3,"name":"Festival du chant de Marin de Paimpol"}]},{"@type":"WebSite","@id":"https:\/\/arfolk.bzh\/#website","url":"https:\/\/arfolk.bzh\/","name":"Arfolk","description":"Label discographique sp\u00e9cialis\u00e9 dans la musique bretonne","publisher":{"@id":"https:\/\/arfolk.bzh\/#organization"},"potentialAction":[{"@type":"SearchAction","target":{"@type":"EntryPoint","urlTemplate":"https:\/\/arfolk.bzh\/?s={search_term_string}"},"query-input":{"@type":"PropertyValueSpecification","valueRequired":true,"valueName":"search_term_string"}}],"inLanguage":"br-FR"},{"@type":"Organization","@id":"https:\/\/arfolk.bzh\/#organization","name":"Arfolk","alternateName":"Le label de la musique bretonne","url":"https:\/\/arfolk.bzh\/","logo":{"@type":"ImageObject","inLanguage":"br-FR","@id":"https:\/\/arfolk.bzh\/#\/schema\/logo\/image\/","url":"https:\/\/arfolk.bzh\/wp-content\/uploads\/2023\/11\/cropped-logo-label-de-musique-breton-arfolf-vignette.webp","contentUrl":"https:\/\/arfolk.bzh\/wp-content\/uploads\/2023\/11\/cropped-logo-label-de-musique-breton-arfolf-vignette.webp","width":512,"height":512,"caption":"Arfolk"},"image":{"@id":"https:\/\/arfolk.bzh\/#\/schema\/logo\/image\/"},"sameAs":["https:\/\/www.facebook.com\/Arfolkmusik","https:\/\/www.instagram.com\/arfolkmusik\/"]}]}},"jetpack_sharing_enabled":true,"_links":{"self":[{"href":"https:\/\/arfolk.bzh\/br\/wp-json\/wp\/v2\/product\/3172","targetHints":{"allow":["GET"]}}],"collection":[{"href":"https:\/\/arfolk.bzh\/br\/wp-json\/wp\/v2\/product"}],"about":[{"href":"https:\/\/arfolk.bzh\/br\/wp-json\/wp\/v2\/types\/product"}],"wp:featuredmedia":[{"embeddable":true,"href":"https:\/\/arfolk.bzh\/br\/wp-json\/wp\/v2\/media\/3182"}],"wp:attachment":[{"href":"https:\/\/arfolk.bzh\/br\/wp-json\/wp\/v2\/media?parent=3172"}],"wp:term":[{"taxonomy":"product_brand","embeddable":true,"href":"https:\/\/arfolk.bzh\/br\/wp-json\/wp\/v2\/product_brand?post=3172"},{"taxonomy":"product_cat","embeddable":true,"href":"https:\/\/arfolk.bzh\/br\/wp-json\/wp\/v2\/false?post=3172"},{"taxonomy":"product_tag","embeddable":true,"href":"https:\/\/arfolk.bzh\/br\/wp-json\/wp\/v2\/product_tag?post=3172"},{"taxonomy":"disponible_a_la_vente","embeddable":true,"href":"https:\/\/arfolk.bzh\/br\/wp-json\/wp\/v2\/disponible_a_la_vente?post=3172"},{"taxonomy":"langue","embeddable":true,"href":"https:\/\/arfolk.bzh\/br\/wp-json\/wp\/v2\/langue?post=3172"},{"taxonomy":"style","embeddable":true,"href":"https:\/\/arfolk.bzh\/br\/wp-json\/wp\/v2\/style?post=3172"},{"taxonomy":"supports","embeddable":true,"href":"https:\/\/arfolk.bzh\/br\/wp-json\/wp\/v2\/supports?post=3172"}],"curies":[{"name":"wp","href":"https:\/\/api.w.org\/{rel}","templated":true}]}}

<p>Compilation de 19 chants de marins par les chanteurs et groupes de Bretagne mais aussi d&rsquo;Irlande, du Québec, de Pologne, d&rsquo;Ecosse et des USA.</p>
<p>L&rsquo;intérêt pour le genre est toujours aussi fort, comme en témoignent le succès des festivals, notamment celui de Paimpol.</p>
<p><iframe loading="lazy" title="Les Marins d&#039;Iroise - Aux vents solitaires (feat. Hugues Aufray)" width="1080" height="608" src="https://www.youtube.com/embed/ShnOBzMz4FE?feature=oembed"  allow="accelerometer; autoplay; clipboard-write; encrypted-media; gyroscope; picture-in-picture; web-share" referrerpolicy="strict-origin-when-cross-origin" allowfullscreen></iframe></p>
<p><strong>Tracklist de  » Festival du chant de marin à Paimpol, les 30 ans « :</strong></p>
<ol>
<li><strong>Les Marins d&rsquo;Ironies : Aux vents solitaires &#8211; Bretagne</strong></li>
<li><strong>Sophy Ann Pudwell : Marie-Jeanne Gabrielle &#8211; France/Irlande</strong></li>
<li><strong>Bounding Main : Sugar in The Hold &#8211; USA</strong></li>
<li><strong>Brise-glace : La ligne Holworth &#8211; Québec</strong></li>
<li><strong>Pekel : De zee &#8211; Pays-Bas</strong></li>
<li><strong>Les Biches Cocottes : M. de Kersauzon &#8211; Bretagne</strong></li>
<li><strong>Les Brouilleurs d&rsquo;Ecoutes : Allons-y les gars &#8211; France</strong></li>
<li><strong>The Trongate Rum Riots : Sleeping in The Corn &#8211; Ecosse</strong></li>
<li><strong>Les Souillés de fond de cale : Les Frères de la côte &#8211; Bretagne</strong></li>
<li><strong>Nordet : Tonnerre &#8211; Bretagne</strong></li>
<li><strong>Orkiestra Samantha : Arktyka &#8211; Pologne</strong></li>
<li><strong>Paotred Pagan : E Brest pa oan erruet &#8211; Bretagne</strong></li>
<li><strong>Sasiedzi : W kieszeni dolar &#8211; Pologne</strong></li>
<li><strong>Strand Hugg : Le Diamant &#8211; France</strong></li>
<li><strong>Taillevent : Les Sauveteurs de la mer &#8211; Bretagne</strong></li>
<li><strong>Thalie n&rsquo;co : Le Sillon de Talbert &#8211; Bretagne</strong></li>
<li><strong>Les Margaux : La valse &#8211; Québec</strong></li>
<li><strong>Za Horyzontem : Mary Lo &#8211; Pologne</strong></li>
<li><strong>Les Pirates : Les Trois Marins de Groix &#8211; Bretagne</strong></li>
</ol>
<p>Durée totale d&rsquo;écoute : 75 minutes.</p>

<!-- This site is optimized with the Yoast SEO Premium plugin v24.0 (Yoast SEO v27.3) - https://yoast.com/product/yoast-seo-premium-wordpress/ -->
<title>Album du Festival du chant de Marin de Paimpol - 30 ans</title>
<meta name="description" content="Retrouvez l&#039;album du Festival du chant de Marin de Paimpol - 30 ans. Commandez directement en ligne sur arfolk.bzh, le label discographique breton." />
<meta name="robots" content="index, follow, max-snippet:-1, max-image-preview:large, max-video-preview:-1" />
<link rel="canonical" href="https://arfolk.bzh/br/boutique/festival-du-chant-de-marin-de-paimpol-30-ans/" />
<script type="application/ld+json" class="yoast-schema-graph">{"@context":"https:\/\/schema.org","@graph":[{"@type":"WebPage","@id":"https:\/\/arfolk.bzh\/boutique\/festival-du-chant-de-marin-de-paimpol-30-ans\/","url":"https:\/\/arfolk.bzh\/boutique\/festival-du-chant-de-marin-de-paimpol-30-ans\/","name":"Album du Festival du chant de Marin de Paimpol - 30 ans","isPartOf":{"@id":"https:\/\/arfolk.bzh\/#website"},"primaryImageOfPage":{"@id":"https:\/\/arfolk.bzh\/boutique\/festival-du-chant-de-marin-de-paimpol-30-ans\/#primaryimage"},"image":{"@id":"https:\/\/arfolk.bzh\/boutique\/festival-du-chant-de-marin-de-paimpol-30-ans\/#primaryimage"},"thumbnailUrl":"https:\/\/arfolk.bzh\/wp-content\/uploads\/2024\/12\/IMG_0012-scaled.jpg","datePublished":"2019-12-13T16:27:48+00:00","dateModified":"2025-12-11T10:04:11+00:00","description":"Retrouvez l'album du Festival du chant de Marin de Paimpol - 30 ans. Commandez directement en ligne sur arfolk.bzh, le label discographique breton.","breadcrumb":{"@id":"https:\/\/arfolk.bzh\/boutique\/festival-du-chant-de-marin-de-paimpol-30-ans\/#breadcrumb"},"inLanguage":"br-FR","potentialAction":[{"@type":"ReadAction","target":["https:\/\/arfolk.bzh\/boutique\/festival-du-chant-de-marin-de-paimpol-30-ans\/"]}]},{"@type":"ImageObject","inLanguage":"br-FR","@id":"https:\/\/arfolk.bzh\/boutique\/festival-du-chant-de-marin-de-paimpol-30-ans\/#primaryimage","url":"https:\/\/arfolk.bzh\/wp-content\/uploads\/2024\/12\/IMG_0012-scaled.jpg","contentUrl":"https:\/\/arfolk.bzh\/wp-content\/uploads\/2024\/12\/IMG_0012-scaled.jpg","width":2000,"height":1806,"caption":"Festival du Chant de Marin"},{"@type":"BreadcrumbList","@id":"https:\/\/arfolk.bzh\/boutique\/festival-du-chant-de-marin-de-paimpol-30-ans\/#breadcrumb","itemListElement":[{"@type":"ListItem","position":1,"name":"Accueil","item":"https:\/\/arfolk.bzh\/"},{"@type":"ListItem","position":2,"name":"Boutique","item":"https:\/\/arfolk.bzh\/boutique\/"},{"@type":"ListItem","position":3,"name":"Festival du chant de Marin de Paimpol"}]},{"@type":"WebSite","@id":"https:\/\/arfolk.bzh\/#website","url":"https:\/\/arfolk.bzh\/","name":"Arfolk","description":"Label discographique spécialisé dans la musique bretonne","publisher":{"@id":"https:\/\/arfolk.bzh\/#organization"},"potentialAction":[{"@type":"SearchAction","target":{"@type":"EntryPoint","urlTemplate":"https:\/\/arfolk.bzh\/?s={search_term_string}"},"query-input":{"@type":"PropertyValueSpecification","valueRequired":true,"valueName":"search_term_string"}}],"inLanguage":"br-FR"},{"@type":"Organization","@id":"https:\/\/arfolk.bzh\/#organization","name":"Arfolk","alternateName":"Le label de la musique bretonne","url":"https:\/\/arfolk.bzh\/","logo":{"@type":"ImageObject","inLanguage":"br-FR","@id":"https:\/\/arfolk.bzh\/#\/schema\/logo\/image\/","url":"https:\/\/arfolk.bzh\/wp-content\/uploads\/2023\/11\/cropped-logo-label-de-musique-breton-arfolf-vignette.webp","contentUrl":"https:\/\/arfolk.bzh\/wp-content\/uploads\/2023\/11\/cropped-logo-label-de-musique-breton-arfolf-vignette.webp","width":512,"height":512,"caption":"Arfolk"},"image":{"@id":"https:\/\/arfolk.bzh\/#\/schema\/logo\/image\/"},"sameAs":["https:\/\/www.facebook.com\/Arfolkmusik","https:\/\/www.instagram.com\/arfolkmusik\/"]}]}</script>
<!-- / Yoast SEO Premium plugin. -->

Label discographique spécialisé dans la musique bretonne
