{"id":3254,"date":"2015-03-15T18:17:37","date_gmt":"2015-03-15T17:17:37","guid":{"rendered":"https:\/\/arfolk.bzh\/?post_type=product&#038;p=3254"},"modified":"2025-12-11T11:58:32","modified_gmt":"2025-12-11T10:58:32","slug":"moussig-yves-ribis-et-arz-nevez","status":"publish","type":"product","link":"https:\/\/arfolk.bzh\/br\/boutique\/moussig-yves-ribis-et-arz-nevez\/","title":{"rendered":"Moussig &#8211; Yves Ribis et Arz Nevez"},"content":{"rendered":"<p>Chants du cour et de l&rsquo;amour les berceuses sont universelles. Elles se transmettent depuis la nuit des temps, particuli\u00e8rement en Bretagne et dans les pays celtiques, o\u00f9 le symbole de la m\u00e8re est tr\u00e8s pr\u00e9sent. Moussig (\u00abpetit m\u00f4me \u00bb en breton) est le trait d&rsquo;union entre ces chants universels, enfouis dans les m\u00e9moires, et l&rsquo;expression musicale contemporaine. Ce duo est constitu\u00e9 d&rsquo;Yves Ribis \u00e0 la guitare et de Morwenn Le Normand au chant. Nul besoin de comprendre la langue pour \u00eatre berc\u00e9s et embarqu\u00e9s par la beaut\u00e9 de ces m\u00e9lodies traditionnelles qui nous sont envoy\u00e9es, par transmission orale, du pass\u00e9 le plus profond .. La m\u00e9moire du cour et de la parole.<\/p>","protected":false},"excerpt":{"rendered":"<p>Duo constitu\u00e9 d&rsquo;Yves Ribis \u00e0 la guitare et de Morwenn Le Normand au chant.<\/p>\n<p>Ecoutez en Streaming : <strong><a href=\"https:\/\/fanlink.tv\/wcBM\">https:\/\/fanlink.tv\/wcBM<\/a><\/strong><\/p>\n<p>https:\/\/youtube.com\/playlist?list=PLQMZD0e8YHDLCueS9k7x1DSS5CXg5u59l&amp;si=k76c5H0BPHpb9gf_<\/p>","protected":false},"featured_media":3256,"template":"","meta":{"_acf_changed":false,"_et_pb_use_builder":"","_et_pb_old_content":"","_et_gb_content_width":""},"product_brand":[],"false":[32],"product_tag":[],"disponible_a_la_vente":[],"langue":[],"style":[],"supports":[],"class_list":{"0":"post-3254","1":"product","2":"type-product","3":"status-publish","4":"has-post-thumbnail","6":"product_cat-non-classe","8":"first","9":"outofstock","10":"taxable","11":"shipping-taxable","12":"product-type-simple"},"acf":[],"yoast_head":"<!-- This site is optimized with the Yoast SEO Premium plugin v24.0 (Yoast SEO v27.3) - https:\/\/yoast.com\/product\/yoast-seo-premium-wordpress\/ -->\n<title>Album de Moussig - Yves Ribis et Arz Nevez<\/title>\n<meta name=\"description\" content=\"Retrouvez l&#039;album de Moussig - Yves Ribis et Arz Nevez. Commandez directement en ligne sur arfolk.bzh, le label discographique breton.\" \/>\n<meta name=\"robots\" content=\"index, follow, max-snippet:-1, max-image-preview:large, max-video-preview:-1\" \/>\n<link rel=\"canonical\" href=\"https:\/\/arfolk.bzh\/br\/boutique\/moussig-yves-ribis-et-arz-nevez\/\" \/>\n<script type=\"application\/ld+json\" class=\"yoast-schema-graph\">{\"@context\":\"https:\\\/\\\/schema.org\",\"@graph\":[{\"@type\":\"WebPage\",\"@id\":\"https:\\\/\\\/arfolk.bzh\\\/boutique\\\/moussig-yves-ribis-et-arz-nevez\\\/\",\"url\":\"https:\\\/\\\/arfolk.bzh\\\/boutique\\\/moussig-yves-ribis-et-arz-nevez\\\/\",\"name\":\"Album de Moussig - Yves Ribis et Arz Nevez\",\"isPartOf\":{\"@id\":\"https:\\\/\\\/arfolk.bzh\\\/#website\"},\"primaryImageOfPage\":{\"@id\":\"https:\\\/\\\/arfolk.bzh\\\/boutique\\\/moussig-yves-ribis-et-arz-nevez\\\/#primaryimage\"},\"image\":{\"@id\":\"https:\\\/\\\/arfolk.bzh\\\/boutique\\\/moussig-yves-ribis-et-arz-nevez\\\/#primaryimage\"},\"thumbnailUrl\":\"https:\\\/\\\/arfolk.bzh\\\/wp-content\\\/uploads\\\/2024\\\/12\\\/moussig-berceusesetcomptines-de-bretagne.webp\",\"datePublished\":\"2015-03-15T17:17:37+00:00\",\"dateModified\":\"2025-12-11T10:58:32+00:00\",\"description\":\"Retrouvez l'album de Moussig - Yves Ribis et Arz Nevez. Commandez directement en ligne sur arfolk.bzh, le label discographique breton.\",\"breadcrumb\":{\"@id\":\"https:\\\/\\\/arfolk.bzh\\\/boutique\\\/moussig-yves-ribis-et-arz-nevez\\\/#breadcrumb\"},\"inLanguage\":\"br-FR\",\"potentialAction\":[{\"@type\":\"ReadAction\",\"target\":[\"https:\\\/\\\/arfolk.bzh\\\/boutique\\\/moussig-yves-ribis-et-arz-nevez\\\/\"]}]},{\"@type\":\"ImageObject\",\"inLanguage\":\"br-FR\",\"@id\":\"https:\\\/\\\/arfolk.bzh\\\/boutique\\\/moussig-yves-ribis-et-arz-nevez\\\/#primaryimage\",\"url\":\"https:\\\/\\\/arfolk.bzh\\\/wp-content\\\/uploads\\\/2024\\\/12\\\/moussig-berceusesetcomptines-de-bretagne.webp\",\"contentUrl\":\"https:\\\/\\\/arfolk.bzh\\\/wp-content\\\/uploads\\\/2024\\\/12\\\/moussig-berceusesetcomptines-de-bretagne.webp\",\"width\":1216,\"height\":1214,\"caption\":\"Moussig-berceusesetcomptines de bretagne\"},{\"@type\":\"BreadcrumbList\",\"@id\":\"https:\\\/\\\/arfolk.bzh\\\/boutique\\\/moussig-yves-ribis-et-arz-nevez\\\/#breadcrumb\",\"itemListElement\":[{\"@type\":\"ListItem\",\"position\":1,\"name\":\"Accueil\",\"item\":\"https:\\\/\\\/arfolk.bzh\\\/\"},{\"@type\":\"ListItem\",\"position\":2,\"name\":\"Boutique\",\"item\":\"https:\\\/\\\/arfolk.bzh\\\/boutique\\\/\"},{\"@type\":\"ListItem\",\"position\":3,\"name\":\"Moussig &#8211; Yves Ribis et Arz Nevez\"}]},{\"@type\":\"WebSite\",\"@id\":\"https:\\\/\\\/arfolk.bzh\\\/#website\",\"url\":\"https:\\\/\\\/arfolk.bzh\\\/\",\"name\":\"Arfolk\",\"description\":\"Label discographique sp\u00e9cialis\u00e9 dans la musique bretonne\",\"publisher\":{\"@id\":\"https:\\\/\\\/arfolk.bzh\\\/#organization\"},\"potentialAction\":[{\"@type\":\"SearchAction\",\"target\":{\"@type\":\"EntryPoint\",\"urlTemplate\":\"https:\\\/\\\/arfolk.bzh\\\/?s={search_term_string}\"},\"query-input\":{\"@type\":\"PropertyValueSpecification\",\"valueRequired\":true,\"valueName\":\"search_term_string\"}}],\"inLanguage\":\"br-FR\"},{\"@type\":\"Organization\",\"@id\":\"https:\\\/\\\/arfolk.bzh\\\/#organization\",\"name\":\"Arfolk\",\"alternateName\":\"Le label de la musique bretonne\",\"url\":\"https:\\\/\\\/arfolk.bzh\\\/\",\"logo\":{\"@type\":\"ImageObject\",\"inLanguage\":\"br-FR\",\"@id\":\"https:\\\/\\\/arfolk.bzh\\\/#\\\/schema\\\/logo\\\/image\\\/\",\"url\":\"https:\\\/\\\/arfolk.bzh\\\/wp-content\\\/uploads\\\/2023\\\/11\\\/cropped-logo-label-de-musique-breton-arfolf-vignette.webp\",\"contentUrl\":\"https:\\\/\\\/arfolk.bzh\\\/wp-content\\\/uploads\\\/2023\\\/11\\\/cropped-logo-label-de-musique-breton-arfolf-vignette.webp\",\"width\":512,\"height\":512,\"caption\":\"Arfolk\"},\"image\":{\"@id\":\"https:\\\/\\\/arfolk.bzh\\\/#\\\/schema\\\/logo\\\/image\\\/\"},\"sameAs\":[\"https:\\\/\\\/www.facebook.com\\\/Arfolkmusik\",\"https:\\\/\\\/www.instagram.com\\\/arfolkmusik\\\/\"]}]}<\/script>\n<!-- \/ Yoast SEO Premium plugin. -->","yoast_head_json":{"title":"Album de Moussig - Yves Ribis et Arz Nevez","description":"Retrouvez l'album de Moussig - Yves Ribis et Arz Nevez. Commandez directement en ligne sur arfolk.bzh, le label discographique breton.","robots":{"index":"index","follow":"follow","max-snippet":"max-snippet:-1","max-image-preview":"max-image-preview:large","max-video-preview":"max-video-preview:-1"},"canonical":"https:\/\/arfolk.bzh\/br\/boutique\/moussig-yves-ribis-et-arz-nevez\/","schema":{"@context":"https:\/\/schema.org","@graph":[{"@type":"WebPage","@id":"https:\/\/arfolk.bzh\/boutique\/moussig-yves-ribis-et-arz-nevez\/","url":"https:\/\/arfolk.bzh\/boutique\/moussig-yves-ribis-et-arz-nevez\/","name":"Album de Moussig - Yves Ribis et Arz Nevez","isPartOf":{"@id":"https:\/\/arfolk.bzh\/#website"},"primaryImageOfPage":{"@id":"https:\/\/arfolk.bzh\/boutique\/moussig-yves-ribis-et-arz-nevez\/#primaryimage"},"image":{"@id":"https:\/\/arfolk.bzh\/boutique\/moussig-yves-ribis-et-arz-nevez\/#primaryimage"},"thumbnailUrl":"https:\/\/arfolk.bzh\/wp-content\/uploads\/2024\/12\/moussig-berceusesetcomptines-de-bretagne.webp","datePublished":"2015-03-15T17:17:37+00:00","dateModified":"2025-12-11T10:58:32+00:00","description":"Retrouvez l'album de Moussig - Yves Ribis et Arz Nevez. Commandez directement en ligne sur arfolk.bzh, le label discographique breton.","breadcrumb":{"@id":"https:\/\/arfolk.bzh\/boutique\/moussig-yves-ribis-et-arz-nevez\/#breadcrumb"},"inLanguage":"br-FR","potentialAction":[{"@type":"ReadAction","target":["https:\/\/arfolk.bzh\/boutique\/moussig-yves-ribis-et-arz-nevez\/"]}]},{"@type":"ImageObject","inLanguage":"br-FR","@id":"https:\/\/arfolk.bzh\/boutique\/moussig-yves-ribis-et-arz-nevez\/#primaryimage","url":"https:\/\/arfolk.bzh\/wp-content\/uploads\/2024\/12\/moussig-berceusesetcomptines-de-bretagne.webp","contentUrl":"https:\/\/arfolk.bzh\/wp-content\/uploads\/2024\/12\/moussig-berceusesetcomptines-de-bretagne.webp","width":1216,"height":1214,"caption":"Moussig-berceusesetcomptines de bretagne"},{"@type":"BreadcrumbList","@id":"https:\/\/arfolk.bzh\/boutique\/moussig-yves-ribis-et-arz-nevez\/#breadcrumb","itemListElement":[{"@type":"ListItem","position":1,"name":"Accueil","item":"https:\/\/arfolk.bzh\/"},{"@type":"ListItem","position":2,"name":"Boutique","item":"https:\/\/arfolk.bzh\/boutique\/"},{"@type":"ListItem","position":3,"name":"Moussig &#8211; Yves Ribis et Arz Nevez"}]},{"@type":"WebSite","@id":"https:\/\/arfolk.bzh\/#website","url":"https:\/\/arfolk.bzh\/","name":"Arfolk","description":"Label discographique sp\u00e9cialis\u00e9 dans la musique bretonne","publisher":{"@id":"https:\/\/arfolk.bzh\/#organization"},"potentialAction":[{"@type":"SearchAction","target":{"@type":"EntryPoint","urlTemplate":"https:\/\/arfolk.bzh\/?s={search_term_string}"},"query-input":{"@type":"PropertyValueSpecification","valueRequired":true,"valueName":"search_term_string"}}],"inLanguage":"br-FR"},{"@type":"Organization","@id":"https:\/\/arfolk.bzh\/#organization","name":"Arfolk","alternateName":"Le label de la musique bretonne","url":"https:\/\/arfolk.bzh\/","logo":{"@type":"ImageObject","inLanguage":"br-FR","@id":"https:\/\/arfolk.bzh\/#\/schema\/logo\/image\/","url":"https:\/\/arfolk.bzh\/wp-content\/uploads\/2023\/11\/cropped-logo-label-de-musique-breton-arfolf-vignette.webp","contentUrl":"https:\/\/arfolk.bzh\/wp-content\/uploads\/2023\/11\/cropped-logo-label-de-musique-breton-arfolf-vignette.webp","width":512,"height":512,"caption":"Arfolk"},"image":{"@id":"https:\/\/arfolk.bzh\/#\/schema\/logo\/image\/"},"sameAs":["https:\/\/www.facebook.com\/Arfolkmusik","https:\/\/www.instagram.com\/arfolkmusik\/"]}]}},"jetpack_sharing_enabled":true,"_links":{"self":[{"href":"https:\/\/arfolk.bzh\/br\/wp-json\/wp\/v2\/product\/3254","targetHints":{"allow":["GET"]}}],"collection":[{"href":"https:\/\/arfolk.bzh\/br\/wp-json\/wp\/v2\/product"}],"about":[{"href":"https:\/\/arfolk.bzh\/br\/wp-json\/wp\/v2\/types\/product"}],"wp:featuredmedia":[{"embeddable":true,"href":"https:\/\/arfolk.bzh\/br\/wp-json\/wp\/v2\/media\/3256"}],"wp:attachment":[{"href":"https:\/\/arfolk.bzh\/br\/wp-json\/wp\/v2\/media?parent=3254"}],"wp:term":[{"taxonomy":"product_brand","embeddable":true,"href":"https:\/\/arfolk.bzh\/br\/wp-json\/wp\/v2\/product_brand?post=3254"},{"taxonomy":"product_cat","embeddable":true,"href":"https:\/\/arfolk.bzh\/br\/wp-json\/wp\/v2\/false?post=3254"},{"taxonomy":"product_tag","embeddable":true,"href":"https:\/\/arfolk.bzh\/br\/wp-json\/wp\/v2\/product_tag?post=3254"},{"taxonomy":"disponible_a_la_vente","embeddable":true,"href":"https:\/\/arfolk.bzh\/br\/wp-json\/wp\/v2\/disponible_a_la_vente?post=3254"},{"taxonomy":"langue","embeddable":true,"href":"https:\/\/arfolk.bzh\/br\/wp-json\/wp\/v2\/langue?post=3254"},{"taxonomy":"style","embeddable":true,"href":"https:\/\/arfolk.bzh\/br\/wp-json\/wp\/v2\/style?post=3254"},{"taxonomy":"supports","embeddable":true,"href":"https:\/\/arfolk.bzh\/br\/wp-json\/wp\/v2\/supports?post=3254"}],"curies":[{"name":"wp","href":"https:\/\/api.w.org\/{rel}","templated":true}]}}

<p>Chants du cour et de l&rsquo;amour les berceuses sont universelles. Elles se transmettent depuis la nuit des temps, particulièrement en Bretagne et dans les pays celtiques, où le symbole de la mère est très présent. Moussig («petit môme » en breton) est le trait d&rsquo;union entre ces chants universels, enfouis dans les mémoires, et l&rsquo;expression musicale contemporaine. Ce duo est constitué d&rsquo;Yves Ribis à la guitare et de Morwenn Le Normand au chant. Nul besoin de comprendre la langue pour être bercés et embarqués par la beauté de ces mélodies traditionnelles qui nous sont envoyées, par transmission orale, du passé le plus profond .. La mémoire du cour et de la parole.</p>

<p>Duo constitué d&rsquo;Yves Ribis à la guitare et de Morwenn Le Normand au chant.</p>
<p>Ecoutez en Streaming : <strong><a href="https://fanlink.tv/wcBM">https://fanlink.tv/wcBM</a></strong></p>
<p>https://youtube.com/playlist?list=PLQMZD0e8YHDLCueS9k7x1DSS5CXg5u59l&amp;si=k76c5H0BPHpb9gf_</p>

<!-- This site is optimized with the Yoast SEO Premium plugin v24.0 (Yoast SEO v27.3) - https://yoast.com/product/yoast-seo-premium-wordpress/ -->
<title>Album de Moussig - Yves Ribis et Arz Nevez</title>
<meta name="description" content="Retrouvez l&#039;album de Moussig - Yves Ribis et Arz Nevez. Commandez directement en ligne sur arfolk.bzh, le label discographique breton." />
<meta name="robots" content="index, follow, max-snippet:-1, max-image-preview:large, max-video-preview:-1" />
<link rel="canonical" href="https://arfolk.bzh/br/boutique/moussig-yves-ribis-et-arz-nevez/" />
<script type="application/ld+json" class="yoast-schema-graph">{"@context":"https:\/\/schema.org","@graph":[{"@type":"WebPage","@id":"https:\/\/arfolk.bzh\/boutique\/moussig-yves-ribis-et-arz-nevez\/","url":"https:\/\/arfolk.bzh\/boutique\/moussig-yves-ribis-et-arz-nevez\/","name":"Album de Moussig - Yves Ribis et Arz Nevez","isPartOf":{"@id":"https:\/\/arfolk.bzh\/#website"},"primaryImageOfPage":{"@id":"https:\/\/arfolk.bzh\/boutique\/moussig-yves-ribis-et-arz-nevez\/#primaryimage"},"image":{"@id":"https:\/\/arfolk.bzh\/boutique\/moussig-yves-ribis-et-arz-nevez\/#primaryimage"},"thumbnailUrl":"https:\/\/arfolk.bzh\/wp-content\/uploads\/2024\/12\/moussig-berceusesetcomptines-de-bretagne.webp","datePublished":"2015-03-15T17:17:37+00:00","dateModified":"2025-12-11T10:58:32+00:00","description":"Retrouvez l'album de Moussig - Yves Ribis et Arz Nevez. Commandez directement en ligne sur arfolk.bzh, le label discographique breton.","breadcrumb":{"@id":"https:\/\/arfolk.bzh\/boutique\/moussig-yves-ribis-et-arz-nevez\/#breadcrumb"},"inLanguage":"br-FR","potentialAction":[{"@type":"ReadAction","target":["https:\/\/arfolk.bzh\/boutique\/moussig-yves-ribis-et-arz-nevez\/"]}]},{"@type":"ImageObject","inLanguage":"br-FR","@id":"https:\/\/arfolk.bzh\/boutique\/moussig-yves-ribis-et-arz-nevez\/#primaryimage","url":"https:\/\/arfolk.bzh\/wp-content\/uploads\/2024\/12\/moussig-berceusesetcomptines-de-bretagne.webp","contentUrl":"https:\/\/arfolk.bzh\/wp-content\/uploads\/2024\/12\/moussig-berceusesetcomptines-de-bretagne.webp","width":1216,"height":1214,"caption":"Moussig-berceusesetcomptines de bretagne"},{"@type":"BreadcrumbList","@id":"https:\/\/arfolk.bzh\/boutique\/moussig-yves-ribis-et-arz-nevez\/#breadcrumb","itemListElement":[{"@type":"ListItem","position":1,"name":"Accueil","item":"https:\/\/arfolk.bzh\/"},{"@type":"ListItem","position":2,"name":"Boutique","item":"https:\/\/arfolk.bzh\/boutique\/"},{"@type":"ListItem","position":3,"name":"Moussig &#8211; Yves Ribis et Arz Nevez"}]},{"@type":"WebSite","@id":"https:\/\/arfolk.bzh\/#website","url":"https:\/\/arfolk.bzh\/","name":"Arfolk","description":"Label discographique spécialisé dans la musique bretonne","publisher":{"@id":"https:\/\/arfolk.bzh\/#organization"},"potentialAction":[{"@type":"SearchAction","target":{"@type":"EntryPoint","urlTemplate":"https:\/\/arfolk.bzh\/?s={search_term_string}"},"query-input":{"@type":"PropertyValueSpecification","valueRequired":true,"valueName":"search_term_string"}}],"inLanguage":"br-FR"},{"@type":"Organization","@id":"https:\/\/arfolk.bzh\/#organization","name":"Arfolk","alternateName":"Le label de la musique bretonne","url":"https:\/\/arfolk.bzh\/","logo":{"@type":"ImageObject","inLanguage":"br-FR","@id":"https:\/\/arfolk.bzh\/#\/schema\/logo\/image\/","url":"https:\/\/arfolk.bzh\/wp-content\/uploads\/2023\/11\/cropped-logo-label-de-musique-breton-arfolf-vignette.webp","contentUrl":"https:\/\/arfolk.bzh\/wp-content\/uploads\/2023\/11\/cropped-logo-label-de-musique-breton-arfolf-vignette.webp","width":512,"height":512,"caption":"Arfolk"},"image":{"@id":"https:\/\/arfolk.bzh\/#\/schema\/logo\/image\/"},"sameAs":["https:\/\/www.facebook.com\/Arfolkmusik","https:\/\/www.instagram.com\/arfolkmusik\/"]}]}</script>
<!-- / Yoast SEO Premium plugin. -->

Label discographique spécialisé dans la musique bretonne
