{"id":3964,"date":"2025-07-22T16:55:27","date_gmt":"2025-07-22T14:55:27","guid":{"rendered":"https:\/\/arfolk.bzh\/?post_type=product&#038;p=3964"},"modified":"2025-10-27T02:53:24","modified_gmt":"2025-10-27T01:53:24","slug":"egin","status":"publish","type":"product","link":"https:\/\/arfolk.bzh\/br\/boutique\/egin\/","title":{"rendered":"EGIN"},"content":{"rendered":"<p>Egin est un duo compos\u00e9 de Mael Guego \u00e0 la guitare et Korentin Le Davay au chant.<\/p>\n<p>Ils jouent ensemble leurs cr\u00e9ations, des chansons actuelles inspir\u00e9es des ballades folk am\u00e9ricaines et du blues.<\/p>\n<p>Les textes, en breton, parlent notamment de leurs imaginaires, de leurs faiblesses, de leurs amours et de leur regard sur le monde.<\/p>\n<p><strong>Tracklist de EGIN :<\/strong><\/p>\n<ol>\n<li>Setu An deiz<\/li>\n<li>Avel<\/li>\n<li>Kellig an ha\u00f1v<\/li>\n<li>An divroidi<\/li>\n<li>Ar butun<\/li>\n<li>&lsquo;barzh straed<\/li>\n<li>C&rsquo;hoari zo c&rsquo;hoari<\/li>\n<li>I&rsquo;m going home<\/li>\n<li>Gwallhu\u00f1vre<\/li>\n<li>Miz gwengolo<\/li>\n<li>Skriva\u00f1 &lsquo;ran dit<\/li>\n<\/ol>\n<p>&nbsp;<\/p>","protected":false},"excerpt":{"rendered":"<p>Le duo Egin (Korentin Le Davay \u2013 chant ; Mael Guego \u2013 Guitar, chant) compose des balades folk en breton teint\u00e9es de blues et d\u2019harmonies jazz.<\/p>\n<p><strong>NB :<\/strong> Couleur al\u00e9atoire de la pochette de l&rsquo;album !<\/p>\n<p>\u00c9couter en Streaming : <a href=\"https:\/\/fanlink.tv\/Egin\">https:\/\/fanlink.tv\/Egin<\/a><\/p>","protected":false},"featured_media":3978,"template":"","meta":{"_acf_changed":false,"_et_pb_use_builder":"","_et_pb_old_content":"","_et_gb_content_width":""},"product_brand":[],"false":[32],"product_tag":[],"disponible_a_la_vente":[38],"langue":[73],"style":[78],"supports":[86,88],"class_list":{"0":"post-3964","1":"product","2":"type-product","3":"status-publish","4":"has-post-thumbnail","6":"product_cat-non-classe","7":"disponible_a_la_vente-disponible-a-la-vente","8":"langue-breton","9":"style-world-music","10":"supports-cd","11":"supports-dematerialise","13":"first","14":"instock","15":"taxable","16":"shipping-taxable","17":"purchasable","18":"product-type-simple"},"acf":[],"yoast_head":"<!-- This site is optimized with the Yoast SEO Premium plugin v24.0 (Yoast SEO v27.3) - https:\/\/yoast.com\/product\/yoast-seo-premium-wordpress\/ -->\n<title>Album de EGIN<\/title>\n<meta name=\"description\" content=\"Retrouvez l&#039;album du duo EGIN (Korentin Le Davay &amp; Mael Guego), Commandez directement en ligne sur arfolk.bzh, le label discographique breton.\" \/>\n<meta name=\"robots\" content=\"index, follow, max-snippet:-1, max-image-preview:large, max-video-preview:-1\" \/>\n<link rel=\"canonical\" href=\"https:\/\/arfolk.bzh\/br\/boutique\/egin\/\" \/>\n<script type=\"application\/ld+json\" class=\"yoast-schema-graph\">{\"@context\":\"https:\\\/\\\/schema.org\",\"@graph\":[{\"@type\":\"WebPage\",\"@id\":\"https:\\\/\\\/arfolk.bzh\\\/boutique\\\/egin\\\/\",\"url\":\"https:\\\/\\\/arfolk.bzh\\\/boutique\\\/egin\\\/\",\"name\":\"Album de EGIN\",\"isPartOf\":{\"@id\":\"https:\\\/\\\/arfolk.bzh\\\/#website\"},\"primaryImageOfPage\":{\"@id\":\"https:\\\/\\\/arfolk.bzh\\\/boutique\\\/egin\\\/#primaryimage\"},\"image\":{\"@id\":\"https:\\\/\\\/arfolk.bzh\\\/boutique\\\/egin\\\/#primaryimage\"},\"thumbnailUrl\":\"https:\\\/\\\/arfolk.bzh\\\/wp-content\\\/uploads\\\/2025\\\/07\\\/egin-scaled.webp\",\"datePublished\":\"2025-07-22T14:55:27+00:00\",\"dateModified\":\"2025-10-27T01:53:24+00:00\",\"description\":\"Retrouvez l'album du duo EGIN (Korentin Le Davay & Mael Guego), Commandez directement en ligne sur arfolk.bzh, le label discographique breton.\",\"breadcrumb\":{\"@id\":\"https:\\\/\\\/arfolk.bzh\\\/boutique\\\/egin\\\/#breadcrumb\"},\"inLanguage\":\"br-FR\",\"potentialAction\":[{\"@type\":\"ReadAction\",\"target\":[\"https:\\\/\\\/arfolk.bzh\\\/boutique\\\/egin\\\/\"]}]},{\"@type\":\"ImageObject\",\"inLanguage\":\"br-FR\",\"@id\":\"https:\\\/\\\/arfolk.bzh\\\/boutique\\\/egin\\\/#primaryimage\",\"url\":\"https:\\\/\\\/arfolk.bzh\\\/wp-content\\\/uploads\\\/2025\\\/07\\\/egin-scaled.webp\",\"contentUrl\":\"https:\\\/\\\/arfolk.bzh\\\/wp-content\\\/uploads\\\/2025\\\/07\\\/egin-scaled.webp\",\"width\":2000,\"height\":1770,\"caption\":\"Egin\"},{\"@type\":\"BreadcrumbList\",\"@id\":\"https:\\\/\\\/arfolk.bzh\\\/boutique\\\/egin\\\/#breadcrumb\",\"itemListElement\":[{\"@type\":\"ListItem\",\"position\":1,\"name\":\"Accueil\",\"item\":\"https:\\\/\\\/arfolk.bzh\\\/\"},{\"@type\":\"ListItem\",\"position\":2,\"name\":\"Boutique\",\"item\":\"https:\\\/\\\/arfolk.bzh\\\/boutique\\\/\"},{\"@type\":\"ListItem\",\"position\":3,\"name\":\"EGIN\"}]},{\"@type\":\"WebSite\",\"@id\":\"https:\\\/\\\/arfolk.bzh\\\/#website\",\"url\":\"https:\\\/\\\/arfolk.bzh\\\/\",\"name\":\"Arfolk\",\"description\":\"Label discographique sp\u00e9cialis\u00e9 dans la musique bretonne\",\"publisher\":{\"@id\":\"https:\\\/\\\/arfolk.bzh\\\/#organization\"},\"potentialAction\":[{\"@type\":\"SearchAction\",\"target\":{\"@type\":\"EntryPoint\",\"urlTemplate\":\"https:\\\/\\\/arfolk.bzh\\\/?s={search_term_string}\"},\"query-input\":{\"@type\":\"PropertyValueSpecification\",\"valueRequired\":true,\"valueName\":\"search_term_string\"}}],\"inLanguage\":\"br-FR\"},{\"@type\":\"Organization\",\"@id\":\"https:\\\/\\\/arfolk.bzh\\\/#organization\",\"name\":\"Arfolk\",\"alternateName\":\"Le label de la musique bretonne\",\"url\":\"https:\\\/\\\/arfolk.bzh\\\/\",\"logo\":{\"@type\":\"ImageObject\",\"inLanguage\":\"br-FR\",\"@id\":\"https:\\\/\\\/arfolk.bzh\\\/#\\\/schema\\\/logo\\\/image\\\/\",\"url\":\"https:\\\/\\\/arfolk.bzh\\\/wp-content\\\/uploads\\\/2023\\\/11\\\/cropped-logo-label-de-musique-breton-arfolf-vignette.webp\",\"contentUrl\":\"https:\\\/\\\/arfolk.bzh\\\/wp-content\\\/uploads\\\/2023\\\/11\\\/cropped-logo-label-de-musique-breton-arfolf-vignette.webp\",\"width\":512,\"height\":512,\"caption\":\"Arfolk\"},\"image\":{\"@id\":\"https:\\\/\\\/arfolk.bzh\\\/#\\\/schema\\\/logo\\\/image\\\/\"},\"sameAs\":[\"https:\\\/\\\/www.facebook.com\\\/Arfolkmusik\",\"https:\\\/\\\/www.instagram.com\\\/arfolkmusik\\\/\"]}]}<\/script>\n<!-- \/ Yoast SEO Premium plugin. -->","yoast_head_json":{"title":"Album de EGIN","description":"Retrouvez l'album du duo EGIN (Korentin Le Davay & Mael Guego), Commandez directement en ligne sur arfolk.bzh, le label discographique breton.","robots":{"index":"index","follow":"follow","max-snippet":"max-snippet:-1","max-image-preview":"max-image-preview:large","max-video-preview":"max-video-preview:-1"},"canonical":"https:\/\/arfolk.bzh\/br\/boutique\/egin\/","schema":{"@context":"https:\/\/schema.org","@graph":[{"@type":"WebPage","@id":"https:\/\/arfolk.bzh\/boutique\/egin\/","url":"https:\/\/arfolk.bzh\/boutique\/egin\/","name":"Album de EGIN","isPartOf":{"@id":"https:\/\/arfolk.bzh\/#website"},"primaryImageOfPage":{"@id":"https:\/\/arfolk.bzh\/boutique\/egin\/#primaryimage"},"image":{"@id":"https:\/\/arfolk.bzh\/boutique\/egin\/#primaryimage"},"thumbnailUrl":"https:\/\/arfolk.bzh\/wp-content\/uploads\/2025\/07\/egin-scaled.webp","datePublished":"2025-07-22T14:55:27+00:00","dateModified":"2025-10-27T01:53:24+00:00","description":"Retrouvez l'album du duo EGIN (Korentin Le Davay & Mael Guego), Commandez directement en ligne sur arfolk.bzh, le label discographique breton.","breadcrumb":{"@id":"https:\/\/arfolk.bzh\/boutique\/egin\/#breadcrumb"},"inLanguage":"br-FR","potentialAction":[{"@type":"ReadAction","target":["https:\/\/arfolk.bzh\/boutique\/egin\/"]}]},{"@type":"ImageObject","inLanguage":"br-FR","@id":"https:\/\/arfolk.bzh\/boutique\/egin\/#primaryimage","url":"https:\/\/arfolk.bzh\/wp-content\/uploads\/2025\/07\/egin-scaled.webp","contentUrl":"https:\/\/arfolk.bzh\/wp-content\/uploads\/2025\/07\/egin-scaled.webp","width":2000,"height":1770,"caption":"Egin"},{"@type":"BreadcrumbList","@id":"https:\/\/arfolk.bzh\/boutique\/egin\/#breadcrumb","itemListElement":[{"@type":"ListItem","position":1,"name":"Accueil","item":"https:\/\/arfolk.bzh\/"},{"@type":"ListItem","position":2,"name":"Boutique","item":"https:\/\/arfolk.bzh\/boutique\/"},{"@type":"ListItem","position":3,"name":"EGIN"}]},{"@type":"WebSite","@id":"https:\/\/arfolk.bzh\/#website","url":"https:\/\/arfolk.bzh\/","name":"Arfolk","description":"Label discographique sp\u00e9cialis\u00e9 dans la musique bretonne","publisher":{"@id":"https:\/\/arfolk.bzh\/#organization"},"potentialAction":[{"@type":"SearchAction","target":{"@type":"EntryPoint","urlTemplate":"https:\/\/arfolk.bzh\/?s={search_term_string}"},"query-input":{"@type":"PropertyValueSpecification","valueRequired":true,"valueName":"search_term_string"}}],"inLanguage":"br-FR"},{"@type":"Organization","@id":"https:\/\/arfolk.bzh\/#organization","name":"Arfolk","alternateName":"Le label de la musique bretonne","url":"https:\/\/arfolk.bzh\/","logo":{"@type":"ImageObject","inLanguage":"br-FR","@id":"https:\/\/arfolk.bzh\/#\/schema\/logo\/image\/","url":"https:\/\/arfolk.bzh\/wp-content\/uploads\/2023\/11\/cropped-logo-label-de-musique-breton-arfolf-vignette.webp","contentUrl":"https:\/\/arfolk.bzh\/wp-content\/uploads\/2023\/11\/cropped-logo-label-de-musique-breton-arfolf-vignette.webp","width":512,"height":512,"caption":"Arfolk"},"image":{"@id":"https:\/\/arfolk.bzh\/#\/schema\/logo\/image\/"},"sameAs":["https:\/\/www.facebook.com\/Arfolkmusik","https:\/\/www.instagram.com\/arfolkmusik\/"]}]}},"jetpack_sharing_enabled":true,"_links":{"self":[{"href":"https:\/\/arfolk.bzh\/br\/wp-json\/wp\/v2\/product\/3964","targetHints":{"allow":["GET"]}}],"collection":[{"href":"https:\/\/arfolk.bzh\/br\/wp-json\/wp\/v2\/product"}],"about":[{"href":"https:\/\/arfolk.bzh\/br\/wp-json\/wp\/v2\/types\/product"}],"wp:featuredmedia":[{"embeddable":true,"href":"https:\/\/arfolk.bzh\/br\/wp-json\/wp\/v2\/media\/3978"}],"wp:attachment":[{"href":"https:\/\/arfolk.bzh\/br\/wp-json\/wp\/v2\/media?parent=3964"}],"wp:term":[{"taxonomy":"product_brand","embeddable":true,"href":"https:\/\/arfolk.bzh\/br\/wp-json\/wp\/v2\/product_brand?post=3964"},{"taxonomy":"product_cat","embeddable":true,"href":"https:\/\/arfolk.bzh\/br\/wp-json\/wp\/v2\/false?post=3964"},{"taxonomy":"product_tag","embeddable":true,"href":"https:\/\/arfolk.bzh\/br\/wp-json\/wp\/v2\/product_tag?post=3964"},{"taxonomy":"disponible_a_la_vente","embeddable":true,"href":"https:\/\/arfolk.bzh\/br\/wp-json\/wp\/v2\/disponible_a_la_vente?post=3964"},{"taxonomy":"langue","embeddable":true,"href":"https:\/\/arfolk.bzh\/br\/wp-json\/wp\/v2\/langue?post=3964"},{"taxonomy":"style","embeddable":true,"href":"https:\/\/arfolk.bzh\/br\/wp-json\/wp\/v2\/style?post=3964"},{"taxonomy":"supports","embeddable":true,"href":"https:\/\/arfolk.bzh\/br\/wp-json\/wp\/v2\/supports?post=3964"}],"curies":[{"name":"wp","href":"https:\/\/api.w.org\/{rel}","templated":true}]}}

<p>Egin est un duo composé de Mael Guego à la guitare et Korentin Le Davay au chant.</p>
<p>Ils jouent ensemble leurs créations, des chansons actuelles inspirées des ballades folk américaines et du blues.</p>
<p>Les textes, en breton, parlent notamment de leurs imaginaires, de leurs faiblesses, de leurs amours et de leur regard sur le monde.</p>
<p><strong>Tracklist de EGIN :</strong></p>
<ol>
<li>Setu An deiz</li>
<li>Avel</li>
<li>Kellig an hañv</li>
<li>An divroidi</li>
<li>Ar butun</li>
<li>&lsquo;barzh straed</li>
<li>C&rsquo;hoari zo c&rsquo;hoari</li>
<li>I&rsquo;m going home</li>
<li>Gwallhuñvre</li>
<li>Miz gwengolo</li>
<li>Skrivañ &lsquo;ran dit</li>
</ol>
<p>&nbsp;</p>

<p>Le duo Egin (Korentin Le Davay – chant ; Mael Guego – Guitar, chant) compose des balades folk en breton teintées de blues et d’harmonies jazz.</p>
<p><strong>NB :</strong> Couleur aléatoire de la pochette de l&rsquo;album !</p>
<p>Écouter en Streaming : <a href="https://fanlink.tv/Egin">https://fanlink.tv/Egin</a></p>

<!-- This site is optimized with the Yoast SEO Premium plugin v24.0 (Yoast SEO v27.3) - https://yoast.com/product/yoast-seo-premium-wordpress/ -->
<title>Album de EGIN</title>
<meta name="description" content="Retrouvez l&#039;album du duo EGIN (Korentin Le Davay &amp; Mael Guego), Commandez directement en ligne sur arfolk.bzh, le label discographique breton." />
<meta name="robots" content="index, follow, max-snippet:-1, max-image-preview:large, max-video-preview:-1" />
<link rel="canonical" href="https://arfolk.bzh/br/boutique/egin/" />
<script type="application/ld+json" class="yoast-schema-graph">{"@context":"https:\/\/schema.org","@graph":[{"@type":"WebPage","@id":"https:\/\/arfolk.bzh\/boutique\/egin\/","url":"https:\/\/arfolk.bzh\/boutique\/egin\/","name":"Album de EGIN","isPartOf":{"@id":"https:\/\/arfolk.bzh\/#website"},"primaryImageOfPage":{"@id":"https:\/\/arfolk.bzh\/boutique\/egin\/#primaryimage"},"image":{"@id":"https:\/\/arfolk.bzh\/boutique\/egin\/#primaryimage"},"thumbnailUrl":"https:\/\/arfolk.bzh\/wp-content\/uploads\/2025\/07\/egin-scaled.webp","datePublished":"2025-07-22T14:55:27+00:00","dateModified":"2025-10-27T01:53:24+00:00","description":"Retrouvez l'album du duo EGIN (Korentin Le Davay & Mael Guego), Commandez directement en ligne sur arfolk.bzh, le label discographique breton.","breadcrumb":{"@id":"https:\/\/arfolk.bzh\/boutique\/egin\/#breadcrumb"},"inLanguage":"br-FR","potentialAction":[{"@type":"ReadAction","target":["https:\/\/arfolk.bzh\/boutique\/egin\/"]}]},{"@type":"ImageObject","inLanguage":"br-FR","@id":"https:\/\/arfolk.bzh\/boutique\/egin\/#primaryimage","url":"https:\/\/arfolk.bzh\/wp-content\/uploads\/2025\/07\/egin-scaled.webp","contentUrl":"https:\/\/arfolk.bzh\/wp-content\/uploads\/2025\/07\/egin-scaled.webp","width":2000,"height":1770,"caption":"Egin"},{"@type":"BreadcrumbList","@id":"https:\/\/arfolk.bzh\/boutique\/egin\/#breadcrumb","itemListElement":[{"@type":"ListItem","position":1,"name":"Accueil","item":"https:\/\/arfolk.bzh\/"},{"@type":"ListItem","position":2,"name":"Boutique","item":"https:\/\/arfolk.bzh\/boutique\/"},{"@type":"ListItem","position":3,"name":"EGIN"}]},{"@type":"WebSite","@id":"https:\/\/arfolk.bzh\/#website","url":"https:\/\/arfolk.bzh\/","name":"Arfolk","description":"Label discographique spécialisé dans la musique bretonne","publisher":{"@id":"https:\/\/arfolk.bzh\/#organization"},"potentialAction":[{"@type":"SearchAction","target":{"@type":"EntryPoint","urlTemplate":"https:\/\/arfolk.bzh\/?s={search_term_string}"},"query-input":{"@type":"PropertyValueSpecification","valueRequired":true,"valueName":"search_term_string"}}],"inLanguage":"br-FR"},{"@type":"Organization","@id":"https:\/\/arfolk.bzh\/#organization","name":"Arfolk","alternateName":"Le label de la musique bretonne","url":"https:\/\/arfolk.bzh\/","logo":{"@type":"ImageObject","inLanguage":"br-FR","@id":"https:\/\/arfolk.bzh\/#\/schema\/logo\/image\/","url":"https:\/\/arfolk.bzh\/wp-content\/uploads\/2023\/11\/cropped-logo-label-de-musique-breton-arfolf-vignette.webp","contentUrl":"https:\/\/arfolk.bzh\/wp-content\/uploads\/2023\/11\/cropped-logo-label-de-musique-breton-arfolf-vignette.webp","width":512,"height":512,"caption":"Arfolk"},"image":{"@id":"https:\/\/arfolk.bzh\/#\/schema\/logo\/image\/"},"sameAs":["https:\/\/www.facebook.com\/Arfolkmusik","https:\/\/www.instagram.com\/arfolkmusik\/"]}]}</script>
<!-- / Yoast SEO Premium plugin. -->

Label discographique spécialisé dans la musique bretonne
