{"id":4076,"date":"2025-08-22T11:24:29","date_gmt":"2025-08-22T09:24:29","guid":{"rendered":"https:\/\/arfolk.bzh\/?post_type=product&#038;p=4076"},"modified":"2025-12-11T10:30:13","modified_gmt":"2025-12-11T09:30:13","slug":"war-sav-septet-live","status":"publish","type":"product","link":"https:\/\/arfolk.bzh\/br\/boutique\/war-sav-septet-live\/","title":{"rendered":"WAR-SAV Septet &#8211; Live"},"content":{"rendered":"<p>Le quintet original a choisi d\u2019accueillir Meriadeg Lorho-Pasco (clarinette basse \/ Kreiz Breizh Akademi 8, Eien, Ital Express, Youl, Taouk trio&#8230;) et Louri Derrien (trompette, biniou \/ Modkozmik, Kreiz Breizh Akademi 7, Arn, Derrien\/Le Sauze&#8230;) et se r\u00e9jouit de partager la sc\u00e8ne avec eux.<\/p>\n<p>Musiciens talentueux et amis de longue date, ils se joignent \u00e0 la troupe pour un spectacle savoureux et puissant. Le r\u00e9pertoire est en partie original. L&rsquo;autre partie, quant \u00e0 elle, a \u00e9t\u00e9 r\u00e9arrang\u00e9e pour ce plus grand effectif.<\/p>\n<p>Le format de l&rsquo;enregistrement en concert va permettre un caract\u00e8re sp\u00e9cial dans le son de cet album. WAR-SAV Septet esp\u00e8re faire entendre et ressentir l&rsquo;\u00e9nergie d\u00e9bordante qui lie le groupe \u00e0 tous\u2022tes leurs amis\u2022es danseurs\u2022ses.<\/p>\n<p><strong>Tracklist de WAR-SAV Septet &#8211; LIVE :<\/strong><\/p>\n<p>1. An dro &#8211; Da servij ar roue<br \/>\n2. Polka &#8211; O tont demeus an eured<br \/>\n3. Rond \u00ab\u00a0de Saint-Vincent\u00a0\u00bb &#8211; De Notre-Dame \u00e0 la Paquelais<br \/>\n4. Scottish &#8211; L\u2019Aiga de r\u00f2cha<br \/>\n5. Da\u00f1s tro Plin &#8211; Me \u2019zo bet barzh an Ifern<br \/>\n6. Bal Plin &#8211; Deuit ganin minorez<br \/>\n7. Da\u00f1s tro Plin &#8211; Person Plijidi<br \/>\n8. Mazurka &#8211; Ar Vuhez ?<br \/>\n9. Laride \u00e0 huit temps &#8211; Chadenn ar garantez<br \/>\n10. Gavotte Kost-ar-C\u2019hoad &#8211; An Dizertour<br \/>\n11. Cercle circassien<br \/>\n12. Gavotte de la Montagne &#8211; Yannig ar bambocher<br \/>\n13. Bal de la Montagne &#8211; Pa oan o sevel Tosenn ar Roz<br \/>\n14. Gavotte de la Montagne &#8211; Nozvezh kenta\u00f1 ma eured<br \/>\n15. Rond \u00ab\u00a0de Loud\u00e9ac\u00a0\u00bb &#8211; Roullier dans le sable<\/p>","protected":false},"excerpt":{"rendered":"<p>Nouvel album LIVE de WAR-SAV !<\/p>\n<p>Le groupe, renforc\u00e9 par Louri Derrien et Meriadeg Lorho-Pasco, vous promet un moment d&rsquo;\u00e9coute aussi savoureux que puissant, dans une ambiance fest-noz garantie !<\/p>","protected":false},"featured_media":4078,"template":"","meta":{"_acf_changed":false,"_et_pb_use_builder":"","_et_pb_old_content":"","_et_gb_content_width":""},"product_brand":[],"false":[32],"product_tag":[],"disponible_a_la_vente":[38],"langue":[73],"style":[76],"supports":[86],"class_list":{"0":"post-4076","1":"product","2":"type-product","3":"status-publish","4":"has-post-thumbnail","6":"product_cat-non-classe","7":"disponible_a_la_vente-disponible-a-la-vente","8":"langue-breton","9":"style-fest-noz","10":"supports-cd","12":"first","13":"instock","14":"taxable","15":"shipping-taxable","16":"purchasable","17":"product-type-simple"},"acf":[],"yoast_head":"<!-- This site is optimized with the Yoast SEO Premium plugin v24.0 (Yoast SEO v27.3) - https:\/\/yoast.com\/product\/yoast-seo-premium-wordpress\/ -->\n<title>Album de WAR-SAV Septet - Live<\/title>\n<meta name=\"description\" content=\"Retrouvez l&#039;album de WAR-SAV Septet - Live. Commandez directement en ligne sur arfolk.bzh, le label discographique breton.\" \/>\n<meta name=\"robots\" content=\"index, follow, max-snippet:-1, max-image-preview:large, max-video-preview:-1\" \/>\n<link rel=\"canonical\" href=\"https:\/\/arfolk.bzh\/br\/boutique\/war-sav-septet-live\/\" \/>\n<script type=\"application\/ld+json\" class=\"yoast-schema-graph\">{\"@context\":\"https:\\\/\\\/schema.org\",\"@graph\":[{\"@type\":\"WebPage\",\"@id\":\"https:\\\/\\\/arfolk.bzh\\\/boutique\\\/war-sav-septet-live\\\/\",\"url\":\"https:\\\/\\\/arfolk.bzh\\\/boutique\\\/war-sav-septet-live\\\/\",\"name\":\"Album de WAR-SAV Septet - Live\",\"isPartOf\":{\"@id\":\"https:\\\/\\\/arfolk.bzh\\\/#website\"},\"primaryImageOfPage\":{\"@id\":\"https:\\\/\\\/arfolk.bzh\\\/boutique\\\/war-sav-septet-live\\\/#primaryimage\"},\"image\":{\"@id\":\"https:\\\/\\\/arfolk.bzh\\\/boutique\\\/war-sav-septet-live\\\/#primaryimage\"},\"thumbnailUrl\":\"https:\\\/\\\/arfolk.bzh\\\/wp-content\\\/uploads\\\/2025\\\/08\\\/war-sav-septet-cover-web-rvb-vf.webp\",\"datePublished\":\"2025-08-22T09:24:29+00:00\",\"dateModified\":\"2025-12-11T09:30:13+00:00\",\"description\":\"Retrouvez l'album de WAR-SAV Septet - Live. Commandez directement en ligne sur arfolk.bzh, le label discographique breton.\",\"breadcrumb\":{\"@id\":\"https:\\\/\\\/arfolk.bzh\\\/boutique\\\/war-sav-septet-live\\\/#breadcrumb\"},\"inLanguage\":\"br-FR\",\"potentialAction\":[{\"@type\":\"ReadAction\",\"target\":[\"https:\\\/\\\/arfolk.bzh\\\/boutique\\\/war-sav-septet-live\\\/\"]}]},{\"@type\":\"ImageObject\",\"inLanguage\":\"br-FR\",\"@id\":\"https:\\\/\\\/arfolk.bzh\\\/boutique\\\/war-sav-septet-live\\\/#primaryimage\",\"url\":\"https:\\\/\\\/arfolk.bzh\\\/wp-content\\\/uploads\\\/2025\\\/08\\\/war-sav-septet-cover-web-rvb-vf.webp\",\"contentUrl\":\"https:\\\/\\\/arfolk.bzh\\\/wp-content\\\/uploads\\\/2025\\\/08\\\/war-sav-septet-cover-web-rvb-vf.webp\",\"width\":1000,\"height\":1000,\"caption\":\"War-sav Septet - Cover web RVB - VF\"},{\"@type\":\"BreadcrumbList\",\"@id\":\"https:\\\/\\\/arfolk.bzh\\\/boutique\\\/war-sav-septet-live\\\/#breadcrumb\",\"itemListElement\":[{\"@type\":\"ListItem\",\"position\":1,\"name\":\"Accueil\",\"item\":\"https:\\\/\\\/arfolk.bzh\\\/\"},{\"@type\":\"ListItem\",\"position\":2,\"name\":\"Boutique\",\"item\":\"https:\\\/\\\/arfolk.bzh\\\/boutique\\\/\"},{\"@type\":\"ListItem\",\"position\":3,\"name\":\"WAR-SAV Septet &#8211; Live\"}]},{\"@type\":\"WebSite\",\"@id\":\"https:\\\/\\\/arfolk.bzh\\\/#website\",\"url\":\"https:\\\/\\\/arfolk.bzh\\\/\",\"name\":\"Arfolk\",\"description\":\"Label discographique sp\u00e9cialis\u00e9 dans la musique bretonne\",\"publisher\":{\"@id\":\"https:\\\/\\\/arfolk.bzh\\\/#organization\"},\"potentialAction\":[{\"@type\":\"SearchAction\",\"target\":{\"@type\":\"EntryPoint\",\"urlTemplate\":\"https:\\\/\\\/arfolk.bzh\\\/?s={search_term_string}\"},\"query-input\":{\"@type\":\"PropertyValueSpecification\",\"valueRequired\":true,\"valueName\":\"search_term_string\"}}],\"inLanguage\":\"br-FR\"},{\"@type\":\"Organization\",\"@id\":\"https:\\\/\\\/arfolk.bzh\\\/#organization\",\"name\":\"Arfolk\",\"alternateName\":\"Le label de la musique bretonne\",\"url\":\"https:\\\/\\\/arfolk.bzh\\\/\",\"logo\":{\"@type\":\"ImageObject\",\"inLanguage\":\"br-FR\",\"@id\":\"https:\\\/\\\/arfolk.bzh\\\/#\\\/schema\\\/logo\\\/image\\\/\",\"url\":\"https:\\\/\\\/arfolk.bzh\\\/wp-content\\\/uploads\\\/2023\\\/11\\\/cropped-logo-label-de-musique-breton-arfolf-vignette.webp\",\"contentUrl\":\"https:\\\/\\\/arfolk.bzh\\\/wp-content\\\/uploads\\\/2023\\\/11\\\/cropped-logo-label-de-musique-breton-arfolf-vignette.webp\",\"width\":512,\"height\":512,\"caption\":\"Arfolk\"},\"image\":{\"@id\":\"https:\\\/\\\/arfolk.bzh\\\/#\\\/schema\\\/logo\\\/image\\\/\"},\"sameAs\":[\"https:\\\/\\\/www.facebook.com\\\/Arfolkmusik\",\"https:\\\/\\\/www.instagram.com\\\/arfolkmusik\\\/\"]}]}<\/script>\n<!-- \/ Yoast SEO Premium plugin. -->","yoast_head_json":{"title":"Album de WAR-SAV Septet - Live","description":"Retrouvez l'album de WAR-SAV Septet - Live. Commandez directement en ligne sur arfolk.bzh, le label discographique breton.","robots":{"index":"index","follow":"follow","max-snippet":"max-snippet:-1","max-image-preview":"max-image-preview:large","max-video-preview":"max-video-preview:-1"},"canonical":"https:\/\/arfolk.bzh\/br\/boutique\/war-sav-septet-live\/","schema":{"@context":"https:\/\/schema.org","@graph":[{"@type":"WebPage","@id":"https:\/\/arfolk.bzh\/boutique\/war-sav-septet-live\/","url":"https:\/\/arfolk.bzh\/boutique\/war-sav-septet-live\/","name":"Album de WAR-SAV Septet - Live","isPartOf":{"@id":"https:\/\/arfolk.bzh\/#website"},"primaryImageOfPage":{"@id":"https:\/\/arfolk.bzh\/boutique\/war-sav-septet-live\/#primaryimage"},"image":{"@id":"https:\/\/arfolk.bzh\/boutique\/war-sav-septet-live\/#primaryimage"},"thumbnailUrl":"https:\/\/arfolk.bzh\/wp-content\/uploads\/2025\/08\/war-sav-septet-cover-web-rvb-vf.webp","datePublished":"2025-08-22T09:24:29+00:00","dateModified":"2025-12-11T09:30:13+00:00","description":"Retrouvez l'album de WAR-SAV Septet - Live. Commandez directement en ligne sur arfolk.bzh, le label discographique breton.","breadcrumb":{"@id":"https:\/\/arfolk.bzh\/boutique\/war-sav-septet-live\/#breadcrumb"},"inLanguage":"br-FR","potentialAction":[{"@type":"ReadAction","target":["https:\/\/arfolk.bzh\/boutique\/war-sav-septet-live\/"]}]},{"@type":"ImageObject","inLanguage":"br-FR","@id":"https:\/\/arfolk.bzh\/boutique\/war-sav-septet-live\/#primaryimage","url":"https:\/\/arfolk.bzh\/wp-content\/uploads\/2025\/08\/war-sav-septet-cover-web-rvb-vf.webp","contentUrl":"https:\/\/arfolk.bzh\/wp-content\/uploads\/2025\/08\/war-sav-septet-cover-web-rvb-vf.webp","width":1000,"height":1000,"caption":"War-sav Septet - Cover web RVB - VF"},{"@type":"BreadcrumbList","@id":"https:\/\/arfolk.bzh\/boutique\/war-sav-septet-live\/#breadcrumb","itemListElement":[{"@type":"ListItem","position":1,"name":"Accueil","item":"https:\/\/arfolk.bzh\/"},{"@type":"ListItem","position":2,"name":"Boutique","item":"https:\/\/arfolk.bzh\/boutique\/"},{"@type":"ListItem","position":3,"name":"WAR-SAV Septet &#8211; Live"}]},{"@type":"WebSite","@id":"https:\/\/arfolk.bzh\/#website","url":"https:\/\/arfolk.bzh\/","name":"Arfolk","description":"Label discographique sp\u00e9cialis\u00e9 dans la musique bretonne","publisher":{"@id":"https:\/\/arfolk.bzh\/#organization"},"potentialAction":[{"@type":"SearchAction","target":{"@type":"EntryPoint","urlTemplate":"https:\/\/arfolk.bzh\/?s={search_term_string}"},"query-input":{"@type":"PropertyValueSpecification","valueRequired":true,"valueName":"search_term_string"}}],"inLanguage":"br-FR"},{"@type":"Organization","@id":"https:\/\/arfolk.bzh\/#organization","name":"Arfolk","alternateName":"Le label de la musique bretonne","url":"https:\/\/arfolk.bzh\/","logo":{"@type":"ImageObject","inLanguage":"br-FR","@id":"https:\/\/arfolk.bzh\/#\/schema\/logo\/image\/","url":"https:\/\/arfolk.bzh\/wp-content\/uploads\/2023\/11\/cropped-logo-label-de-musique-breton-arfolf-vignette.webp","contentUrl":"https:\/\/arfolk.bzh\/wp-content\/uploads\/2023\/11\/cropped-logo-label-de-musique-breton-arfolf-vignette.webp","width":512,"height":512,"caption":"Arfolk"},"image":{"@id":"https:\/\/arfolk.bzh\/#\/schema\/logo\/image\/"},"sameAs":["https:\/\/www.facebook.com\/Arfolkmusik","https:\/\/www.instagram.com\/arfolkmusik\/"]}]}},"jetpack_sharing_enabled":true,"_links":{"self":[{"href":"https:\/\/arfolk.bzh\/br\/wp-json\/wp\/v2\/product\/4076","targetHints":{"allow":["GET"]}}],"collection":[{"href":"https:\/\/arfolk.bzh\/br\/wp-json\/wp\/v2\/product"}],"about":[{"href":"https:\/\/arfolk.bzh\/br\/wp-json\/wp\/v2\/types\/product"}],"wp:featuredmedia":[{"embeddable":true,"href":"https:\/\/arfolk.bzh\/br\/wp-json\/wp\/v2\/media\/4078"}],"wp:attachment":[{"href":"https:\/\/arfolk.bzh\/br\/wp-json\/wp\/v2\/media?parent=4076"}],"wp:term":[{"taxonomy":"product_brand","embeddable":true,"href":"https:\/\/arfolk.bzh\/br\/wp-json\/wp\/v2\/product_brand?post=4076"},{"taxonomy":"product_cat","embeddable":true,"href":"https:\/\/arfolk.bzh\/br\/wp-json\/wp\/v2\/false?post=4076"},{"taxonomy":"product_tag","embeddable":true,"href":"https:\/\/arfolk.bzh\/br\/wp-json\/wp\/v2\/product_tag?post=4076"},{"taxonomy":"disponible_a_la_vente","embeddable":true,"href":"https:\/\/arfolk.bzh\/br\/wp-json\/wp\/v2\/disponible_a_la_vente?post=4076"},{"taxonomy":"langue","embeddable":true,"href":"https:\/\/arfolk.bzh\/br\/wp-json\/wp\/v2\/langue?post=4076"},{"taxonomy":"style","embeddable":true,"href":"https:\/\/arfolk.bzh\/br\/wp-json\/wp\/v2\/style?post=4076"},{"taxonomy":"supports","embeddable":true,"href":"https:\/\/arfolk.bzh\/br\/wp-json\/wp\/v2\/supports?post=4076"}],"curies":[{"name":"wp","href":"https:\/\/api.w.org\/{rel}","templated":true}]}}

<p>Le quintet original a choisi d’accueillir Meriadeg Lorho-Pasco (clarinette basse / Kreiz Breizh Akademi 8, Eien, Ital Express, Youl, Taouk trio&#8230;) et Louri Derrien (trompette, biniou / Modkozmik, Kreiz Breizh Akademi 7, Arn, Derrien/Le Sauze&#8230;) et se réjouit de partager la scène avec eux.</p>
<p>Musiciens talentueux et amis de longue date, ils se joignent à la troupe pour un spectacle savoureux et puissant. Le répertoire est en partie original. L&rsquo;autre partie, quant à elle, a été réarrangée pour ce plus grand effectif.</p>
<p>Le format de l&rsquo;enregistrement en concert va permettre un caractère spécial dans le son de cet album. WAR-SAV Septet espère faire entendre et ressentir l&rsquo;énergie débordante qui lie le groupe à tous•tes leurs amis•es danseurs•ses.</p>
<p><strong>Tracklist de WAR-SAV Septet &#8211; LIVE :</strong></p>
<p>1. An dro &#8211; Da servij ar roue<br />
2. Polka &#8211; O tont demeus an eured<br />
3. Rond « de Saint-Vincent » &#8211; De Notre-Dame à la Paquelais<br />
4. Scottish &#8211; L’Aiga de ròcha<br />
5. Dañs tro Plin &#8211; Me ’zo bet barzh an Ifern<br />
6. Bal Plin &#8211; Deuit ganin minorez<br />
7. Dañs tro Plin &#8211; Person Plijidi<br />
8. Mazurka &#8211; Ar Vuhez ?<br />
9. Laride à huit temps &#8211; Chadenn ar garantez<br />
10. Gavotte Kost-ar-C’hoad &#8211; An Dizertour<br />
11. Cercle circassien<br />
12. Gavotte de la Montagne &#8211; Yannig ar bambocher<br />
13. Bal de la Montagne &#8211; Pa oan o sevel Tosenn ar Roz<br />
14. Gavotte de la Montagne &#8211; Nozvezh kentañ ma eured<br />
15. Rond « de Loudéac » &#8211; Roullier dans le sable</p>

<p>Nouvel album LIVE de WAR-SAV !</p>
<p>Le groupe, renforcé par Louri Derrien et Meriadeg Lorho-Pasco, vous promet un moment d&rsquo;écoute aussi savoureux que puissant, dans une ambiance fest-noz garantie !</p>

<!-- This site is optimized with the Yoast SEO Premium plugin v24.0 (Yoast SEO v27.3) - https://yoast.com/product/yoast-seo-premium-wordpress/ -->
<title>Album de WAR-SAV Septet - Live</title>
<meta name="description" content="Retrouvez l&#039;album de WAR-SAV Septet - Live. Commandez directement en ligne sur arfolk.bzh, le label discographique breton." />
<meta name="robots" content="index, follow, max-snippet:-1, max-image-preview:large, max-video-preview:-1" />
<link rel="canonical" href="https://arfolk.bzh/br/boutique/war-sav-septet-live/" />
<script type="application/ld+json" class="yoast-schema-graph">{"@context":"https:\/\/schema.org","@graph":[{"@type":"WebPage","@id":"https:\/\/arfolk.bzh\/boutique\/war-sav-septet-live\/","url":"https:\/\/arfolk.bzh\/boutique\/war-sav-septet-live\/","name":"Album de WAR-SAV Septet - Live","isPartOf":{"@id":"https:\/\/arfolk.bzh\/#website"},"primaryImageOfPage":{"@id":"https:\/\/arfolk.bzh\/boutique\/war-sav-septet-live\/#primaryimage"},"image":{"@id":"https:\/\/arfolk.bzh\/boutique\/war-sav-septet-live\/#primaryimage"},"thumbnailUrl":"https:\/\/arfolk.bzh\/wp-content\/uploads\/2025\/08\/war-sav-septet-cover-web-rvb-vf.webp","datePublished":"2025-08-22T09:24:29+00:00","dateModified":"2025-12-11T09:30:13+00:00","description":"Retrouvez l'album de WAR-SAV Septet - Live. Commandez directement en ligne sur arfolk.bzh, le label discographique breton.","breadcrumb":{"@id":"https:\/\/arfolk.bzh\/boutique\/war-sav-septet-live\/#breadcrumb"},"inLanguage":"br-FR","potentialAction":[{"@type":"ReadAction","target":["https:\/\/arfolk.bzh\/boutique\/war-sav-septet-live\/"]}]},{"@type":"ImageObject","inLanguage":"br-FR","@id":"https:\/\/arfolk.bzh\/boutique\/war-sav-septet-live\/#primaryimage","url":"https:\/\/arfolk.bzh\/wp-content\/uploads\/2025\/08\/war-sav-septet-cover-web-rvb-vf.webp","contentUrl":"https:\/\/arfolk.bzh\/wp-content\/uploads\/2025\/08\/war-sav-septet-cover-web-rvb-vf.webp","width":1000,"height":1000,"caption":"War-sav Septet - Cover web RVB - VF"},{"@type":"BreadcrumbList","@id":"https:\/\/arfolk.bzh\/boutique\/war-sav-septet-live\/#breadcrumb","itemListElement":[{"@type":"ListItem","position":1,"name":"Accueil","item":"https:\/\/arfolk.bzh\/"},{"@type":"ListItem","position":2,"name":"Boutique","item":"https:\/\/arfolk.bzh\/boutique\/"},{"@type":"ListItem","position":3,"name":"WAR-SAV Septet &#8211; Live"}]},{"@type":"WebSite","@id":"https:\/\/arfolk.bzh\/#website","url":"https:\/\/arfolk.bzh\/","name":"Arfolk","description":"Label discographique spécialisé dans la musique bretonne","publisher":{"@id":"https:\/\/arfolk.bzh\/#organization"},"potentialAction":[{"@type":"SearchAction","target":{"@type":"EntryPoint","urlTemplate":"https:\/\/arfolk.bzh\/?s={search_term_string}"},"query-input":{"@type":"PropertyValueSpecification","valueRequired":true,"valueName":"search_term_string"}}],"inLanguage":"br-FR"},{"@type":"Organization","@id":"https:\/\/arfolk.bzh\/#organization","name":"Arfolk","alternateName":"Le label de la musique bretonne","url":"https:\/\/arfolk.bzh\/","logo":{"@type":"ImageObject","inLanguage":"br-FR","@id":"https:\/\/arfolk.bzh\/#\/schema\/logo\/image\/","url":"https:\/\/arfolk.bzh\/wp-content\/uploads\/2023\/11\/cropped-logo-label-de-musique-breton-arfolf-vignette.webp","contentUrl":"https:\/\/arfolk.bzh\/wp-content\/uploads\/2023\/11\/cropped-logo-label-de-musique-breton-arfolf-vignette.webp","width":512,"height":512,"caption":"Arfolk"},"image":{"@id":"https:\/\/arfolk.bzh\/#\/schema\/logo\/image\/"},"sameAs":["https:\/\/www.facebook.com\/Arfolkmusik","https:\/\/www.instagram.com\/arfolkmusik\/"]}]}</script>
<!-- / Yoast SEO Premium plugin. -->

Label discographique spécialisé dans la musique bretonne
