{"id":4355,"date":"2025-10-10T18:37:09","date_gmt":"2025-10-10T16:37:09","guid":{"rendered":"https:\/\/arfolk.bzh\/?post_type=product&#038;p=4355"},"modified":"2025-12-11T10:27:08","modified_gmt":"2025-12-11T09:27:08","slug":"kanerion-pleuigner-a-galon-vat","status":"publish","type":"product","link":"https:\/\/arfolk.bzh\/br\/boutique\/kanerion-pleuigner-a-galon-vat\/","title":{"rendered":"KANERION PLEUIGNER &#8211; A GALON VAT"},"content":{"rendered":"<p><iframe loading=\"lazy\" title=\"Kanerion Pleuigner - Buh\u00e9 ne\u00f9\u00e9 chap\u00e9l sant Jak\" width=\"1080\" height=\"608\" src=\"https:\/\/www.youtube.com\/embed\/4Leb9Rywnfg?list=PLQMZD0e8YHDI0C1olwwXdfDAHHDRfn7HU\"  allow=\"accelerometer; autoplay; clipboard-write; encrypted-media; gyroscope; picture-in-picture; web-share\" referrerpolicy=\"strict-origin-when-cross-origin\" allowfullscreen><\/iframe><\/p>","protected":false},"excerpt":{"rendered":"<p class=\"p1\"><strong>KANERION PLEUIGNER &#8211; \u201cA galon vat\u201d Double Album (sortie officielle le 17\/10)<\/strong><\/p>\n<p class=\"p1\"><em><strong>(CHOEUR D\u2019HOMMES DE PLUVIGNER)<\/strong><\/em><\/p>\n<p class=\"p1\"><strong>Un double album pour c\u00e9l\u00e9brer 40 ans de passion et de transmission !<\/strong><\/p>\n<p class=\"p1\">Le ch\u0153ur d\u2019hommes embl\u00e9matique de Pluvigner, <strong>KANERION PLEUIGNER <\/strong>pr\u00e9sente un <strong>double album <\/strong>\u00e9v\u00e9nement : <strong>A GALON VAT <\/strong>\u2013 \u201cDe bon c\u0153ur\u201d, disponible d\u00e8s aujourd\u2019hui. Cet enregistrement r\u00e9unit 26 titres \u2013 cantiques, marches, m\u00e9lodies et danses \u2013 puis\u00e9s dans le r\u00e9pertoire traditionnel du breton vannetais, un hommage vibrant au patrimoine oral breton.<\/p>","protected":false},"featured_media":4358,"template":"","meta":{"_acf_changed":false,"_et_pb_use_builder":"","_et_pb_old_content":"","_et_gb_content_width":""},"product_brand":[],"false":[123],"product_tag":[],"disponible_a_la_vente":[38],"langue":[73],"style":[79],"supports":[86],"class_list":{"0":"post-4355","1":"product","2":"type-product","3":"status-publish","4":"has-post-thumbnail","6":"product_cat-kanerion-pleuigner","7":"disponible_a_la_vente-disponible-a-la-vente","8":"langue-breton","9":"style-traditionnel-kan-ha-diskan","10":"supports-cd","12":"first","13":"instock","14":"taxable","15":"shipping-taxable","16":"purchasable","17":"product-type-simple"},"acf":[],"yoast_head":"<!-- This site is optimized with the Yoast SEO Premium plugin v24.0 (Yoast SEO v27.3) - https:\/\/yoast.com\/product\/yoast-seo-premium-wordpress\/ -->\n<title>Album de KANERION PLEUIGNER - A GALON VAT<\/title>\n<meta name=\"description\" content=\"Retrouvez l&#039;album de KANERION PLEUIGNER - A GALON VAT. Commandez directement en ligne sur arfolk.bzh, le label discographique breton.\" \/>\n<meta name=\"robots\" content=\"index, follow, max-snippet:-1, max-image-preview:large, max-video-preview:-1\" \/>\n<link rel=\"canonical\" href=\"https:\/\/arfolk.bzh\/br\/boutique\/kanerion-pleuigner-a-galon-vat\/\" \/>\n<script type=\"application\/ld+json\" class=\"yoast-schema-graph\">{\"@context\":\"https:\\\/\\\/schema.org\",\"@graph\":[{\"@type\":\"WebPage\",\"@id\":\"https:\\\/\\\/arfolk.bzh\\\/boutique\\\/kanerion-pleuigner-a-galon-vat\\\/\",\"url\":\"https:\\\/\\\/arfolk.bzh\\\/boutique\\\/kanerion-pleuigner-a-galon-vat\\\/\",\"name\":\"Album de KANERION PLEUIGNER - A GALON VAT\",\"isPartOf\":{\"@id\":\"https:\\\/\\\/arfolk.bzh\\\/#website\"},\"primaryImageOfPage\":{\"@id\":\"https:\\\/\\\/arfolk.bzh\\\/boutique\\\/kanerion-pleuigner-a-galon-vat\\\/#primaryimage\"},\"image\":{\"@id\":\"https:\\\/\\\/arfolk.bzh\\\/boutique\\\/kanerion-pleuigner-a-galon-vat\\\/#primaryimage\"},\"thumbnailUrl\":\"https:\\\/\\\/arfolk.bzh\\\/wp-content\\\/uploads\\\/2025\\\/10\\\/kanerion-cover-scaled.webp\",\"datePublished\":\"2025-10-10T16:37:09+00:00\",\"dateModified\":\"2025-12-11T09:27:08+00:00\",\"description\":\"Retrouvez l'album de KANERION PLEUIGNER - A GALON VAT. Commandez directement en ligne sur arfolk.bzh, le label discographique breton.\",\"breadcrumb\":{\"@id\":\"https:\\\/\\\/arfolk.bzh\\\/boutique\\\/kanerion-pleuigner-a-galon-vat\\\/#breadcrumb\"},\"inLanguage\":\"br-FR\",\"potentialAction\":[{\"@type\":\"ReadAction\",\"target\":[\"https:\\\/\\\/arfolk.bzh\\\/boutique\\\/kanerion-pleuigner-a-galon-vat\\\/\"]}]},{\"@type\":\"ImageObject\",\"inLanguage\":\"br-FR\",\"@id\":\"https:\\\/\\\/arfolk.bzh\\\/boutique\\\/kanerion-pleuigner-a-galon-vat\\\/#primaryimage\",\"url\":\"https:\\\/\\\/arfolk.bzh\\\/wp-content\\\/uploads\\\/2025\\\/10\\\/kanerion-cover-scaled.webp\",\"contentUrl\":\"https:\\\/\\\/arfolk.bzh\\\/wp-content\\\/uploads\\\/2025\\\/10\\\/kanerion-cover-scaled.webp\",\"width\":2000,\"height\":2000,\"caption\":\"Kanerion-cover\"},{\"@type\":\"BreadcrumbList\",\"@id\":\"https:\\\/\\\/arfolk.bzh\\\/boutique\\\/kanerion-pleuigner-a-galon-vat\\\/#breadcrumb\",\"itemListElement\":[{\"@type\":\"ListItem\",\"position\":1,\"name\":\"Accueil\",\"item\":\"https:\\\/\\\/arfolk.bzh\\\/\"},{\"@type\":\"ListItem\",\"position\":2,\"name\":\"Boutique\",\"item\":\"https:\\\/\\\/arfolk.bzh\\\/boutique\\\/\"},{\"@type\":\"ListItem\",\"position\":3,\"name\":\"KANERION PLEUIGNER &#8211; A GALON VAT\"}]},{\"@type\":\"WebSite\",\"@id\":\"https:\\\/\\\/arfolk.bzh\\\/#website\",\"url\":\"https:\\\/\\\/arfolk.bzh\\\/\",\"name\":\"Arfolk\",\"description\":\"Label discographique sp\u00e9cialis\u00e9 dans la musique bretonne\",\"publisher\":{\"@id\":\"https:\\\/\\\/arfolk.bzh\\\/#organization\"},\"potentialAction\":[{\"@type\":\"SearchAction\",\"target\":{\"@type\":\"EntryPoint\",\"urlTemplate\":\"https:\\\/\\\/arfolk.bzh\\\/?s={search_term_string}\"},\"query-input\":{\"@type\":\"PropertyValueSpecification\",\"valueRequired\":true,\"valueName\":\"search_term_string\"}}],\"inLanguage\":\"br-FR\"},{\"@type\":\"Organization\",\"@id\":\"https:\\\/\\\/arfolk.bzh\\\/#organization\",\"name\":\"Arfolk\",\"alternateName\":\"Le label de la musique bretonne\",\"url\":\"https:\\\/\\\/arfolk.bzh\\\/\",\"logo\":{\"@type\":\"ImageObject\",\"inLanguage\":\"br-FR\",\"@id\":\"https:\\\/\\\/arfolk.bzh\\\/#\\\/schema\\\/logo\\\/image\\\/\",\"url\":\"https:\\\/\\\/arfolk.bzh\\\/wp-content\\\/uploads\\\/2023\\\/11\\\/cropped-logo-label-de-musique-breton-arfolf-vignette.webp\",\"contentUrl\":\"https:\\\/\\\/arfolk.bzh\\\/wp-content\\\/uploads\\\/2023\\\/11\\\/cropped-logo-label-de-musique-breton-arfolf-vignette.webp\",\"width\":512,\"height\":512,\"caption\":\"Arfolk\"},\"image\":{\"@id\":\"https:\\\/\\\/arfolk.bzh\\\/#\\\/schema\\\/logo\\\/image\\\/\"},\"sameAs\":[\"https:\\\/\\\/www.facebook.com\\\/Arfolkmusik\",\"https:\\\/\\\/www.instagram.com\\\/arfolkmusik\\\/\"]}]}<\/script>\n<!-- \/ Yoast SEO Premium plugin. -->","yoast_head_json":{"title":"Album de KANERION PLEUIGNER - A GALON VAT","description":"Retrouvez l'album de KANERION PLEUIGNER - A GALON VAT. Commandez directement en ligne sur arfolk.bzh, le label discographique breton.","robots":{"index":"index","follow":"follow","max-snippet":"max-snippet:-1","max-image-preview":"max-image-preview:large","max-video-preview":"max-video-preview:-1"},"canonical":"https:\/\/arfolk.bzh\/br\/boutique\/kanerion-pleuigner-a-galon-vat\/","schema":{"@context":"https:\/\/schema.org","@graph":[{"@type":"WebPage","@id":"https:\/\/arfolk.bzh\/boutique\/kanerion-pleuigner-a-galon-vat\/","url":"https:\/\/arfolk.bzh\/boutique\/kanerion-pleuigner-a-galon-vat\/","name":"Album de KANERION PLEUIGNER - A GALON VAT","isPartOf":{"@id":"https:\/\/arfolk.bzh\/#website"},"primaryImageOfPage":{"@id":"https:\/\/arfolk.bzh\/boutique\/kanerion-pleuigner-a-galon-vat\/#primaryimage"},"image":{"@id":"https:\/\/arfolk.bzh\/boutique\/kanerion-pleuigner-a-galon-vat\/#primaryimage"},"thumbnailUrl":"https:\/\/arfolk.bzh\/wp-content\/uploads\/2025\/10\/kanerion-cover-scaled.webp","datePublished":"2025-10-10T16:37:09+00:00","dateModified":"2025-12-11T09:27:08+00:00","description":"Retrouvez l'album de KANERION PLEUIGNER - A GALON VAT. Commandez directement en ligne sur arfolk.bzh, le label discographique breton.","breadcrumb":{"@id":"https:\/\/arfolk.bzh\/boutique\/kanerion-pleuigner-a-galon-vat\/#breadcrumb"},"inLanguage":"br-FR","potentialAction":[{"@type":"ReadAction","target":["https:\/\/arfolk.bzh\/boutique\/kanerion-pleuigner-a-galon-vat\/"]}]},{"@type":"ImageObject","inLanguage":"br-FR","@id":"https:\/\/arfolk.bzh\/boutique\/kanerion-pleuigner-a-galon-vat\/#primaryimage","url":"https:\/\/arfolk.bzh\/wp-content\/uploads\/2025\/10\/kanerion-cover-scaled.webp","contentUrl":"https:\/\/arfolk.bzh\/wp-content\/uploads\/2025\/10\/kanerion-cover-scaled.webp","width":2000,"height":2000,"caption":"Kanerion-cover"},{"@type":"BreadcrumbList","@id":"https:\/\/arfolk.bzh\/boutique\/kanerion-pleuigner-a-galon-vat\/#breadcrumb","itemListElement":[{"@type":"ListItem","position":1,"name":"Accueil","item":"https:\/\/arfolk.bzh\/"},{"@type":"ListItem","position":2,"name":"Boutique","item":"https:\/\/arfolk.bzh\/boutique\/"},{"@type":"ListItem","position":3,"name":"KANERION PLEUIGNER &#8211; A GALON VAT"}]},{"@type":"WebSite","@id":"https:\/\/arfolk.bzh\/#website","url":"https:\/\/arfolk.bzh\/","name":"Arfolk","description":"Label discographique sp\u00e9cialis\u00e9 dans la musique bretonne","publisher":{"@id":"https:\/\/arfolk.bzh\/#organization"},"potentialAction":[{"@type":"SearchAction","target":{"@type":"EntryPoint","urlTemplate":"https:\/\/arfolk.bzh\/?s={search_term_string}"},"query-input":{"@type":"PropertyValueSpecification","valueRequired":true,"valueName":"search_term_string"}}],"inLanguage":"br-FR"},{"@type":"Organization","@id":"https:\/\/arfolk.bzh\/#organization","name":"Arfolk","alternateName":"Le label de la musique bretonne","url":"https:\/\/arfolk.bzh\/","logo":{"@type":"ImageObject","inLanguage":"br-FR","@id":"https:\/\/arfolk.bzh\/#\/schema\/logo\/image\/","url":"https:\/\/arfolk.bzh\/wp-content\/uploads\/2023\/11\/cropped-logo-label-de-musique-breton-arfolf-vignette.webp","contentUrl":"https:\/\/arfolk.bzh\/wp-content\/uploads\/2023\/11\/cropped-logo-label-de-musique-breton-arfolf-vignette.webp","width":512,"height":512,"caption":"Arfolk"},"image":{"@id":"https:\/\/arfolk.bzh\/#\/schema\/logo\/image\/"},"sameAs":["https:\/\/www.facebook.com\/Arfolkmusik","https:\/\/www.instagram.com\/arfolkmusik\/"]}]}},"jetpack_sharing_enabled":true,"_links":{"self":[{"href":"https:\/\/arfolk.bzh\/br\/wp-json\/wp\/v2\/product\/4355","targetHints":{"allow":["GET"]}}],"collection":[{"href":"https:\/\/arfolk.bzh\/br\/wp-json\/wp\/v2\/product"}],"about":[{"href":"https:\/\/arfolk.bzh\/br\/wp-json\/wp\/v2\/types\/product"}],"wp:featuredmedia":[{"embeddable":true,"href":"https:\/\/arfolk.bzh\/br\/wp-json\/wp\/v2\/media\/4358"}],"wp:attachment":[{"href":"https:\/\/arfolk.bzh\/br\/wp-json\/wp\/v2\/media?parent=4355"}],"wp:term":[{"taxonomy":"product_brand","embeddable":true,"href":"https:\/\/arfolk.bzh\/br\/wp-json\/wp\/v2\/product_brand?post=4355"},{"taxonomy":"product_cat","embeddable":true,"href":"https:\/\/arfolk.bzh\/br\/wp-json\/wp\/v2\/false?post=4355"},{"taxonomy":"product_tag","embeddable":true,"href":"https:\/\/arfolk.bzh\/br\/wp-json\/wp\/v2\/product_tag?post=4355"},{"taxonomy":"disponible_a_la_vente","embeddable":true,"href":"https:\/\/arfolk.bzh\/br\/wp-json\/wp\/v2\/disponible_a_la_vente?post=4355"},{"taxonomy":"langue","embeddable":true,"href":"https:\/\/arfolk.bzh\/br\/wp-json\/wp\/v2\/langue?post=4355"},{"taxonomy":"style","embeddable":true,"href":"https:\/\/arfolk.bzh\/br\/wp-json\/wp\/v2\/style?post=4355"},{"taxonomy":"supports","embeddable":true,"href":"https:\/\/arfolk.bzh\/br\/wp-json\/wp\/v2\/supports?post=4355"}],"curies":[{"name":"wp","href":"https:\/\/api.w.org\/{rel}","templated":true}]}}

<p><iframe loading="lazy" title="Kanerion Pleuigner - Buhé neùé chapél sant Jak" width="1080" height="608" src="https://www.youtube.com/embed/4Leb9Rywnfg?list=PLQMZD0e8YHDI0C1olwwXdfDAHHDRfn7HU"  allow="accelerometer; autoplay; clipboard-write; encrypted-media; gyroscope; picture-in-picture; web-share" referrerpolicy="strict-origin-when-cross-origin" allowfullscreen></iframe></p>

<p class="p1"><strong>KANERION PLEUIGNER &#8211; “A galon vat” Double Album (sortie officielle le 17/10)</strong></p>
<p class="p1"><em><strong>(CHOEUR D’HOMMES DE PLUVIGNER)</strong></em></p>
<p class="p1"><strong>Un double album pour célébrer 40 ans de passion et de transmission !</strong></p>
<p class="p1">Le chœur d’hommes emblématique de Pluvigner, <strong>KANERION PLEUIGNER </strong>présente un <strong>double album </strong>événement : <strong>A GALON VAT </strong>– “De bon cœur”, disponible dès aujourd’hui. Cet enregistrement réunit 26 titres – cantiques, marches, mélodies et danses – puisés dans le répertoire traditionnel du breton vannetais, un hommage vibrant au patrimoine oral breton.</p>

<!-- This site is optimized with the Yoast SEO Premium plugin v24.0 (Yoast SEO v27.3) - https://yoast.com/product/yoast-seo-premium-wordpress/ -->
<title>Album de KANERION PLEUIGNER - A GALON VAT</title>
<meta name="description" content="Retrouvez l&#039;album de KANERION PLEUIGNER - A GALON VAT. Commandez directement en ligne sur arfolk.bzh, le label discographique breton." />
<meta name="robots" content="index, follow, max-snippet:-1, max-image-preview:large, max-video-preview:-1" />
<link rel="canonical" href="https://arfolk.bzh/br/boutique/kanerion-pleuigner-a-galon-vat/" />
<script type="application/ld+json" class="yoast-schema-graph">{"@context":"https:\/\/schema.org","@graph":[{"@type":"WebPage","@id":"https:\/\/arfolk.bzh\/boutique\/kanerion-pleuigner-a-galon-vat\/","url":"https:\/\/arfolk.bzh\/boutique\/kanerion-pleuigner-a-galon-vat\/","name":"Album de KANERION PLEUIGNER - A GALON VAT","isPartOf":{"@id":"https:\/\/arfolk.bzh\/#website"},"primaryImageOfPage":{"@id":"https:\/\/arfolk.bzh\/boutique\/kanerion-pleuigner-a-galon-vat\/#primaryimage"},"image":{"@id":"https:\/\/arfolk.bzh\/boutique\/kanerion-pleuigner-a-galon-vat\/#primaryimage"},"thumbnailUrl":"https:\/\/arfolk.bzh\/wp-content\/uploads\/2025\/10\/kanerion-cover-scaled.webp","datePublished":"2025-10-10T16:37:09+00:00","dateModified":"2025-12-11T09:27:08+00:00","description":"Retrouvez l'album de KANERION PLEUIGNER - A GALON VAT. Commandez directement en ligne sur arfolk.bzh, le label discographique breton.","breadcrumb":{"@id":"https:\/\/arfolk.bzh\/boutique\/kanerion-pleuigner-a-galon-vat\/#breadcrumb"},"inLanguage":"br-FR","potentialAction":[{"@type":"ReadAction","target":["https:\/\/arfolk.bzh\/boutique\/kanerion-pleuigner-a-galon-vat\/"]}]},{"@type":"ImageObject","inLanguage":"br-FR","@id":"https:\/\/arfolk.bzh\/boutique\/kanerion-pleuigner-a-galon-vat\/#primaryimage","url":"https:\/\/arfolk.bzh\/wp-content\/uploads\/2025\/10\/kanerion-cover-scaled.webp","contentUrl":"https:\/\/arfolk.bzh\/wp-content\/uploads\/2025\/10\/kanerion-cover-scaled.webp","width":2000,"height":2000,"caption":"Kanerion-cover"},{"@type":"BreadcrumbList","@id":"https:\/\/arfolk.bzh\/boutique\/kanerion-pleuigner-a-galon-vat\/#breadcrumb","itemListElement":[{"@type":"ListItem","position":1,"name":"Accueil","item":"https:\/\/arfolk.bzh\/"},{"@type":"ListItem","position":2,"name":"Boutique","item":"https:\/\/arfolk.bzh\/boutique\/"},{"@type":"ListItem","position":3,"name":"KANERION PLEUIGNER &#8211; A GALON VAT"}]},{"@type":"WebSite","@id":"https:\/\/arfolk.bzh\/#website","url":"https:\/\/arfolk.bzh\/","name":"Arfolk","description":"Label discographique spécialisé dans la musique bretonne","publisher":{"@id":"https:\/\/arfolk.bzh\/#organization"},"potentialAction":[{"@type":"SearchAction","target":{"@type":"EntryPoint","urlTemplate":"https:\/\/arfolk.bzh\/?s={search_term_string}"},"query-input":{"@type":"PropertyValueSpecification","valueRequired":true,"valueName":"search_term_string"}}],"inLanguage":"br-FR"},{"@type":"Organization","@id":"https:\/\/arfolk.bzh\/#organization","name":"Arfolk","alternateName":"Le label de la musique bretonne","url":"https:\/\/arfolk.bzh\/","logo":{"@type":"ImageObject","inLanguage":"br-FR","@id":"https:\/\/arfolk.bzh\/#\/schema\/logo\/image\/","url":"https:\/\/arfolk.bzh\/wp-content\/uploads\/2023\/11\/cropped-logo-label-de-musique-breton-arfolf-vignette.webp","contentUrl":"https:\/\/arfolk.bzh\/wp-content\/uploads\/2023\/11\/cropped-logo-label-de-musique-breton-arfolf-vignette.webp","width":512,"height":512,"caption":"Arfolk"},"image":{"@id":"https:\/\/arfolk.bzh\/#\/schema\/logo\/image\/"},"sameAs":["https:\/\/www.facebook.com\/Arfolkmusik","https:\/\/www.instagram.com\/arfolkmusik\/"]}]}</script>
<!-- / Yoast SEO Premium plugin. -->

Label discographique spécialisé dans la musique bretonne
