{"id":5460,"date":"2025-12-11T15:25:32","date_gmt":"2025-12-11T14:25:32","guid":{"rendered":"https:\/\/arfolk.bzh\/?post_type=product&#038;p=5460"},"modified":"2025-12-12T16:19:33","modified_gmt":"2025-12-12T15:19:33","slug":"didier-squiban-nina","status":"publish","type":"product","link":"https:\/\/arfolk.bzh\/br\/boutique\/didier-squiban-nina\/","title":{"rendered":"Didier Squiban &#8211; Nina"},"content":{"rendered":"<p>Didier Squiban: compilation \u00ab\u00a0<span data-sheets-root=\"1\"><em>Nina, du pr\u00e9nom de ma petite fille, s\u2019inscrit dans l\u2019esprit de l\u2019album Ydill : 15 hommages, 15 visions fugitives, 15 musiciens.<\/em><\/span><\/p>\n<p><em>Nina est une mosa\u00efque assemblant des pi\u00e8ces parfois in\u00e9dites enregistr\u00e9es en studio ou en public, comme un p\u00e9riple dans l\u2019espace et le temps nous emmenant de la Bretagne au Cambodge en passant par l\u2019Ecosse, du piano solo au quatuor \u00e0 cordes, de Bach \u00e0 Bill Evans, du pass\u00e9 compos\u00e9 ou improvis\u00e9, \u00e0 un futur plein d\u2019esp\u00e9rance mais aussi de la joie de vivre \u00e0 l\u2019humour, de la tendresse \u00e0 l\u2019amour. Jo\u00ebl Garon<\/em><\/p>\n<p><em>Ont particip\u00e9 \u00e0 cet album : G. Tamisier, S. Mory, P. Vandenbulke, J. Kerihuel, A. Tr\u00e9varin, Popoff Chevalier, P. Stanislawski, D. Martin, Quatuor Spinosi, B. Le Dr\u00e9au.<\/em>\u00a0\u00bb<\/p>\n<p>Didier Squiban<\/p>\n<p><iframe loading=\"lazy\" title=\"Suite pour piano : Invention\" width=\"1080\" height=\"810\" src=\"https:\/\/www.youtube.com\/embed\/f9eIgXXQOi8?list=OLAK5uy_k2YWy83_Dx-I08TeHh1I5oSvYznHG0JSM\"  allow=\"accelerometer; autoplay; clipboard-write; encrypted-media; gyroscope; picture-in-picture; web-share\" referrerpolicy=\"strict-origin-when-cross-origin\" allowfullscreen><\/iframe><\/p>\n<p><span style=\"text-decoration: underline;\"><strong>Tracklist de l&rsquo;album Nina :<\/strong><\/span><\/p>\n<p><span data-sheets-root=\"1\">1 Suite pour piano : Invention 03:06<br \/>\n2 Suite \u00ab\u00a0Mon pays\u00a0\u00bb : Cantique de Portsall 01:37<br \/>\n3 Enez Eusa 06:04<br \/>\n4 Nav 05:23<br \/>\n5 Bangor 04:12<br \/>\n6 Image 12 05:10<br \/>\n7 Ayla (1997 Remastered) 05:54<br \/>\n8 Tri men\u00a0(Live) 02:16<br \/>\n9 Jantilez 03:29<br \/>\n10 Suite No. 3\u00a0(Live) 04:49<br \/>\n11 Suite \u00ab\u00a0Armel et Laetitia\u00a0\u00bb : Impromptu 02:24<br \/>\n12 Chanjet des en amzer\u00a0(Live) 07:29<br \/>\n13 Celtiade 02:38<br \/>\n14 Nina 02:42<br \/>\n15 Coda 03:21<\/span><\/p>","protected":false},"excerpt":{"rendered":"<p>Didier Squiban: compilation \u00ab\u00a0Nina, du pr\u00e9nom de ma petite fille, s\u2019inscrit dans l\u2019esprit de l\u2019album Ydill : 15 hommages, 15 visions fugitives, 15 musiciens. Nina est une mosa\u00efque assemblant des pi\u00e8ces parfois in\u00e9dites enregistr\u00e9es en studio ou en public, comme un p\u00e9riple dans l\u2019espace et le temps nous emmenant de la Bretagne au Cambodge en [&hellip;]<\/p>\n","protected":false},"featured_media":5462,"template":"","meta":{"_acf_changed":false,"_et_pb_use_builder":"","_et_pb_old_content":"","_et_gb_content_width":""},"product_brand":[],"false":[36],"product_tag":[],"disponible_a_la_vente":[38],"langue":[75],"style":[80],"supports":[86,88],"class_list":{"0":"post-5460","1":"product","2":"type-product","3":"status-publish","4":"has-post-thumbnail","6":"product_cat-didier-squiban","7":"disponible_a_la_vente-disponible-a-la-vente","8":"langue-instrumental","9":"style-arfolk-klasik-jazz","10":"supports-cd","11":"supports-dematerialise","13":"first","14":"instock","15":"taxable","16":"shipping-taxable","17":"purchasable","18":"product-type-simple"},"acf":[],"yoast_head":"<!-- This site is optimized with the Yoast SEO Premium plugin v24.0 (Yoast SEO v27.3) - https:\/\/yoast.com\/product\/yoast-seo-premium-wordpress\/ -->\n<title>Album de Didier Squiban - Nina<\/title>\n<meta name=\"description\" content=\"Retrouvez l&#039;album de Didier Squiban - Nina. Commandez directement en ligne sur arfolk.bzh, le label discographique breton.\" \/>\n<meta name=\"robots\" content=\"index, follow, max-snippet:-1, max-image-preview:large, max-video-preview:-1\" \/>\n<link rel=\"canonical\" href=\"https:\/\/arfolk.bzh\/br\/boutique\/didier-squiban-nina\/\" \/>\n<script type=\"application\/ld+json\" class=\"yoast-schema-graph\">{\"@context\":\"https:\\\/\\\/schema.org\",\"@graph\":[{\"@type\":\"WebPage\",\"@id\":\"https:\\\/\\\/arfolk.bzh\\\/boutique\\\/didier-squiban-nina\\\/\",\"url\":\"https:\\\/\\\/arfolk.bzh\\\/boutique\\\/didier-squiban-nina\\\/\",\"name\":\"Album de Didier Squiban - Nina\",\"isPartOf\":{\"@id\":\"https:\\\/\\\/arfolk.bzh\\\/#website\"},\"primaryImageOfPage\":{\"@id\":\"https:\\\/\\\/arfolk.bzh\\\/boutique\\\/didier-squiban-nina\\\/#primaryimage\"},\"image\":{\"@id\":\"https:\\\/\\\/arfolk.bzh\\\/boutique\\\/didier-squiban-nina\\\/#primaryimage\"},\"thumbnailUrl\":\"https:\\\/\\\/arfolk.bzh\\\/wp-content\\\/uploads\\\/2025\\\/12\\\/3663729288097_cover-scaled.webp\",\"datePublished\":\"2025-12-11T14:25:32+00:00\",\"dateModified\":\"2025-12-12T15:19:33+00:00\",\"description\":\"Retrouvez l'album de Didier Squiban - Nina. Commandez directement en ligne sur arfolk.bzh, le label discographique breton.\",\"breadcrumb\":{\"@id\":\"https:\\\/\\\/arfolk.bzh\\\/boutique\\\/didier-squiban-nina\\\/#breadcrumb\"},\"inLanguage\":\"br-FR\",\"potentialAction\":[{\"@type\":\"ReadAction\",\"target\":[\"https:\\\/\\\/arfolk.bzh\\\/boutique\\\/didier-squiban-nina\\\/\"]}]},{\"@type\":\"ImageObject\",\"inLanguage\":\"br-FR\",\"@id\":\"https:\\\/\\\/arfolk.bzh\\\/boutique\\\/didier-squiban-nina\\\/#primaryimage\",\"url\":\"https:\\\/\\\/arfolk.bzh\\\/wp-content\\\/uploads\\\/2025\\\/12\\\/3663729288097_cover-scaled.webp\",\"contentUrl\":\"https:\\\/\\\/arfolk.bzh\\\/wp-content\\\/uploads\\\/2025\\\/12\\\/3663729288097_cover-scaled.webp\",\"width\":2000,\"height\":2000,\"caption\":\"3663729288097_cover\"},{\"@type\":\"BreadcrumbList\",\"@id\":\"https:\\\/\\\/arfolk.bzh\\\/boutique\\\/didier-squiban-nina\\\/#breadcrumb\",\"itemListElement\":[{\"@type\":\"ListItem\",\"position\":1,\"name\":\"Accueil\",\"item\":\"https:\\\/\\\/arfolk.bzh\\\/\"},{\"@type\":\"ListItem\",\"position\":2,\"name\":\"Boutique\",\"item\":\"https:\\\/\\\/arfolk.bzh\\\/boutique\\\/\"},{\"@type\":\"ListItem\",\"position\":3,\"name\":\"Didier Squiban &#8211; Nina\"}]},{\"@type\":\"WebSite\",\"@id\":\"https:\\\/\\\/arfolk.bzh\\\/#website\",\"url\":\"https:\\\/\\\/arfolk.bzh\\\/\",\"name\":\"Arfolk\",\"description\":\"Label discographique sp\u00e9cialis\u00e9 dans la musique bretonne\",\"publisher\":{\"@id\":\"https:\\\/\\\/arfolk.bzh\\\/#organization\"},\"potentialAction\":[{\"@type\":\"SearchAction\",\"target\":{\"@type\":\"EntryPoint\",\"urlTemplate\":\"https:\\\/\\\/arfolk.bzh\\\/?s={search_term_string}\"},\"query-input\":{\"@type\":\"PropertyValueSpecification\",\"valueRequired\":true,\"valueName\":\"search_term_string\"}}],\"inLanguage\":\"br-FR\"},{\"@type\":\"Organization\",\"@id\":\"https:\\\/\\\/arfolk.bzh\\\/#organization\",\"name\":\"Arfolk\",\"alternateName\":\"Le label de la musique bretonne\",\"url\":\"https:\\\/\\\/arfolk.bzh\\\/\",\"logo\":{\"@type\":\"ImageObject\",\"inLanguage\":\"br-FR\",\"@id\":\"https:\\\/\\\/arfolk.bzh\\\/#\\\/schema\\\/logo\\\/image\\\/\",\"url\":\"https:\\\/\\\/arfolk.bzh\\\/wp-content\\\/uploads\\\/2023\\\/11\\\/cropped-logo-label-de-musique-breton-arfolf-vignette.webp\",\"contentUrl\":\"https:\\\/\\\/arfolk.bzh\\\/wp-content\\\/uploads\\\/2023\\\/11\\\/cropped-logo-label-de-musique-breton-arfolf-vignette.webp\",\"width\":512,\"height\":512,\"caption\":\"Arfolk\"},\"image\":{\"@id\":\"https:\\\/\\\/arfolk.bzh\\\/#\\\/schema\\\/logo\\\/image\\\/\"},\"sameAs\":[\"https:\\\/\\\/www.facebook.com\\\/Arfolkmusik\",\"https:\\\/\\\/www.instagram.com\\\/arfolkmusik\\\/\"]}]}<\/script>\n<!-- \/ Yoast SEO Premium plugin. -->","yoast_head_json":{"title":"Album de Didier Squiban - Nina","description":"Retrouvez l'album de Didier Squiban - Nina. Commandez directement en ligne sur arfolk.bzh, le label discographique breton.","robots":{"index":"index","follow":"follow","max-snippet":"max-snippet:-1","max-image-preview":"max-image-preview:large","max-video-preview":"max-video-preview:-1"},"canonical":"https:\/\/arfolk.bzh\/br\/boutique\/didier-squiban-nina\/","schema":{"@context":"https:\/\/schema.org","@graph":[{"@type":"WebPage","@id":"https:\/\/arfolk.bzh\/boutique\/didier-squiban-nina\/","url":"https:\/\/arfolk.bzh\/boutique\/didier-squiban-nina\/","name":"Album de Didier Squiban - Nina","isPartOf":{"@id":"https:\/\/arfolk.bzh\/#website"},"primaryImageOfPage":{"@id":"https:\/\/arfolk.bzh\/boutique\/didier-squiban-nina\/#primaryimage"},"image":{"@id":"https:\/\/arfolk.bzh\/boutique\/didier-squiban-nina\/#primaryimage"},"thumbnailUrl":"https:\/\/arfolk.bzh\/wp-content\/uploads\/2025\/12\/3663729288097_cover-scaled.webp","datePublished":"2025-12-11T14:25:32+00:00","dateModified":"2025-12-12T15:19:33+00:00","description":"Retrouvez l'album de Didier Squiban - Nina. Commandez directement en ligne sur arfolk.bzh, le label discographique breton.","breadcrumb":{"@id":"https:\/\/arfolk.bzh\/boutique\/didier-squiban-nina\/#breadcrumb"},"inLanguage":"br-FR","potentialAction":[{"@type":"ReadAction","target":["https:\/\/arfolk.bzh\/boutique\/didier-squiban-nina\/"]}]},{"@type":"ImageObject","inLanguage":"br-FR","@id":"https:\/\/arfolk.bzh\/boutique\/didier-squiban-nina\/#primaryimage","url":"https:\/\/arfolk.bzh\/wp-content\/uploads\/2025\/12\/3663729288097_cover-scaled.webp","contentUrl":"https:\/\/arfolk.bzh\/wp-content\/uploads\/2025\/12\/3663729288097_cover-scaled.webp","width":2000,"height":2000,"caption":"3663729288097_cover"},{"@type":"BreadcrumbList","@id":"https:\/\/arfolk.bzh\/boutique\/didier-squiban-nina\/#breadcrumb","itemListElement":[{"@type":"ListItem","position":1,"name":"Accueil","item":"https:\/\/arfolk.bzh\/"},{"@type":"ListItem","position":2,"name":"Boutique","item":"https:\/\/arfolk.bzh\/boutique\/"},{"@type":"ListItem","position":3,"name":"Didier Squiban &#8211; Nina"}]},{"@type":"WebSite","@id":"https:\/\/arfolk.bzh\/#website","url":"https:\/\/arfolk.bzh\/","name":"Arfolk","description":"Label discographique sp\u00e9cialis\u00e9 dans la musique bretonne","publisher":{"@id":"https:\/\/arfolk.bzh\/#organization"},"potentialAction":[{"@type":"SearchAction","target":{"@type":"EntryPoint","urlTemplate":"https:\/\/arfolk.bzh\/?s={search_term_string}"},"query-input":{"@type":"PropertyValueSpecification","valueRequired":true,"valueName":"search_term_string"}}],"inLanguage":"br-FR"},{"@type":"Organization","@id":"https:\/\/arfolk.bzh\/#organization","name":"Arfolk","alternateName":"Le label de la musique bretonne","url":"https:\/\/arfolk.bzh\/","logo":{"@type":"ImageObject","inLanguage":"br-FR","@id":"https:\/\/arfolk.bzh\/#\/schema\/logo\/image\/","url":"https:\/\/arfolk.bzh\/wp-content\/uploads\/2023\/11\/cropped-logo-label-de-musique-breton-arfolf-vignette.webp","contentUrl":"https:\/\/arfolk.bzh\/wp-content\/uploads\/2023\/11\/cropped-logo-label-de-musique-breton-arfolf-vignette.webp","width":512,"height":512,"caption":"Arfolk"},"image":{"@id":"https:\/\/arfolk.bzh\/#\/schema\/logo\/image\/"},"sameAs":["https:\/\/www.facebook.com\/Arfolkmusik","https:\/\/www.instagram.com\/arfolkmusik\/"]}]}},"jetpack_sharing_enabled":true,"_links":{"self":[{"href":"https:\/\/arfolk.bzh\/br\/wp-json\/wp\/v2\/product\/5460","targetHints":{"allow":["GET"]}}],"collection":[{"href":"https:\/\/arfolk.bzh\/br\/wp-json\/wp\/v2\/product"}],"about":[{"href":"https:\/\/arfolk.bzh\/br\/wp-json\/wp\/v2\/types\/product"}],"wp:featuredmedia":[{"embeddable":true,"href":"https:\/\/arfolk.bzh\/br\/wp-json\/wp\/v2\/media\/5462"}],"wp:attachment":[{"href":"https:\/\/arfolk.bzh\/br\/wp-json\/wp\/v2\/media?parent=5460"}],"wp:term":[{"taxonomy":"product_brand","embeddable":true,"href":"https:\/\/arfolk.bzh\/br\/wp-json\/wp\/v2\/product_brand?post=5460"},{"taxonomy":"product_cat","embeddable":true,"href":"https:\/\/arfolk.bzh\/br\/wp-json\/wp\/v2\/false?post=5460"},{"taxonomy":"product_tag","embeddable":true,"href":"https:\/\/arfolk.bzh\/br\/wp-json\/wp\/v2\/product_tag?post=5460"},{"taxonomy":"disponible_a_la_vente","embeddable":true,"href":"https:\/\/arfolk.bzh\/br\/wp-json\/wp\/v2\/disponible_a_la_vente?post=5460"},{"taxonomy":"langue","embeddable":true,"href":"https:\/\/arfolk.bzh\/br\/wp-json\/wp\/v2\/langue?post=5460"},{"taxonomy":"style","embeddable":true,"href":"https:\/\/arfolk.bzh\/br\/wp-json\/wp\/v2\/style?post=5460"},{"taxonomy":"supports","embeddable":true,"href":"https:\/\/arfolk.bzh\/br\/wp-json\/wp\/v2\/supports?post=5460"}],"curies":[{"name":"wp","href":"https:\/\/api.w.org\/{rel}","templated":true}]}}

<p>Didier Squiban: compilation « <span data-sheets-root="1"><em>Nina, du prénom de ma petite fille, s’inscrit dans l’esprit de l’album Ydill : 15 hommages, 15 visions fugitives, 15 musiciens.</em></span></p>
<p><em>Nina est une mosaïque assemblant des pièces parfois inédites enregistrées en studio ou en public, comme un périple dans l’espace et le temps nous emmenant de la Bretagne au Cambodge en passant par l’Ecosse, du piano solo au quatuor à cordes, de Bach à Bill Evans, du passé composé ou improvisé, à un futur plein d’espérance mais aussi de la joie de vivre à l’humour, de la tendresse à l’amour. Joël Garon</em></p>
<p><em>Ont participé à cet album : G. Tamisier, S. Mory, P. Vandenbulke, J. Kerihuel, A. Trévarin, Popoff Chevalier, P. Stanislawski, D. Martin, Quatuor Spinosi, B. Le Dréau.</em> »</p>
<p>Didier Squiban</p>
<p><iframe loading="lazy" title="Suite pour piano : Invention" width="1080" height="810" src="https://www.youtube.com/embed/f9eIgXXQOi8?list=OLAK5uy_k2YWy83_Dx-I08TeHh1I5oSvYznHG0JSM"  allow="accelerometer; autoplay; clipboard-write; encrypted-media; gyroscope; picture-in-picture; web-share" referrerpolicy="strict-origin-when-cross-origin" allowfullscreen></iframe></p>
<p><span style="text-decoration: underline;"><strong>Tracklist de l&rsquo;album Nina :</strong></span></p>
<p><span data-sheets-root="1">1 Suite pour piano : Invention 03:06<br />
2 Suite « Mon pays » : Cantique de Portsall 01:37<br />
3 Enez Eusa 06:04<br />
4 Nav 05:23<br />
5 Bangor 04:12<br />
6 Image 12 05:10<br />
7 Ayla (1997 Remastered) 05:54<br />
8 Tri men (Live) 02:16<br />
9 Jantilez 03:29<br />
10 Suite No. 3 (Live) 04:49<br />
11 Suite « Armel et Laetitia » : Impromptu 02:24<br />
12 Chanjet des en amzer (Live) 07:29<br />
13 Celtiade 02:38<br />
14 Nina 02:42<br />
15 Coda 03:21</span></p>

<p>Didier Squiban: compilation « Nina, du prénom de ma petite fille, s’inscrit dans l’esprit de l’album Ydill : 15 hommages, 15 visions fugitives, 15 musiciens. Nina est une mosaïque assemblant des pièces parfois inédites enregistrées en studio ou en public, comme un périple dans l’espace et le temps nous emmenant de la Bretagne au Cambodge en [&hellip;]</p>

<!-- This site is optimized with the Yoast SEO Premium plugin v24.0 (Yoast SEO v27.3) - https://yoast.com/product/yoast-seo-premium-wordpress/ -->
<title>Album de Didier Squiban - Nina</title>
<meta name="description" content="Retrouvez l&#039;album de Didier Squiban - Nina. Commandez directement en ligne sur arfolk.bzh, le label discographique breton." />
<meta name="robots" content="index, follow, max-snippet:-1, max-image-preview:large, max-video-preview:-1" />
<link rel="canonical" href="https://arfolk.bzh/br/boutique/didier-squiban-nina/" />
<script type="application/ld+json" class="yoast-schema-graph">{"@context":"https:\/\/schema.org","@graph":[{"@type":"WebPage","@id":"https:\/\/arfolk.bzh\/boutique\/didier-squiban-nina\/","url":"https:\/\/arfolk.bzh\/boutique\/didier-squiban-nina\/","name":"Album de Didier Squiban - Nina","isPartOf":{"@id":"https:\/\/arfolk.bzh\/#website"},"primaryImageOfPage":{"@id":"https:\/\/arfolk.bzh\/boutique\/didier-squiban-nina\/#primaryimage"},"image":{"@id":"https:\/\/arfolk.bzh\/boutique\/didier-squiban-nina\/#primaryimage"},"thumbnailUrl":"https:\/\/arfolk.bzh\/wp-content\/uploads\/2025\/12\/3663729288097_cover-scaled.webp","datePublished":"2025-12-11T14:25:32+00:00","dateModified":"2025-12-12T15:19:33+00:00","description":"Retrouvez l'album de Didier Squiban - Nina. Commandez directement en ligne sur arfolk.bzh, le label discographique breton.","breadcrumb":{"@id":"https:\/\/arfolk.bzh\/boutique\/didier-squiban-nina\/#breadcrumb"},"inLanguage":"br-FR","potentialAction":[{"@type":"ReadAction","target":["https:\/\/arfolk.bzh\/boutique\/didier-squiban-nina\/"]}]},{"@type":"ImageObject","inLanguage":"br-FR","@id":"https:\/\/arfolk.bzh\/boutique\/didier-squiban-nina\/#primaryimage","url":"https:\/\/arfolk.bzh\/wp-content\/uploads\/2025\/12\/3663729288097_cover-scaled.webp","contentUrl":"https:\/\/arfolk.bzh\/wp-content\/uploads\/2025\/12\/3663729288097_cover-scaled.webp","width":2000,"height":2000,"caption":"3663729288097_cover"},{"@type":"BreadcrumbList","@id":"https:\/\/arfolk.bzh\/boutique\/didier-squiban-nina\/#breadcrumb","itemListElement":[{"@type":"ListItem","position":1,"name":"Accueil","item":"https:\/\/arfolk.bzh\/"},{"@type":"ListItem","position":2,"name":"Boutique","item":"https:\/\/arfolk.bzh\/boutique\/"},{"@type":"ListItem","position":3,"name":"Didier Squiban &#8211; Nina"}]},{"@type":"WebSite","@id":"https:\/\/arfolk.bzh\/#website","url":"https:\/\/arfolk.bzh\/","name":"Arfolk","description":"Label discographique spécialisé dans la musique bretonne","publisher":{"@id":"https:\/\/arfolk.bzh\/#organization"},"potentialAction":[{"@type":"SearchAction","target":{"@type":"EntryPoint","urlTemplate":"https:\/\/arfolk.bzh\/?s={search_term_string}"},"query-input":{"@type":"PropertyValueSpecification","valueRequired":true,"valueName":"search_term_string"}}],"inLanguage":"br-FR"},{"@type":"Organization","@id":"https:\/\/arfolk.bzh\/#organization","name":"Arfolk","alternateName":"Le label de la musique bretonne","url":"https:\/\/arfolk.bzh\/","logo":{"@type":"ImageObject","inLanguage":"br-FR","@id":"https:\/\/arfolk.bzh\/#\/schema\/logo\/image\/","url":"https:\/\/arfolk.bzh\/wp-content\/uploads\/2023\/11\/cropped-logo-label-de-musique-breton-arfolf-vignette.webp","contentUrl":"https:\/\/arfolk.bzh\/wp-content\/uploads\/2023\/11\/cropped-logo-label-de-musique-breton-arfolf-vignette.webp","width":512,"height":512,"caption":"Arfolk"},"image":{"@id":"https:\/\/arfolk.bzh\/#\/schema\/logo\/image\/"},"sameAs":["https:\/\/www.facebook.com\/Arfolkmusik","https:\/\/www.instagram.com\/arfolkmusik\/"]}]}</script>
<!-- / Yoast SEO Premium plugin. -->

Label discographique spécialisé dans la musique bretonne
