{"id":1748,"date":"2024-09-01T21:15:38","date_gmt":"2024-09-01T19:15:38","guid":{"rendered":"https:\/\/arfolk.bzh\/?post_type=product&#038;p=1748"},"modified":"2025-12-11T10:51:59","modified_gmt":"2025-12-11T09:51:59","slug":"red-cardell-bordel","status":"publish","type":"product","link":"https:\/\/arfolk.bzh\/en\/boutique\/red-cardell-bordel\/","title":{"rendered":"Red Cardell &#8211; Bordel"},"content":{"rendered":"<p>D\u00e9couvrez la playlist Best of Red Cardell :<\/p>\n<p><iframe loading=\"lazy\" title=\"Red Cardell - Le crin\" width=\"1080\" height=\"608\" src=\"https:\/\/www.youtube.com\/embed\/W3CJeXTvB_4?feature=oembed\"  allow=\"accelerometer; autoplay; clipboard-write; encrypted-media; gyroscope; picture-in-picture; web-share\" referrerpolicy=\"strict-origin-when-cross-origin\" allowfullscreen><\/iframe><\/p>\n<p>30 ans de carri\u00e8re &#8211; 23 albums dont 11 en solo, 5 en live &#8211; 2000 concerts &#8211; Pays dans toute l\u2019Europe et l\u2019Am\u00e9rique du Nord: Finlande, Allemagne, Belgique, Suisse, Espagne, Italie, Ukraine, Chypre, \u00c9tats-Unis, Canada\u2026De nombreuses collaborations : Yann Tiersen, Christophe Miossec, Dan ar Braz, Thomas Fersen, St\u00e9phane Mellino des N\u00e9gresses Vertes, le bagad Kemper\u2026<\/p>\n<section class=\"page-product-box\">\n<div class=\"rte\">\n<p>D\u00e9fendu sur sc\u00e8ne depuis novembre 2023, ce nouvel album de Red Cardell signe le grand retour de Jean-Pierre Riou et de ses acolytes.<\/p>\n<p><strong>Tracklist de \u00a0\u00bb Bordel \u00ab\u00a0:<\/strong><\/p>\n<ol>\n<li><strong>Le crin<\/strong><\/li>\n<li><strong>Au diable<\/strong><\/li>\n<li><strong>Les courants<\/strong><\/li>\n<li><strong>Le doute<\/strong><\/li>\n<li><strong>Je r\u00eave<\/strong><\/li>\n<li><strong>Tomb\u00e9<\/strong><\/li>\n<li><strong>L&rsquo;as<\/strong><\/li>\n<li><strong>Quand vient le soir<\/strong><\/li>\n<li><strong>Tu m&rsquo;entends<\/strong><\/li>\n<li><strong>Plinn bal hasard<\/strong><\/li>\n<li><strong>La ballade de 6 \u00e0 8<\/strong><\/li>\n<li><strong>J&rsquo;ai pas pu<\/strong><\/li>\n<\/ol>\n<\/div>\n<\/section>","protected":false},"excerpt":{"rendered":"<p>Red Cardell, l\u2019adn du rock breton pr\u00e9sente son 11 \u00e8me album Bordel. Cet opus est une p\u00e9pite color\u00e9e, folk, rock, sensible, parfois intimiste o\u00f9 pour la premi\u00e8re fois, Jean Pierre Riou compose des textes autobiographiques. A d\u00e9couvrir sans tarder !<\/p>\n<p>Ecoutez en Streaming : <strong><a href=\"https:\/\/fanlink.tv\/BoRdeL\">https:\/\/fanlink.tv\/BoRdeL<\/a><\/strong><\/p>","protected":false},"featured_media":1750,"template":"","meta":{"_acf_changed":false,"_et_pb_use_builder":"","_et_pb_old_content":"","_et_gb_content_width":""},"product_brand":[],"false":[33],"product_tag":[],"disponible_a_la_vente":[38],"langue":[73,72],"style":[77],"supports":[86],"class_list":{"0":"post-1748","1":"product","2":"type-product","3":"status-publish","4":"has-post-thumbnail","6":"product_cat-red-cardell","7":"disponible_a_la_vente-disponible-a-la-vente","8":"langue-breton","9":"langue-francais","10":"style-pop-rock-folk-punk","11":"supports-cd","13":"first","14":"instock","15":"featured","16":"taxable","17":"shipping-taxable","18":"purchasable","19":"product-type-simple"},"acf":[],"yoast_head":"<!-- This site is optimized with the Yoast SEO Premium plugin v24.0 (Yoast SEO v27.3) - https:\/\/yoast.com\/product\/yoast-seo-premium-wordpress\/ -->\n<title>Album de Red Cardell - Bordel<\/title>\n<meta name=\"description\" content=\"Retrouvez le nouvel album de Red Cardell - Bordel. Commandez directement en ligne sur arfolk.bzh, le label discographique breton.\" \/>\n<meta name=\"robots\" content=\"index, follow, max-snippet:-1, max-image-preview:large, max-video-preview:-1\" \/>\n<link rel=\"canonical\" href=\"https:\/\/arfolk.bzh\/en\/boutique\/red-cardell-bordel\/\" \/>\n<script type=\"application\/ld+json\" class=\"yoast-schema-graph\">{\"@context\":\"https:\\\/\\\/schema.org\",\"@graph\":[{\"@type\":\"WebPage\",\"@id\":\"https:\\\/\\\/arfolk.bzh\\\/boutique\\\/red-cardell-bordel\\\/\",\"url\":\"https:\\\/\\\/arfolk.bzh\\\/boutique\\\/red-cardell-bordel\\\/\",\"name\":\"Album de Red Cardell - Bordel\",\"isPartOf\":{\"@id\":\"https:\\\/\\\/arfolk.bzh\\\/#website\"},\"primaryImageOfPage\":{\"@id\":\"https:\\\/\\\/arfolk.bzh\\\/boutique\\\/red-cardell-bordel\\\/#primaryimage\"},\"image\":{\"@id\":\"https:\\\/\\\/arfolk.bzh\\\/boutique\\\/red-cardell-bordel\\\/#primaryimage\"},\"thumbnailUrl\":\"https:\\\/\\\/arfolk.bzh\\\/wp-content\\\/uploads\\\/2024\\\/02\\\/red-cardell-Bordel-Album-2024-Arfolk.webp\",\"datePublished\":\"2024-09-01T19:15:38+00:00\",\"dateModified\":\"2025-12-11T09:51:59+00:00\",\"description\":\"Retrouvez le nouvel album de Red Cardell - Bordel. Commandez directement en ligne sur arfolk.bzh, le label discographique breton.\",\"breadcrumb\":{\"@id\":\"https:\\\/\\\/arfolk.bzh\\\/boutique\\\/red-cardell-bordel\\\/#breadcrumb\"},\"inLanguage\":\"en-US\",\"potentialAction\":[{\"@type\":\"ReadAction\",\"target\":[\"https:\\\/\\\/arfolk.bzh\\\/boutique\\\/red-cardell-bordel\\\/\"]}]},{\"@type\":\"ImageObject\",\"inLanguage\":\"en-US\",\"@id\":\"https:\\\/\\\/arfolk.bzh\\\/boutique\\\/red-cardell-bordel\\\/#primaryimage\",\"url\":\"https:\\\/\\\/arfolk.bzh\\\/wp-content\\\/uploads\\\/2024\\\/02\\\/red-cardell-Bordel-Album-2024-Arfolk.webp\",\"contentUrl\":\"https:\\\/\\\/arfolk.bzh\\\/wp-content\\\/uploads\\\/2024\\\/02\\\/red-cardell-Bordel-Album-2024-Arfolk.webp\",\"width\":999,\"height\":1000,\"caption\":\"red cardell Bordel Album 2024 Arfolk\"},{\"@type\":\"BreadcrumbList\",\"@id\":\"https:\\\/\\\/arfolk.bzh\\\/boutique\\\/red-cardell-bordel\\\/#breadcrumb\",\"itemListElement\":[{\"@type\":\"ListItem\",\"position\":1,\"name\":\"Accueil\",\"item\":\"https:\\\/\\\/arfolk.bzh\\\/\"},{\"@type\":\"ListItem\",\"position\":2,\"name\":\"Boutique\",\"item\":\"https:\\\/\\\/arfolk.bzh\\\/boutique\\\/\"},{\"@type\":\"ListItem\",\"position\":3,\"name\":\"Red Cardell &#8211; Bordel\"}]},{\"@type\":\"WebSite\",\"@id\":\"https:\\\/\\\/arfolk.bzh\\\/#website\",\"url\":\"https:\\\/\\\/arfolk.bzh\\\/\",\"name\":\"Arfolk\",\"description\":\"Label discographique sp\u00e9cialis\u00e9 dans la musique bretonne\",\"publisher\":{\"@id\":\"https:\\\/\\\/arfolk.bzh\\\/#organization\"},\"potentialAction\":[{\"@type\":\"SearchAction\",\"target\":{\"@type\":\"EntryPoint\",\"urlTemplate\":\"https:\\\/\\\/arfolk.bzh\\\/?s={search_term_string}\"},\"query-input\":{\"@type\":\"PropertyValueSpecification\",\"valueRequired\":true,\"valueName\":\"search_term_string\"}}],\"inLanguage\":\"en-US\"},{\"@type\":\"Organization\",\"@id\":\"https:\\\/\\\/arfolk.bzh\\\/#organization\",\"name\":\"Arfolk\",\"alternateName\":\"Le label de la musique bretonne\",\"url\":\"https:\\\/\\\/arfolk.bzh\\\/\",\"logo\":{\"@type\":\"ImageObject\",\"inLanguage\":\"en-US\",\"@id\":\"https:\\\/\\\/arfolk.bzh\\\/#\\\/schema\\\/logo\\\/image\\\/\",\"url\":\"https:\\\/\\\/arfolk.bzh\\\/wp-content\\\/uploads\\\/2023\\\/11\\\/cropped-logo-label-de-musique-breton-arfolf-vignette.webp\",\"contentUrl\":\"https:\\\/\\\/arfolk.bzh\\\/wp-content\\\/uploads\\\/2023\\\/11\\\/cropped-logo-label-de-musique-breton-arfolf-vignette.webp\",\"width\":512,\"height\":512,\"caption\":\"Arfolk\"},\"image\":{\"@id\":\"https:\\\/\\\/arfolk.bzh\\\/#\\\/schema\\\/logo\\\/image\\\/\"},\"sameAs\":[\"https:\\\/\\\/www.facebook.com\\\/Arfolkmusik\",\"https:\\\/\\\/www.instagram.com\\\/arfolkmusik\\\/\"]}]}<\/script>\n<!-- \/ Yoast SEO Premium plugin. -->","yoast_head_json":{"title":"Album de Red Cardell - Bordel","description":"Retrouvez le nouvel album de Red Cardell - Bordel. Commandez directement en ligne sur arfolk.bzh, le label discographique breton.","robots":{"index":"index","follow":"follow","max-snippet":"max-snippet:-1","max-image-preview":"max-image-preview:large","max-video-preview":"max-video-preview:-1"},"canonical":"https:\/\/arfolk.bzh\/en\/boutique\/red-cardell-bordel\/","schema":{"@context":"https:\/\/schema.org","@graph":[{"@type":"WebPage","@id":"https:\/\/arfolk.bzh\/boutique\/red-cardell-bordel\/","url":"https:\/\/arfolk.bzh\/boutique\/red-cardell-bordel\/","name":"Album de Red Cardell - Bordel","isPartOf":{"@id":"https:\/\/arfolk.bzh\/#website"},"primaryImageOfPage":{"@id":"https:\/\/arfolk.bzh\/boutique\/red-cardell-bordel\/#primaryimage"},"image":{"@id":"https:\/\/arfolk.bzh\/boutique\/red-cardell-bordel\/#primaryimage"},"thumbnailUrl":"https:\/\/arfolk.bzh\/wp-content\/uploads\/2024\/02\/red-cardell-Bordel-Album-2024-Arfolk.webp","datePublished":"2024-09-01T19:15:38+00:00","dateModified":"2025-12-11T09:51:59+00:00","description":"Retrouvez le nouvel album de Red Cardell - Bordel. Commandez directement en ligne sur arfolk.bzh, le label discographique breton.","breadcrumb":{"@id":"https:\/\/arfolk.bzh\/boutique\/red-cardell-bordel\/#breadcrumb"},"inLanguage":"en-US","potentialAction":[{"@type":"ReadAction","target":["https:\/\/arfolk.bzh\/boutique\/red-cardell-bordel\/"]}]},{"@type":"ImageObject","inLanguage":"en-US","@id":"https:\/\/arfolk.bzh\/boutique\/red-cardell-bordel\/#primaryimage","url":"https:\/\/arfolk.bzh\/wp-content\/uploads\/2024\/02\/red-cardell-Bordel-Album-2024-Arfolk.webp","contentUrl":"https:\/\/arfolk.bzh\/wp-content\/uploads\/2024\/02\/red-cardell-Bordel-Album-2024-Arfolk.webp","width":999,"height":1000,"caption":"red cardell Bordel Album 2024 Arfolk"},{"@type":"BreadcrumbList","@id":"https:\/\/arfolk.bzh\/boutique\/red-cardell-bordel\/#breadcrumb","itemListElement":[{"@type":"ListItem","position":1,"name":"Accueil","item":"https:\/\/arfolk.bzh\/"},{"@type":"ListItem","position":2,"name":"Boutique","item":"https:\/\/arfolk.bzh\/boutique\/"},{"@type":"ListItem","position":3,"name":"Red Cardell &#8211; Bordel"}]},{"@type":"WebSite","@id":"https:\/\/arfolk.bzh\/#website","url":"https:\/\/arfolk.bzh\/","name":"Arfolk","description":"Label discographique sp\u00e9cialis\u00e9 dans la musique bretonne","publisher":{"@id":"https:\/\/arfolk.bzh\/#organization"},"potentialAction":[{"@type":"SearchAction","target":{"@type":"EntryPoint","urlTemplate":"https:\/\/arfolk.bzh\/?s={search_term_string}"},"query-input":{"@type":"PropertyValueSpecification","valueRequired":true,"valueName":"search_term_string"}}],"inLanguage":"en-US"},{"@type":"Organization","@id":"https:\/\/arfolk.bzh\/#organization","name":"Arfolk","alternateName":"Le label de la musique bretonne","url":"https:\/\/arfolk.bzh\/","logo":{"@type":"ImageObject","inLanguage":"en-US","@id":"https:\/\/arfolk.bzh\/#\/schema\/logo\/image\/","url":"https:\/\/arfolk.bzh\/wp-content\/uploads\/2023\/11\/cropped-logo-label-de-musique-breton-arfolf-vignette.webp","contentUrl":"https:\/\/arfolk.bzh\/wp-content\/uploads\/2023\/11\/cropped-logo-label-de-musique-breton-arfolf-vignette.webp","width":512,"height":512,"caption":"Arfolk"},"image":{"@id":"https:\/\/arfolk.bzh\/#\/schema\/logo\/image\/"},"sameAs":["https:\/\/www.facebook.com\/Arfolkmusik","https:\/\/www.instagram.com\/arfolkmusik\/"]}]}},"jetpack_sharing_enabled":true,"_links":{"self":[{"href":"https:\/\/arfolk.bzh\/en\/wp-json\/wp\/v2\/product\/1748","targetHints":{"allow":["GET"]}}],"collection":[{"href":"https:\/\/arfolk.bzh\/en\/wp-json\/wp\/v2\/product"}],"about":[{"href":"https:\/\/arfolk.bzh\/en\/wp-json\/wp\/v2\/types\/product"}],"wp:featuredmedia":[{"embeddable":true,"href":"https:\/\/arfolk.bzh\/en\/wp-json\/wp\/v2\/media\/1750"}],"wp:attachment":[{"href":"https:\/\/arfolk.bzh\/en\/wp-json\/wp\/v2\/media?parent=1748"}],"wp:term":[{"taxonomy":"product_brand","embeddable":true,"href":"https:\/\/arfolk.bzh\/en\/wp-json\/wp\/v2\/product_brand?post=1748"},{"taxonomy":"product_cat","embeddable":true,"href":"https:\/\/arfolk.bzh\/en\/wp-json\/wp\/v2\/false?post=1748"},{"taxonomy":"product_tag","embeddable":true,"href":"https:\/\/arfolk.bzh\/en\/wp-json\/wp\/v2\/product_tag?post=1748"},{"taxonomy":"disponible_a_la_vente","embeddable":true,"href":"https:\/\/arfolk.bzh\/en\/wp-json\/wp\/v2\/disponible_a_la_vente?post=1748"},{"taxonomy":"langue","embeddable":true,"href":"https:\/\/arfolk.bzh\/en\/wp-json\/wp\/v2\/langue?post=1748"},{"taxonomy":"style","embeddable":true,"href":"https:\/\/arfolk.bzh\/en\/wp-json\/wp\/v2\/style?post=1748"},{"taxonomy":"supports","embeddable":true,"href":"https:\/\/arfolk.bzh\/en\/wp-json\/wp\/v2\/supports?post=1748"}],"curies":[{"name":"wp","href":"https:\/\/api.w.org\/{rel}","templated":true}]}}

<p>Découvrez la playlist Best of Red Cardell :</p>
<p><iframe loading="lazy" title="Red Cardell - Le crin" width="1080" height="608" src="https://www.youtube.com/embed/W3CJeXTvB_4?feature=oembed"  allow="accelerometer; autoplay; clipboard-write; encrypted-media; gyroscope; picture-in-picture; web-share" referrerpolicy="strict-origin-when-cross-origin" allowfullscreen></iframe></p>
<p>30 ans de carrière &#8211; 23 albums dont 11 en solo, 5 en live &#8211; 2000 concerts &#8211; Pays dans toute l’Europe et l’Amérique du Nord: Finlande, Allemagne, Belgique, Suisse, Espagne, Italie, Ukraine, Chypre, États-Unis, Canada…De nombreuses collaborations : Yann Tiersen, Christophe Miossec, Dan ar Braz, Thomas Fersen, Stéphane Mellino des Négresses Vertes, le bagad Kemper…</p>
<section class="page-product-box">
<div class="rte">
<p>Défendu sur scène depuis novembre 2023, ce nouvel album de Red Cardell signe le grand retour de Jean-Pierre Riou et de ses acolytes.</p>
<p><strong>Tracklist de  » Bordel « :</strong></p>
<ol>
<li><strong>Le crin</strong></li>
<li><strong>Au diable</strong></li>
<li><strong>Les courants</strong></li>
<li><strong>Le doute</strong></li>
<li><strong>Je rêve</strong></li>
<li><strong>Tombé</strong></li>
<li><strong>L&rsquo;as</strong></li>
<li><strong>Quand vient le soir</strong></li>
<li><strong>Tu m&rsquo;entends</strong></li>
<li><strong>Plinn bal hasard</strong></li>
<li><strong>La ballade de 6 à 8</strong></li>
<li><strong>J&rsquo;ai pas pu</strong></li>
</ol>
</div>
</section>

<p>Red Cardell, l’adn du rock breton présente son 11 ème album Bordel. Cet opus est une pépite colorée, folk, rock, sensible, parfois intimiste où pour la première fois, Jean Pierre Riou compose des textes autobiographiques. A découvrir sans tarder !</p>
<p>Ecoutez en Streaming : <strong><a href="https://fanlink.tv/BoRdeL">https://fanlink.tv/BoRdeL</a></strong></p>

<!-- This site is optimized with the Yoast SEO Premium plugin v24.0 (Yoast SEO v27.3) - https://yoast.com/product/yoast-seo-premium-wordpress/ -->
<title>Album de Red Cardell - Bordel</title>
<meta name="description" content="Retrouvez le nouvel album de Red Cardell - Bordel. Commandez directement en ligne sur arfolk.bzh, le label discographique breton." />
<meta name="robots" content="index, follow, max-snippet:-1, max-image-preview:large, max-video-preview:-1" />
<link rel="canonical" href="https://arfolk.bzh/en/boutique/red-cardell-bordel/" />
<script type="application/ld+json" class="yoast-schema-graph">{"@context":"https:\/\/schema.org","@graph":[{"@type":"WebPage","@id":"https:\/\/arfolk.bzh\/boutique\/red-cardell-bordel\/","url":"https:\/\/arfolk.bzh\/boutique\/red-cardell-bordel\/","name":"Album de Red Cardell - Bordel","isPartOf":{"@id":"https:\/\/arfolk.bzh\/#website"},"primaryImageOfPage":{"@id":"https:\/\/arfolk.bzh\/boutique\/red-cardell-bordel\/#primaryimage"},"image":{"@id":"https:\/\/arfolk.bzh\/boutique\/red-cardell-bordel\/#primaryimage"},"thumbnailUrl":"https:\/\/arfolk.bzh\/wp-content\/uploads\/2024\/02\/red-cardell-Bordel-Album-2024-Arfolk.webp","datePublished":"2024-09-01T19:15:38+00:00","dateModified":"2025-12-11T09:51:59+00:00","description":"Retrouvez le nouvel album de Red Cardell - Bordel. Commandez directement en ligne sur arfolk.bzh, le label discographique breton.","breadcrumb":{"@id":"https:\/\/arfolk.bzh\/boutique\/red-cardell-bordel\/#breadcrumb"},"inLanguage":"en-US","potentialAction":[{"@type":"ReadAction","target":["https:\/\/arfolk.bzh\/boutique\/red-cardell-bordel\/"]}]},{"@type":"ImageObject","inLanguage":"en-US","@id":"https:\/\/arfolk.bzh\/boutique\/red-cardell-bordel\/#primaryimage","url":"https:\/\/arfolk.bzh\/wp-content\/uploads\/2024\/02\/red-cardell-Bordel-Album-2024-Arfolk.webp","contentUrl":"https:\/\/arfolk.bzh\/wp-content\/uploads\/2024\/02\/red-cardell-Bordel-Album-2024-Arfolk.webp","width":999,"height":1000,"caption":"red cardell Bordel Album 2024 Arfolk"},{"@type":"BreadcrumbList","@id":"https:\/\/arfolk.bzh\/boutique\/red-cardell-bordel\/#breadcrumb","itemListElement":[{"@type":"ListItem","position":1,"name":"Accueil","item":"https:\/\/arfolk.bzh\/"},{"@type":"ListItem","position":2,"name":"Boutique","item":"https:\/\/arfolk.bzh\/boutique\/"},{"@type":"ListItem","position":3,"name":"Red Cardell &#8211; Bordel"}]},{"@type":"WebSite","@id":"https:\/\/arfolk.bzh\/#website","url":"https:\/\/arfolk.bzh\/","name":"Arfolk","description":"Label discographique spécialisé dans la musique bretonne","publisher":{"@id":"https:\/\/arfolk.bzh\/#organization"},"potentialAction":[{"@type":"SearchAction","target":{"@type":"EntryPoint","urlTemplate":"https:\/\/arfolk.bzh\/?s={search_term_string}"},"query-input":{"@type":"PropertyValueSpecification","valueRequired":true,"valueName":"search_term_string"}}],"inLanguage":"en-US"},{"@type":"Organization","@id":"https:\/\/arfolk.bzh\/#organization","name":"Arfolk","alternateName":"Le label de la musique bretonne","url":"https:\/\/arfolk.bzh\/","logo":{"@type":"ImageObject","inLanguage":"en-US","@id":"https:\/\/arfolk.bzh\/#\/schema\/logo\/image\/","url":"https:\/\/arfolk.bzh\/wp-content\/uploads\/2023\/11\/cropped-logo-label-de-musique-breton-arfolf-vignette.webp","contentUrl":"https:\/\/arfolk.bzh\/wp-content\/uploads\/2023\/11\/cropped-logo-label-de-musique-breton-arfolf-vignette.webp","width":512,"height":512,"caption":"Arfolk"},"image":{"@id":"https:\/\/arfolk.bzh\/#\/schema\/logo\/image\/"},"sameAs":["https:\/\/www.facebook.com\/Arfolkmusik","https:\/\/www.instagram.com\/arfolkmusik\/"]}]}</script>
<!-- / Yoast SEO Premium plugin. -->

Label discographique spécialisé dans la musique bretonne
