{"id":2585,"date":"2011-10-05T20:18:36","date_gmt":"2011-10-05T18:18:36","guid":{"rendered":"https:\/\/arfolk.bzh\/boutique\/gilles-servat-aileset-iles\/"},"modified":"2025-12-11T12:11:16","modified_gmt":"2025-12-11T11:11:16","slug":"gilles-servat-ailes-et-iles","status":"publish","type":"product","link":"https:\/\/arfolk.bzh\/en\/boutique\/gilles-servat-ailes-et-iles\/","title":{"rendered":"Gilles Servat &#8211; Ailes et \u00eeles"},"content":{"rendered":"<p><iframe loading=\"lazy\" title=\"Gilles Servat - Ailes et \u00eeles\" width=\"1080\" height=\"608\" src=\"https:\/\/www.youtube.com\/embed\/videoseries?list=PLQMZD0e8YHDLl9V2KnYnMXdoXHmoXAeLQ\"  allow=\"accelerometer; autoplay; clipboard-write; encrypted-media; gyroscope; picture-in-picture; web-share\" referrerpolicy=\"strict-origin-when-cross-origin\" allowfullscreen><\/iframe><\/p>\n<p>&nbsp;<\/p>\n<p>Tracklist de \u00ab\u00a0Ailes et \u00eeles\u00a0\u00bb:<\/p>\n<div class=\"tracklisting-table-row border-b border-base-350\">\n<div class=\"tracklisting-track-main flex table-row items-center\">\n<div class=\"table-column-rank flex flex-col\">\n<ol>\n<li class=\"tracklisting-track-main-field text-sm font-medium text-base-content\">C&rsquo;est mon gars<\/li>\n<li class=\"tracklisting-track-main-field text-sm font-medium text-base-content\">Je pense \u00e0 toi, je pense aux tiens<\/li>\n<li class=\"tracklisting-track-main-field text-sm font-medium text-base-content\">Na gousk ket<\/li>\n<li class=\"tracklisting-track-main-field text-sm font-medium text-base-content\">Sur le front des b\u00e9n\u00e9voles<\/li>\n<li class=\"tracklisting-track-main-field text-sm font-medium text-base-content\">Hi\u00e9rarchies<\/li>\n<li class=\"tracklisting-track-main-field text-sm font-medium text-base-content\">Santa Barbara Bendita<\/li>\n<li class=\"tracklisting-track-main-field text-sm font-medium text-base-content\">Le nain charmant<\/li>\n<li class=\"tracklisting-track-main-field text-sm font-medium text-base-content\">Voici l&rsquo;insouciance<\/li>\n<li class=\"tracklisting-track-main-field text-sm font-medium text-base-content\">La paroisse de Pr\u00eachi-Pr\u00eacha<\/li>\n<li class=\"tracklisting-track-main-field text-sm font-medium text-base-content\">Le cul cousu d&rsquo;or<\/li>\n<li class=\"tracklisting-track-main-field text-sm font-medium text-base-content\">Kenavo Youenn Vras<\/li>\n<li class=\"tracklisting-track-main-field text-sm font-medium text-base-content\">Conamara<\/li>\n<li class=\"tracklisting-track-main-field text-sm font-medium text-base-content\">Toujours la mer nous unira<\/li>\n<li class=\"tracklisting-track-main-field text-sm font-medium text-base-content\">La Manju de Chomi<\/li>\n<\/ol>\n<\/div>\n<\/div>\n<\/div>","protected":false},"excerpt":{"rendered":"<p><i><b>Ailes et \u00eeles<\/b><\/i> est le dix-neuvi\u00e8me album studio de Gilles Servat, paru en 2011.<\/p>\n<p><i>La Manju de Chomi<\/i> est une chanson cach\u00e9e qui n\u2019est pas indiqu\u00e9e sur l\u2019album. C\u2019est La Jument de Michao chant\u00e9e en verlan par Gilles Servat et Nicolas Qu\u00e9mener.<\/p>\n<p>\u00c9coutez en Streaming : <a href=\"https:\/\/fanlink.tv\/wnEZ\">https:\/\/fanlink.tv\/wnEZ<\/a><\/p>","protected":false},"featured_media":2327,"template":"","meta":{"_acf_changed":false,"_et_pb_use_builder":"","_et_pb_old_content":"","_et_gb_content_width":""},"product_brand":[],"false":[48],"product_tag":[],"disponible_a_la_vente":[],"langue":[],"style":[79],"supports":[88],"class_list":{"0":"post-2585","1":"product","2":"type-product","3":"status-publish","4":"has-post-thumbnail","6":"product_cat-gilles-servat","7":"style-traditionnel-kan-ha-diskan","8":"supports-dematerialise","10":"first","11":"outofstock","12":"product-type-simple"},"acf":[],"yoast_head":"<!-- This site is optimized with the Yoast SEO Premium plugin v24.0 (Yoast SEO v27.3) - https:\/\/yoast.com\/product\/yoast-seo-premium-wordpress\/ -->\n<title>Album de Gilles Servat - Ailes et \u00eeles<\/title>\n<meta name=\"description\" content=\"Retrouvez l&#039;album de Gilles Servat - Ailes et \u00eeles. \u00c9coutez l&#039;album en streaming sur arfolk.bzh, le label discographique breton.\" \/>\n<meta name=\"robots\" content=\"index, follow, max-snippet:-1, max-image-preview:large, max-video-preview:-1\" \/>\n<link rel=\"canonical\" href=\"https:\/\/arfolk.bzh\/en\/boutique\/gilles-servat-ailes-et-iles\/\" \/>\n<script type=\"application\/ld+json\" class=\"yoast-schema-graph\">{\"@context\":\"https:\\\/\\\/schema.org\",\"@graph\":[{\"@type\":\"WebPage\",\"@id\":\"https:\\\/\\\/arfolk.bzh\\\/boutique\\\/gilles-servat-ailes-et-iles\\\/\",\"url\":\"https:\\\/\\\/arfolk.bzh\\\/boutique\\\/gilles-servat-ailes-et-iles\\\/\",\"name\":\"Album de Gilles Servat - Ailes et \u00eeles\",\"isPartOf\":{\"@id\":\"https:\\\/\\\/arfolk.bzh\\\/#website\"},\"primaryImageOfPage\":{\"@id\":\"https:\\\/\\\/arfolk.bzh\\\/boutique\\\/gilles-servat-ailes-et-iles\\\/#primaryimage\"},\"image\":{\"@id\":\"https:\\\/\\\/arfolk.bzh\\\/boutique\\\/gilles-servat-ailes-et-iles\\\/#primaryimage\"},\"thumbnailUrl\":\"https:\\\/\\\/arfolk.bzh\\\/wp-content\\\/uploads\\\/2024\\\/04\\\/gillesservat_ailesetiles-scaled.jpg\",\"datePublished\":\"2011-10-05T18:18:36+00:00\",\"dateModified\":\"2025-12-11T11:11:16+00:00\",\"description\":\"Retrouvez l'album de Gilles Servat - Ailes et \u00eeles. \u00c9coutez l'album en streaming sur arfolk.bzh, le label discographique breton.\",\"breadcrumb\":{\"@id\":\"https:\\\/\\\/arfolk.bzh\\\/boutique\\\/gilles-servat-ailes-et-iles\\\/#breadcrumb\"},\"inLanguage\":\"en-US\",\"potentialAction\":[{\"@type\":\"ReadAction\",\"target\":[\"https:\\\/\\\/arfolk.bzh\\\/boutique\\\/gilles-servat-ailes-et-iles\\\/\"]}]},{\"@type\":\"ImageObject\",\"inLanguage\":\"en-US\",\"@id\":\"https:\\\/\\\/arfolk.bzh\\\/boutique\\\/gilles-servat-ailes-et-iles\\\/#primaryimage\",\"url\":\"https:\\\/\\\/arfolk.bzh\\\/wp-content\\\/uploads\\\/2024\\\/04\\\/gillesservat_ailesetiles-scaled.jpg\",\"contentUrl\":\"https:\\\/\\\/arfolk.bzh\\\/wp-content\\\/uploads\\\/2024\\\/04\\\/gillesservat_ailesetiles-scaled.jpg\",\"width\":2560,\"height\":2560,\"caption\":\"gillesservat ailesetiles\"},{\"@type\":\"BreadcrumbList\",\"@id\":\"https:\\\/\\\/arfolk.bzh\\\/boutique\\\/gilles-servat-ailes-et-iles\\\/#breadcrumb\",\"itemListElement\":[{\"@type\":\"ListItem\",\"position\":1,\"name\":\"Accueil\",\"item\":\"https:\\\/\\\/arfolk.bzh\\\/\"},{\"@type\":\"ListItem\",\"position\":2,\"name\":\"Boutique\",\"item\":\"https:\\\/\\\/arfolk.bzh\\\/boutique\\\/\"},{\"@type\":\"ListItem\",\"position\":3,\"name\":\"Gilles Servat &#8211; Ailes et \u00eeles\"}]},{\"@type\":\"WebSite\",\"@id\":\"https:\\\/\\\/arfolk.bzh\\\/#website\",\"url\":\"https:\\\/\\\/arfolk.bzh\\\/\",\"name\":\"Arfolk\",\"description\":\"Label discographique sp\u00e9cialis\u00e9 dans la musique bretonne\",\"publisher\":{\"@id\":\"https:\\\/\\\/arfolk.bzh\\\/#organization\"},\"potentialAction\":[{\"@type\":\"SearchAction\",\"target\":{\"@type\":\"EntryPoint\",\"urlTemplate\":\"https:\\\/\\\/arfolk.bzh\\\/?s={search_term_string}\"},\"query-input\":{\"@type\":\"PropertyValueSpecification\",\"valueRequired\":true,\"valueName\":\"search_term_string\"}}],\"inLanguage\":\"en-US\"},{\"@type\":\"Organization\",\"@id\":\"https:\\\/\\\/arfolk.bzh\\\/#organization\",\"name\":\"Arfolk\",\"alternateName\":\"Le label de la musique bretonne\",\"url\":\"https:\\\/\\\/arfolk.bzh\\\/\",\"logo\":{\"@type\":\"ImageObject\",\"inLanguage\":\"en-US\",\"@id\":\"https:\\\/\\\/arfolk.bzh\\\/#\\\/schema\\\/logo\\\/image\\\/\",\"url\":\"https:\\\/\\\/arfolk.bzh\\\/wp-content\\\/uploads\\\/2023\\\/11\\\/cropped-logo-label-de-musique-breton-arfolf-vignette.webp\",\"contentUrl\":\"https:\\\/\\\/arfolk.bzh\\\/wp-content\\\/uploads\\\/2023\\\/11\\\/cropped-logo-label-de-musique-breton-arfolf-vignette.webp\",\"width\":512,\"height\":512,\"caption\":\"Arfolk\"},\"image\":{\"@id\":\"https:\\\/\\\/arfolk.bzh\\\/#\\\/schema\\\/logo\\\/image\\\/\"},\"sameAs\":[\"https:\\\/\\\/www.facebook.com\\\/Arfolkmusik\",\"https:\\\/\\\/www.instagram.com\\\/arfolkmusik\\\/\"]}]}<\/script>\n<!-- \/ Yoast SEO Premium plugin. -->","yoast_head_json":{"title":"Album de Gilles Servat - Ailes et \u00eeles","description":"Retrouvez l'album de Gilles Servat - Ailes et \u00eeles. \u00c9coutez l'album en streaming sur arfolk.bzh, le label discographique breton.","robots":{"index":"index","follow":"follow","max-snippet":"max-snippet:-1","max-image-preview":"max-image-preview:large","max-video-preview":"max-video-preview:-1"},"canonical":"https:\/\/arfolk.bzh\/en\/boutique\/gilles-servat-ailes-et-iles\/","schema":{"@context":"https:\/\/schema.org","@graph":[{"@type":"WebPage","@id":"https:\/\/arfolk.bzh\/boutique\/gilles-servat-ailes-et-iles\/","url":"https:\/\/arfolk.bzh\/boutique\/gilles-servat-ailes-et-iles\/","name":"Album de Gilles Servat - Ailes et \u00eeles","isPartOf":{"@id":"https:\/\/arfolk.bzh\/#website"},"primaryImageOfPage":{"@id":"https:\/\/arfolk.bzh\/boutique\/gilles-servat-ailes-et-iles\/#primaryimage"},"image":{"@id":"https:\/\/arfolk.bzh\/boutique\/gilles-servat-ailes-et-iles\/#primaryimage"},"thumbnailUrl":"https:\/\/arfolk.bzh\/wp-content\/uploads\/2024\/04\/gillesservat_ailesetiles-scaled.jpg","datePublished":"2011-10-05T18:18:36+00:00","dateModified":"2025-12-11T11:11:16+00:00","description":"Retrouvez l'album de Gilles Servat - Ailes et \u00eeles. \u00c9coutez l'album en streaming sur arfolk.bzh, le label discographique breton.","breadcrumb":{"@id":"https:\/\/arfolk.bzh\/boutique\/gilles-servat-ailes-et-iles\/#breadcrumb"},"inLanguage":"en-US","potentialAction":[{"@type":"ReadAction","target":["https:\/\/arfolk.bzh\/boutique\/gilles-servat-ailes-et-iles\/"]}]},{"@type":"ImageObject","inLanguage":"en-US","@id":"https:\/\/arfolk.bzh\/boutique\/gilles-servat-ailes-et-iles\/#primaryimage","url":"https:\/\/arfolk.bzh\/wp-content\/uploads\/2024\/04\/gillesservat_ailesetiles-scaled.jpg","contentUrl":"https:\/\/arfolk.bzh\/wp-content\/uploads\/2024\/04\/gillesservat_ailesetiles-scaled.jpg","width":2560,"height":2560,"caption":"gillesservat ailesetiles"},{"@type":"BreadcrumbList","@id":"https:\/\/arfolk.bzh\/boutique\/gilles-servat-ailes-et-iles\/#breadcrumb","itemListElement":[{"@type":"ListItem","position":1,"name":"Accueil","item":"https:\/\/arfolk.bzh\/"},{"@type":"ListItem","position":2,"name":"Boutique","item":"https:\/\/arfolk.bzh\/boutique\/"},{"@type":"ListItem","position":3,"name":"Gilles Servat &#8211; Ailes et \u00eeles"}]},{"@type":"WebSite","@id":"https:\/\/arfolk.bzh\/#website","url":"https:\/\/arfolk.bzh\/","name":"Arfolk","description":"Label discographique sp\u00e9cialis\u00e9 dans la musique bretonne","publisher":{"@id":"https:\/\/arfolk.bzh\/#organization"},"potentialAction":[{"@type":"SearchAction","target":{"@type":"EntryPoint","urlTemplate":"https:\/\/arfolk.bzh\/?s={search_term_string}"},"query-input":{"@type":"PropertyValueSpecification","valueRequired":true,"valueName":"search_term_string"}}],"inLanguage":"en-US"},{"@type":"Organization","@id":"https:\/\/arfolk.bzh\/#organization","name":"Arfolk","alternateName":"Le label de la musique bretonne","url":"https:\/\/arfolk.bzh\/","logo":{"@type":"ImageObject","inLanguage":"en-US","@id":"https:\/\/arfolk.bzh\/#\/schema\/logo\/image\/","url":"https:\/\/arfolk.bzh\/wp-content\/uploads\/2023\/11\/cropped-logo-label-de-musique-breton-arfolf-vignette.webp","contentUrl":"https:\/\/arfolk.bzh\/wp-content\/uploads\/2023\/11\/cropped-logo-label-de-musique-breton-arfolf-vignette.webp","width":512,"height":512,"caption":"Arfolk"},"image":{"@id":"https:\/\/arfolk.bzh\/#\/schema\/logo\/image\/"},"sameAs":["https:\/\/www.facebook.com\/Arfolkmusik","https:\/\/www.instagram.com\/arfolkmusik\/"]}]}},"jetpack_sharing_enabled":true,"_links":{"self":[{"href":"https:\/\/arfolk.bzh\/en\/wp-json\/wp\/v2\/product\/2585","targetHints":{"allow":["GET"]}}],"collection":[{"href":"https:\/\/arfolk.bzh\/en\/wp-json\/wp\/v2\/product"}],"about":[{"href":"https:\/\/arfolk.bzh\/en\/wp-json\/wp\/v2\/types\/product"}],"wp:featuredmedia":[{"embeddable":true,"href":"https:\/\/arfolk.bzh\/en\/wp-json\/wp\/v2\/media\/2327"}],"wp:attachment":[{"href":"https:\/\/arfolk.bzh\/en\/wp-json\/wp\/v2\/media?parent=2585"}],"wp:term":[{"taxonomy":"product_brand","embeddable":true,"href":"https:\/\/arfolk.bzh\/en\/wp-json\/wp\/v2\/product_brand?post=2585"},{"taxonomy":"product_cat","embeddable":true,"href":"https:\/\/arfolk.bzh\/en\/wp-json\/wp\/v2\/false?post=2585"},{"taxonomy":"product_tag","embeddable":true,"href":"https:\/\/arfolk.bzh\/en\/wp-json\/wp\/v2\/product_tag?post=2585"},{"taxonomy":"disponible_a_la_vente","embeddable":true,"href":"https:\/\/arfolk.bzh\/en\/wp-json\/wp\/v2\/disponible_a_la_vente?post=2585"},{"taxonomy":"langue","embeddable":true,"href":"https:\/\/arfolk.bzh\/en\/wp-json\/wp\/v2\/langue?post=2585"},{"taxonomy":"style","embeddable":true,"href":"https:\/\/arfolk.bzh\/en\/wp-json\/wp\/v2\/style?post=2585"},{"taxonomy":"supports","embeddable":true,"href":"https:\/\/arfolk.bzh\/en\/wp-json\/wp\/v2\/supports?post=2585"}],"curies":[{"name":"wp","href":"https:\/\/api.w.org\/{rel}","templated":true}]}}

Gilles Servat &#8211; Ailes et îles

<p><iframe loading="lazy" title="Gilles Servat - Ailes et îles" width="1080" height="608" src="https://www.youtube.com/embed/videoseries?list=PLQMZD0e8YHDLl9V2KnYnMXdoXHmoXAeLQ"  allow="accelerometer; autoplay; clipboard-write; encrypted-media; gyroscope; picture-in-picture; web-share" referrerpolicy="strict-origin-when-cross-origin" allowfullscreen></iframe></p>
<p>&nbsp;</p>
<p>Tracklist de « Ailes et îles »:</p>
<div class="tracklisting-table-row border-b border-base-350">
<div class="tracklisting-track-main flex table-row items-center">
<div class="table-column-rank flex flex-col">
<ol>
<li class="tracklisting-track-main-field text-sm font-medium text-base-content">C&rsquo;est mon gars</li>
<li class="tracklisting-track-main-field text-sm font-medium text-base-content">Je pense à toi, je pense aux tiens</li>
<li class="tracklisting-track-main-field text-sm font-medium text-base-content">Na gousk ket</li>
<li class="tracklisting-track-main-field text-sm font-medium text-base-content">Sur le front des bénévoles</li>
<li class="tracklisting-track-main-field text-sm font-medium text-base-content">Hiérarchies</li>
<li class="tracklisting-track-main-field text-sm font-medium text-base-content">Santa Barbara Bendita</li>
<li class="tracklisting-track-main-field text-sm font-medium text-base-content">Le nain charmant</li>
<li class="tracklisting-track-main-field text-sm font-medium text-base-content">Voici l&rsquo;insouciance</li>
<li class="tracklisting-track-main-field text-sm font-medium text-base-content">La paroisse de Prêchi-Prêcha</li>
<li class="tracklisting-track-main-field text-sm font-medium text-base-content">Le cul cousu d&rsquo;or</li>
<li class="tracklisting-track-main-field text-sm font-medium text-base-content">Kenavo Youenn Vras</li>
<li class="tracklisting-track-main-field text-sm font-medium text-base-content">Conamara</li>
<li class="tracklisting-track-main-field text-sm font-medium text-base-content">Toujours la mer nous unira</li>
<li class="tracklisting-track-main-field text-sm font-medium text-base-content">La Manju de Chomi</li>
</ol>
</div>
</div>
</div>

<p><i><b>Ailes et îles</b></i> est le dix-neuvième album studio de Gilles Servat, paru en 2011.</p>
<p><i>La Manju de Chomi</i> est une chanson cachée qui n’est pas indiquée sur l’album. C’est La Jument de Michao chantée en verlan par Gilles Servat et Nicolas Quémener.</p>
<p>Écoutez en Streaming : <a href="https://fanlink.tv/wnEZ">https://fanlink.tv/wnEZ</a></p>

<!-- This site is optimized with the Yoast SEO Premium plugin v24.0 (Yoast SEO v27.3) - https://yoast.com/product/yoast-seo-premium-wordpress/ -->
<title>Album de Gilles Servat - Ailes et îles</title>
<meta name="description" content="Retrouvez l&#039;album de Gilles Servat - Ailes et îles. Écoutez l&#039;album en streaming sur arfolk.bzh, le label discographique breton." />
<meta name="robots" content="index, follow, max-snippet:-1, max-image-preview:large, max-video-preview:-1" />
<link rel="canonical" href="https://arfolk.bzh/en/boutique/gilles-servat-ailes-et-iles/" />
<script type="application/ld+json" class="yoast-schema-graph">{"@context":"https:\/\/schema.org","@graph":[{"@type":"WebPage","@id":"https:\/\/arfolk.bzh\/boutique\/gilles-servat-ailes-et-iles\/","url":"https:\/\/arfolk.bzh\/boutique\/gilles-servat-ailes-et-iles\/","name":"Album de Gilles Servat - Ailes et îles","isPartOf":{"@id":"https:\/\/arfolk.bzh\/#website"},"primaryImageOfPage":{"@id":"https:\/\/arfolk.bzh\/boutique\/gilles-servat-ailes-et-iles\/#primaryimage"},"image":{"@id":"https:\/\/arfolk.bzh\/boutique\/gilles-servat-ailes-et-iles\/#primaryimage"},"thumbnailUrl":"https:\/\/arfolk.bzh\/wp-content\/uploads\/2024\/04\/gillesservat_ailesetiles-scaled.jpg","datePublished":"2011-10-05T18:18:36+00:00","dateModified":"2025-12-11T11:11:16+00:00","description":"Retrouvez l'album de Gilles Servat - Ailes et îles. Écoutez l'album en streaming sur arfolk.bzh, le label discographique breton.","breadcrumb":{"@id":"https:\/\/arfolk.bzh\/boutique\/gilles-servat-ailes-et-iles\/#breadcrumb"},"inLanguage":"en-US","potentialAction":[{"@type":"ReadAction","target":["https:\/\/arfolk.bzh\/boutique\/gilles-servat-ailes-et-iles\/"]}]},{"@type":"ImageObject","inLanguage":"en-US","@id":"https:\/\/arfolk.bzh\/boutique\/gilles-servat-ailes-et-iles\/#primaryimage","url":"https:\/\/arfolk.bzh\/wp-content\/uploads\/2024\/04\/gillesservat_ailesetiles-scaled.jpg","contentUrl":"https:\/\/arfolk.bzh\/wp-content\/uploads\/2024\/04\/gillesservat_ailesetiles-scaled.jpg","width":2560,"height":2560,"caption":"gillesservat ailesetiles"},{"@type":"BreadcrumbList","@id":"https:\/\/arfolk.bzh\/boutique\/gilles-servat-ailes-et-iles\/#breadcrumb","itemListElement":[{"@type":"ListItem","position":1,"name":"Accueil","item":"https:\/\/arfolk.bzh\/"},{"@type":"ListItem","position":2,"name":"Boutique","item":"https:\/\/arfolk.bzh\/boutique\/"},{"@type":"ListItem","position":3,"name":"Gilles Servat &#8211; Ailes et îles"}]},{"@type":"WebSite","@id":"https:\/\/arfolk.bzh\/#website","url":"https:\/\/arfolk.bzh\/","name":"Arfolk","description":"Label discographique spécialisé dans la musique bretonne","publisher":{"@id":"https:\/\/arfolk.bzh\/#organization"},"potentialAction":[{"@type":"SearchAction","target":{"@type":"EntryPoint","urlTemplate":"https:\/\/arfolk.bzh\/?s={search_term_string}"},"query-input":{"@type":"PropertyValueSpecification","valueRequired":true,"valueName":"search_term_string"}}],"inLanguage":"en-US"},{"@type":"Organization","@id":"https:\/\/arfolk.bzh\/#organization","name":"Arfolk","alternateName":"Le label de la musique bretonne","url":"https:\/\/arfolk.bzh\/","logo":{"@type":"ImageObject","inLanguage":"en-US","@id":"https:\/\/arfolk.bzh\/#\/schema\/logo\/image\/","url":"https:\/\/arfolk.bzh\/wp-content\/uploads\/2023\/11\/cropped-logo-label-de-musique-breton-arfolf-vignette.webp","contentUrl":"https:\/\/arfolk.bzh\/wp-content\/uploads\/2023\/11\/cropped-logo-label-de-musique-breton-arfolf-vignette.webp","width":512,"height":512,"caption":"Arfolk"},"image":{"@id":"https:\/\/arfolk.bzh\/#\/schema\/logo\/image\/"},"sameAs":["https:\/\/www.facebook.com\/Arfolkmusik","https:\/\/www.instagram.com\/arfolkmusik\/"]}]}</script>
<!-- / Yoast SEO Premium plugin. -->

Album de Gilles Servat - Ailes et îles

Retrouvez l'album de Gilles Servat - Ailes et îles. Écoutez l'album en streaming sur arfolk.bzh, le label discographique breton.

Label discographique spécialisé dans la musique bretonne
