{"id":2593,"date":"2014-12-29T20:18:36","date_gmt":"2014-12-29T19:18:36","guid":{"rendered":"https:\/\/arfolk.bzh\/boutique\/hamon-martin-quintet-les-vies-que-l-on-mene\/"},"modified":"2025-12-11T12:02:05","modified_gmt":"2025-12-11T11:02:05","slug":"hamon-martin-quintet-les-vies-que-l-on-mene","status":"publish","type":"product","link":"https:\/\/arfolk.bzh\/en\/boutique\/hamon-martin-quintet-les-vies-que-l-on-mene\/","title":{"rendered":"Hamon Martin Quintet &#8211; les vies que l&rsquo;on m\u00e8ne"},"content":{"rendered":"<p>Ces chansons tant\u00f4t militantes, tant\u00f4t po\u00e9tiques, ou simplement destin\u00e9es \u00e0 servir la fonction de la danse, seront compl\u00e9t\u00e9es d&rsquo;instrumentaux inspir\u00e9s des diff\u00e9rents p\u00e9riples du groupe, notamment \u00e0 l&rsquo;\u00e9tranger.<br \/>\nMusique bretonne ? Chanson ? Musique du monde ? Le groupe reste toujours une r\u00e9f\u00e9rence du fest-noz en Bretagne, et en concert dans le monde.<\/p>\n<p><iframe loading=\"lazy\" title=\"Hamon Martin Quintet - Les jours heureux (Rid\u00e9e)\" width=\"1080\" height=\"608\" src=\"https:\/\/www.youtube.com\/embed\/sfN1yvv4blM?feature=oembed\"  allow=\"accelerometer; autoplay; clipboard-write; encrypted-media; gyroscope; picture-in-picture; web-share\" referrerpolicy=\"strict-origin-when-cross-origin\" allowfullscreen><\/iframe><\/p>\n<p><strong>Tracklist de \u00ab\u00a0Les vies que l&rsquo;on m\u00e8ne\u00a0\u00bb:<\/strong><\/p>\n<ol>\n<li><strong>Les jours heureux (rid\u00e9e)<\/strong><\/li>\n<li><strong>Le d\u00e9serteur\u00a0<\/strong><\/li>\n<li><strong>\u00a0Ur bed nevez (kost ar c&rsquo;hoad)<\/strong><\/li>\n<li><strong>Les vies que l&rsquo;on m\u00e8ne<\/strong><\/li>\n<li><strong>Les cinq voleurs (rond de loud\u00e9ac)<\/strong><\/li>\n<li><strong>Le bal des gendarmes (baleu)<\/strong><\/li>\n<li><strong>Le tigre bleu (contre-rond)<\/strong><\/li>\n<li><strong>L&rsquo;\u00e9tang moderne (scottish)<\/strong><\/li>\n<li><strong>Le prisonnier<\/strong><\/li>\n<li><strong>Zim zoum zad (scottish)<\/strong><\/li>\n<li><strong>De Bazouges \u00e0 la Hollande&#8230; (en avant-deux!)<\/strong><\/li>\n<li><strong>Rose<\/strong><\/li>\n<li><strong>Sheikh Ahmad-e J\u00e2m<\/strong><\/li>\n<\/ol>","protected":false},"excerpt":{"rendered":"<p>Un album marque un v\u00e9ritable tournant pour le groupe avec une majorit\u00e9 de compositions et une recherche de textes actuels, moderne, tout en restant dans la grande tradition de la chanson populaire.<\/p>\n<p>Ecoutez en streaming : <a href=\"https:\/\/fanlink.tv\/cTaS\"><strong>https:\/\/fanlink.tv\/cTaS<\/strong><\/a><\/p>","protected":false},"featured_media":2336,"template":"","meta":{"_acf_changed":false,"_et_pb_use_builder":"","_et_pb_old_content":"","_et_gb_content_width":""},"product_brand":[],"false":[49],"product_tag":[],"disponible_a_la_vente":[38],"langue":[73,72],"style":[76],"supports":[86],"class_list":{"0":"post-2593","1":"product","2":"type-product","3":"status-publish","4":"has-post-thumbnail","6":"product_cat-hamon-martin","7":"disponible_a_la_vente-disponible-a-la-vente","8":"langue-breton","9":"langue-francais","10":"style-fest-noz","11":"supports-cd","13":"first","14":"instock","15":"sale","16":"taxable","17":"shipping-taxable","18":"purchasable","19":"product-type-simple"},"acf":[],"yoast_head":"<!-- This site is optimized with the Yoast SEO Premium plugin v24.0 (Yoast SEO v27.3) - https:\/\/yoast.com\/product\/yoast-seo-premium-wordpress\/ -->\n<title>Album Hamon Martin Quintet - les vies que l&#039;on m\u00e8ne<\/title>\n<meta name=\"description\" content=\"Retrouvez l&#039;album de Hamon Martin Quintet - les vies que l&#039;on m\u00e8ne. Commandez directement en ligne sur arfolk.bzh, le label discographique breton.\" \/>\n<meta name=\"robots\" content=\"index, follow, max-snippet:-1, max-image-preview:large, max-video-preview:-1\" \/>\n<link rel=\"canonical\" href=\"https:\/\/arfolk.bzh\/en\/boutique\/hamon-martin-quintet-les-vies-que-l-on-mene\/\" \/>\n<script type=\"application\/ld+json\" class=\"yoast-schema-graph\">{\"@context\":\"https:\\\/\\\/schema.org\",\"@graph\":[{\"@type\":\"WebPage\",\"@id\":\"https:\\\/\\\/arfolk.bzh\\\/boutique\\\/hamon-martin-quintet-les-vies-que-l-on-mene\\\/\",\"url\":\"https:\\\/\\\/arfolk.bzh\\\/boutique\\\/hamon-martin-quintet-les-vies-que-l-on-mene\\\/\",\"name\":\"Album Hamon Martin Quintet - les vies que l'on m\u00e8ne\",\"isPartOf\":{\"@id\":\"https:\\\/\\\/arfolk.bzh\\\/#website\"},\"primaryImageOfPage\":{\"@id\":\"https:\\\/\\\/arfolk.bzh\\\/boutique\\\/hamon-martin-quintet-les-vies-que-l-on-mene\\\/#primaryimage\"},\"image\":{\"@id\":\"https:\\\/\\\/arfolk.bzh\\\/boutique\\\/hamon-martin-quintet-les-vies-que-l-on-mene\\\/#primaryimage\"},\"thumbnailUrl\":\"https:\\\/\\\/arfolk.bzh\\\/wp-content\\\/uploads\\\/2024\\\/04\\\/hamonmartinquintet_lesviesquelonmene-scaled.jpg\",\"datePublished\":\"2014-12-29T19:18:36+00:00\",\"dateModified\":\"2025-12-11T11:02:05+00:00\",\"description\":\"Retrouvez l'album de Hamon Martin Quintet - les vies que l'on m\u00e8ne. Commandez directement en ligne sur arfolk.bzh, le label discographique breton.\",\"breadcrumb\":{\"@id\":\"https:\\\/\\\/arfolk.bzh\\\/boutique\\\/hamon-martin-quintet-les-vies-que-l-on-mene\\\/#breadcrumb\"},\"inLanguage\":\"en-US\",\"potentialAction\":[{\"@type\":\"ReadAction\",\"target\":[\"https:\\\/\\\/arfolk.bzh\\\/boutique\\\/hamon-martin-quintet-les-vies-que-l-on-mene\\\/\"]}]},{\"@type\":\"ImageObject\",\"inLanguage\":\"en-US\",\"@id\":\"https:\\\/\\\/arfolk.bzh\\\/boutique\\\/hamon-martin-quintet-les-vies-que-l-on-mene\\\/#primaryimage\",\"url\":\"https:\\\/\\\/arfolk.bzh\\\/wp-content\\\/uploads\\\/2024\\\/04\\\/hamonmartinquintet_lesviesquelonmene-scaled.jpg\",\"contentUrl\":\"https:\\\/\\\/arfolk.bzh\\\/wp-content\\\/uploads\\\/2024\\\/04\\\/hamonmartinquintet_lesviesquelonmene-scaled.jpg\",\"width\":2560,\"height\":2560,\"caption\":\"hamonmartinquintet lesviesquelonmene\"},{\"@type\":\"BreadcrumbList\",\"@id\":\"https:\\\/\\\/arfolk.bzh\\\/boutique\\\/hamon-martin-quintet-les-vies-que-l-on-mene\\\/#breadcrumb\",\"itemListElement\":[{\"@type\":\"ListItem\",\"position\":1,\"name\":\"Accueil\",\"item\":\"https:\\\/\\\/arfolk.bzh\\\/\"},{\"@type\":\"ListItem\",\"position\":2,\"name\":\"Boutique\",\"item\":\"https:\\\/\\\/arfolk.bzh\\\/boutique\\\/\"},{\"@type\":\"ListItem\",\"position\":3,\"name\":\"Hamon Martin Quintet &#8211; les vies que l&rsquo;on m\u00e8ne\"}]},{\"@type\":\"WebSite\",\"@id\":\"https:\\\/\\\/arfolk.bzh\\\/#website\",\"url\":\"https:\\\/\\\/arfolk.bzh\\\/\",\"name\":\"Arfolk\",\"description\":\"Label discographique sp\u00e9cialis\u00e9 dans la musique bretonne\",\"publisher\":{\"@id\":\"https:\\\/\\\/arfolk.bzh\\\/#organization\"},\"potentialAction\":[{\"@type\":\"SearchAction\",\"target\":{\"@type\":\"EntryPoint\",\"urlTemplate\":\"https:\\\/\\\/arfolk.bzh\\\/?s={search_term_string}\"},\"query-input\":{\"@type\":\"PropertyValueSpecification\",\"valueRequired\":true,\"valueName\":\"search_term_string\"}}],\"inLanguage\":\"en-US\"},{\"@type\":\"Organization\",\"@id\":\"https:\\\/\\\/arfolk.bzh\\\/#organization\",\"name\":\"Arfolk\",\"alternateName\":\"Le label de la musique bretonne\",\"url\":\"https:\\\/\\\/arfolk.bzh\\\/\",\"logo\":{\"@type\":\"ImageObject\",\"inLanguage\":\"en-US\",\"@id\":\"https:\\\/\\\/arfolk.bzh\\\/#\\\/schema\\\/logo\\\/image\\\/\",\"url\":\"https:\\\/\\\/arfolk.bzh\\\/wp-content\\\/uploads\\\/2023\\\/11\\\/cropped-logo-label-de-musique-breton-arfolf-vignette.webp\",\"contentUrl\":\"https:\\\/\\\/arfolk.bzh\\\/wp-content\\\/uploads\\\/2023\\\/11\\\/cropped-logo-label-de-musique-breton-arfolf-vignette.webp\",\"width\":512,\"height\":512,\"caption\":\"Arfolk\"},\"image\":{\"@id\":\"https:\\\/\\\/arfolk.bzh\\\/#\\\/schema\\\/logo\\\/image\\\/\"},\"sameAs\":[\"https:\\\/\\\/www.facebook.com\\\/Arfolkmusik\",\"https:\\\/\\\/www.instagram.com\\\/arfolkmusik\\\/\"]}]}<\/script>\n<!-- \/ Yoast SEO Premium plugin. -->","yoast_head_json":{"title":"Album Hamon Martin Quintet - les vies que l'on m\u00e8ne","description":"Retrouvez l'album de Hamon Martin Quintet - les vies que l'on m\u00e8ne. Commandez directement en ligne sur arfolk.bzh, le label discographique breton.","robots":{"index":"index","follow":"follow","max-snippet":"max-snippet:-1","max-image-preview":"max-image-preview:large","max-video-preview":"max-video-preview:-1"},"canonical":"https:\/\/arfolk.bzh\/en\/boutique\/hamon-martin-quintet-les-vies-que-l-on-mene\/","schema":{"@context":"https:\/\/schema.org","@graph":[{"@type":"WebPage","@id":"https:\/\/arfolk.bzh\/boutique\/hamon-martin-quintet-les-vies-que-l-on-mene\/","url":"https:\/\/arfolk.bzh\/boutique\/hamon-martin-quintet-les-vies-que-l-on-mene\/","name":"Album Hamon Martin Quintet - les vies que l'on m\u00e8ne","isPartOf":{"@id":"https:\/\/arfolk.bzh\/#website"},"primaryImageOfPage":{"@id":"https:\/\/arfolk.bzh\/boutique\/hamon-martin-quintet-les-vies-que-l-on-mene\/#primaryimage"},"image":{"@id":"https:\/\/arfolk.bzh\/boutique\/hamon-martin-quintet-les-vies-que-l-on-mene\/#primaryimage"},"thumbnailUrl":"https:\/\/arfolk.bzh\/wp-content\/uploads\/2024\/04\/hamonmartinquintet_lesviesquelonmene-scaled.jpg","datePublished":"2014-12-29T19:18:36+00:00","dateModified":"2025-12-11T11:02:05+00:00","description":"Retrouvez l'album de Hamon Martin Quintet - les vies que l'on m\u00e8ne. Commandez directement en ligne sur arfolk.bzh, le label discographique breton.","breadcrumb":{"@id":"https:\/\/arfolk.bzh\/boutique\/hamon-martin-quintet-les-vies-que-l-on-mene\/#breadcrumb"},"inLanguage":"en-US","potentialAction":[{"@type":"ReadAction","target":["https:\/\/arfolk.bzh\/boutique\/hamon-martin-quintet-les-vies-que-l-on-mene\/"]}]},{"@type":"ImageObject","inLanguage":"en-US","@id":"https:\/\/arfolk.bzh\/boutique\/hamon-martin-quintet-les-vies-que-l-on-mene\/#primaryimage","url":"https:\/\/arfolk.bzh\/wp-content\/uploads\/2024\/04\/hamonmartinquintet_lesviesquelonmene-scaled.jpg","contentUrl":"https:\/\/arfolk.bzh\/wp-content\/uploads\/2024\/04\/hamonmartinquintet_lesviesquelonmene-scaled.jpg","width":2560,"height":2560,"caption":"hamonmartinquintet lesviesquelonmene"},{"@type":"BreadcrumbList","@id":"https:\/\/arfolk.bzh\/boutique\/hamon-martin-quintet-les-vies-que-l-on-mene\/#breadcrumb","itemListElement":[{"@type":"ListItem","position":1,"name":"Accueil","item":"https:\/\/arfolk.bzh\/"},{"@type":"ListItem","position":2,"name":"Boutique","item":"https:\/\/arfolk.bzh\/boutique\/"},{"@type":"ListItem","position":3,"name":"Hamon Martin Quintet &#8211; les vies que l&rsquo;on m\u00e8ne"}]},{"@type":"WebSite","@id":"https:\/\/arfolk.bzh\/#website","url":"https:\/\/arfolk.bzh\/","name":"Arfolk","description":"Label discographique sp\u00e9cialis\u00e9 dans la musique bretonne","publisher":{"@id":"https:\/\/arfolk.bzh\/#organization"},"potentialAction":[{"@type":"SearchAction","target":{"@type":"EntryPoint","urlTemplate":"https:\/\/arfolk.bzh\/?s={search_term_string}"},"query-input":{"@type":"PropertyValueSpecification","valueRequired":true,"valueName":"search_term_string"}}],"inLanguage":"en-US"},{"@type":"Organization","@id":"https:\/\/arfolk.bzh\/#organization","name":"Arfolk","alternateName":"Le label de la musique bretonne","url":"https:\/\/arfolk.bzh\/","logo":{"@type":"ImageObject","inLanguage":"en-US","@id":"https:\/\/arfolk.bzh\/#\/schema\/logo\/image\/","url":"https:\/\/arfolk.bzh\/wp-content\/uploads\/2023\/11\/cropped-logo-label-de-musique-breton-arfolf-vignette.webp","contentUrl":"https:\/\/arfolk.bzh\/wp-content\/uploads\/2023\/11\/cropped-logo-label-de-musique-breton-arfolf-vignette.webp","width":512,"height":512,"caption":"Arfolk"},"image":{"@id":"https:\/\/arfolk.bzh\/#\/schema\/logo\/image\/"},"sameAs":["https:\/\/www.facebook.com\/Arfolkmusik","https:\/\/www.instagram.com\/arfolkmusik\/"]}]}},"jetpack_sharing_enabled":true,"_links":{"self":[{"href":"https:\/\/arfolk.bzh\/en\/wp-json\/wp\/v2\/product\/2593","targetHints":{"allow":["GET"]}}],"collection":[{"href":"https:\/\/arfolk.bzh\/en\/wp-json\/wp\/v2\/product"}],"about":[{"href":"https:\/\/arfolk.bzh\/en\/wp-json\/wp\/v2\/types\/product"}],"wp:featuredmedia":[{"embeddable":true,"href":"https:\/\/arfolk.bzh\/en\/wp-json\/wp\/v2\/media\/2336"}],"wp:attachment":[{"href":"https:\/\/arfolk.bzh\/en\/wp-json\/wp\/v2\/media?parent=2593"}],"wp:term":[{"taxonomy":"product_brand","embeddable":true,"href":"https:\/\/arfolk.bzh\/en\/wp-json\/wp\/v2\/product_brand?post=2593"},{"taxonomy":"product_cat","embeddable":true,"href":"https:\/\/arfolk.bzh\/en\/wp-json\/wp\/v2\/false?post=2593"},{"taxonomy":"product_tag","embeddable":true,"href":"https:\/\/arfolk.bzh\/en\/wp-json\/wp\/v2\/product_tag?post=2593"},{"taxonomy":"disponible_a_la_vente","embeddable":true,"href":"https:\/\/arfolk.bzh\/en\/wp-json\/wp\/v2\/disponible_a_la_vente?post=2593"},{"taxonomy":"langue","embeddable":true,"href":"https:\/\/arfolk.bzh\/en\/wp-json\/wp\/v2\/langue?post=2593"},{"taxonomy":"style","embeddable":true,"href":"https:\/\/arfolk.bzh\/en\/wp-json\/wp\/v2\/style?post=2593"},{"taxonomy":"supports","embeddable":true,"href":"https:\/\/arfolk.bzh\/en\/wp-json\/wp\/v2\/supports?post=2593"}],"curies":[{"name":"wp","href":"https:\/\/api.w.org\/{rel}","templated":true}]}}

Hamon Martin Quintet &#8211; les vies que l&rsquo;on mène

<p>Ces chansons tantôt militantes, tantôt poétiques, ou simplement destinées à servir la fonction de la danse, seront complétées d&rsquo;instrumentaux inspirés des différents périples du groupe, notamment à l&rsquo;étranger.<br />
Musique bretonne ? Chanson ? Musique du monde ? Le groupe reste toujours une référence du fest-noz en Bretagne, et en concert dans le monde.</p>
<p><iframe loading="lazy" title="Hamon Martin Quintet - Les jours heureux (Ridée)" width="1080" height="608" src="https://www.youtube.com/embed/sfN1yvv4blM?feature=oembed"  allow="accelerometer; autoplay; clipboard-write; encrypted-media; gyroscope; picture-in-picture; web-share" referrerpolicy="strict-origin-when-cross-origin" allowfullscreen></iframe></p>
<p><strong>Tracklist de « Les vies que l&rsquo;on mène »:</strong></p>
<ol>
<li><strong>Les jours heureux (ridée)</strong></li>
<li><strong>Le déserteur </strong></li>
<li><strong> Ur bed nevez (kost ar c&rsquo;hoad)</strong></li>
<li><strong>Les vies que l&rsquo;on mène</strong></li>
<li><strong>Les cinq voleurs (rond de loudéac)</strong></li>
<li><strong>Le bal des gendarmes (baleu)</strong></li>
<li><strong>Le tigre bleu (contre-rond)</strong></li>
<li><strong>L&rsquo;étang moderne (scottish)</strong></li>
<li><strong>Le prisonnier</strong></li>
<li><strong>Zim zoum zad (scottish)</strong></li>
<li><strong>De Bazouges à la Hollande&#8230; (en avant-deux!)</strong></li>
<li><strong>Rose</strong></li>
<li><strong>Sheikh Ahmad-e Jâm</strong></li>
</ol>

<p>Un album marque un véritable tournant pour le groupe avec une majorité de compositions et une recherche de textes actuels, moderne, tout en restant dans la grande tradition de la chanson populaire.</p>
<p>Ecoutez en streaming : <a href="https://fanlink.tv/cTaS"><strong>https://fanlink.tv/cTaS</strong></a></p>

<!-- This site is optimized with the Yoast SEO Premium plugin v24.0 (Yoast SEO v27.3) - https://yoast.com/product/yoast-seo-premium-wordpress/ -->
<title>Album Hamon Martin Quintet - les vies que l&#039;on mène</title>
<meta name="description" content="Retrouvez l&#039;album de Hamon Martin Quintet - les vies que l&#039;on mène. Commandez directement en ligne sur arfolk.bzh, le label discographique breton." />
<meta name="robots" content="index, follow, max-snippet:-1, max-image-preview:large, max-video-preview:-1" />
<link rel="canonical" href="https://arfolk.bzh/en/boutique/hamon-martin-quintet-les-vies-que-l-on-mene/" />
<script type="application/ld+json" class="yoast-schema-graph">{"@context":"https:\/\/schema.org","@graph":[{"@type":"WebPage","@id":"https:\/\/arfolk.bzh\/boutique\/hamon-martin-quintet-les-vies-que-l-on-mene\/","url":"https:\/\/arfolk.bzh\/boutique\/hamon-martin-quintet-les-vies-que-l-on-mene\/","name":"Album Hamon Martin Quintet - les vies que l'on mène","isPartOf":{"@id":"https:\/\/arfolk.bzh\/#website"},"primaryImageOfPage":{"@id":"https:\/\/arfolk.bzh\/boutique\/hamon-martin-quintet-les-vies-que-l-on-mene\/#primaryimage"},"image":{"@id":"https:\/\/arfolk.bzh\/boutique\/hamon-martin-quintet-les-vies-que-l-on-mene\/#primaryimage"},"thumbnailUrl":"https:\/\/arfolk.bzh\/wp-content\/uploads\/2024\/04\/hamonmartinquintet_lesviesquelonmene-scaled.jpg","datePublished":"2014-12-29T19:18:36+00:00","dateModified":"2025-12-11T11:02:05+00:00","description":"Retrouvez l'album de Hamon Martin Quintet - les vies que l'on mène. Commandez directement en ligne sur arfolk.bzh, le label discographique breton.","breadcrumb":{"@id":"https:\/\/arfolk.bzh\/boutique\/hamon-martin-quintet-les-vies-que-l-on-mene\/#breadcrumb"},"inLanguage":"en-US","potentialAction":[{"@type":"ReadAction","target":["https:\/\/arfolk.bzh\/boutique\/hamon-martin-quintet-les-vies-que-l-on-mene\/"]}]},{"@type":"ImageObject","inLanguage":"en-US","@id":"https:\/\/arfolk.bzh\/boutique\/hamon-martin-quintet-les-vies-que-l-on-mene\/#primaryimage","url":"https:\/\/arfolk.bzh\/wp-content\/uploads\/2024\/04\/hamonmartinquintet_lesviesquelonmene-scaled.jpg","contentUrl":"https:\/\/arfolk.bzh\/wp-content\/uploads\/2024\/04\/hamonmartinquintet_lesviesquelonmene-scaled.jpg","width":2560,"height":2560,"caption":"hamonmartinquintet lesviesquelonmene"},{"@type":"BreadcrumbList","@id":"https:\/\/arfolk.bzh\/boutique\/hamon-martin-quintet-les-vies-que-l-on-mene\/#breadcrumb","itemListElement":[{"@type":"ListItem","position":1,"name":"Accueil","item":"https:\/\/arfolk.bzh\/"},{"@type":"ListItem","position":2,"name":"Boutique","item":"https:\/\/arfolk.bzh\/boutique\/"},{"@type":"ListItem","position":3,"name":"Hamon Martin Quintet &#8211; les vies que l&rsquo;on mène"}]},{"@type":"WebSite","@id":"https:\/\/arfolk.bzh\/#website","url":"https:\/\/arfolk.bzh\/","name":"Arfolk","description":"Label discographique spécialisé dans la musique bretonne","publisher":{"@id":"https:\/\/arfolk.bzh\/#organization"},"potentialAction":[{"@type":"SearchAction","target":{"@type":"EntryPoint","urlTemplate":"https:\/\/arfolk.bzh\/?s={search_term_string}"},"query-input":{"@type":"PropertyValueSpecification","valueRequired":true,"valueName":"search_term_string"}}],"inLanguage":"en-US"},{"@type":"Organization","@id":"https:\/\/arfolk.bzh\/#organization","name":"Arfolk","alternateName":"Le label de la musique bretonne","url":"https:\/\/arfolk.bzh\/","logo":{"@type":"ImageObject","inLanguage":"en-US","@id":"https:\/\/arfolk.bzh\/#\/schema\/logo\/image\/","url":"https:\/\/arfolk.bzh\/wp-content\/uploads\/2023\/11\/cropped-logo-label-de-musique-breton-arfolf-vignette.webp","contentUrl":"https:\/\/arfolk.bzh\/wp-content\/uploads\/2023\/11\/cropped-logo-label-de-musique-breton-arfolf-vignette.webp","width":512,"height":512,"caption":"Arfolk"},"image":{"@id":"https:\/\/arfolk.bzh\/#\/schema\/logo\/image\/"},"sameAs":["https:\/\/www.facebook.com\/Arfolkmusik","https:\/\/www.instagram.com\/arfolkmusik\/"]}]}</script>
<!-- / Yoast SEO Premium plugin. -->

Album Hamon Martin Quintet - les vies que l'on mène

Retrouvez l'album de Hamon Martin Quintet - les vies que l'on mène. Commandez directement en ligne sur arfolk.bzh, le label discographique breton.

Label discographique spécialisé dans la musique bretonne
