{"id":2691,"date":"2006-05-18T20:19:45","date_gmt":"2006-05-18T18:19:45","guid":{"rendered":"https:\/\/arfolk.bzh\/boutique\/soig-siberil-lammat\/"},"modified":"2025-12-11T12:28:22","modified_gmt":"2025-12-11T11:28:22","slug":"soig-siberil-lammat","status":"publish","type":"product","link":"https:\/\/arfolk.bzh\/en\/boutique\/soig-siberil-lammat\/","title":{"rendered":"So\u00efg Sib\u00e9ril &#8211; Lammat"},"content":{"rendered":"<p>La principale nouveaut\u00e9 de cet album, du point de vue musical, vient de la rencontre entre So\u00efg et l&rsquo;AKA (Abstrackt Keal Agram, alias les programmateurs Tanguy Destable et Lionel Pierres).<\/p>\n<p>De mani\u00e8re g\u00e9n\u00e9rale, l&rsquo;entente avec Patrice Marzin, guitariste d&rsquo;une grande sensibilit\u00e9 et auteur de nombreux arrangements, est formidable. cet album est \u00e9galement enrichi par la voix de Nolwenn Korbell (dans \u00ab\u00a0O\u00a0\u00bb) et la trompette d&rsquo;Eric Le Lann.<\/p>\n<p><iframe loading=\"lazy\" title=\"So\u00efg Sib\u00e9ril - Lammat...\" width=\"1080\" height=\"608\" src=\"https:\/\/www.youtube.com\/embed\/videoseries?list=PLQMZD0e8YHDJdy8w4BiK0K0-YIP6JGwDN\"  allow=\"accelerometer; autoplay; clipboard-write; encrypted-media; gyroscope; picture-in-picture; web-share\" referrerpolicy=\"strict-origin-when-cross-origin\" allowfullscreen><\/iframe><\/p>\n<p><strong>Tracklist de \u00a0\u00bb Lammat \u00ab\u00a0:<\/strong><\/p>\n<ol>\n<li><strong>Spiced jigs<\/strong><\/li>\n<li><strong>Al lizhzer<\/strong><\/li>\n<li><strong>Lammat&#8230;<\/strong><\/li>\n<li><strong>Medley<\/strong><\/li>\n<li><strong>Skoasello\u00f9<\/strong><\/li>\n<li><strong>\u00ab\u00a00\u00a0\u00bb<\/strong><\/li>\n<li><strong>Gollodic<\/strong><\/li>\n<li><strong>D&rsquo;Etel \u00e0 Takamata<\/strong><\/li>\n<li><strong>Loony\/la Baratte<\/strong><\/li>\n<li><strong>\u00ab\u00a0L&rsquo;Atelier\u00a0\u00bb (Reels)<\/strong><\/li>\n<li><strong>Luskell<\/strong><\/li>\n<\/ol>\n<p>&nbsp;<\/p>\n<p>&nbsp;<\/p>","protected":false},"excerpt":{"rendered":"<p>Quand la guitare de So\u00efg Sib\u00e9ril c\u00f4toie l&rsquo;\u00e9lectro !<\/p>\n<p>Ecoutez en Streaming : <strong><a href=\"https:\/\/fanlink.tv\/wemD\">https:\/\/fanlink.tv\/wemD<\/a><\/strong><\/p>","protected":false},"featured_media":2434,"template":"","meta":{"_acf_changed":false,"_et_pb_use_builder":"","_et_pb_old_content":"","_et_gb_content_width":""},"product_brand":[],"false":[54],"product_tag":[],"disponible_a_la_vente":[38],"langue":[75],"style":[80],"supports":[86],"class_list":{"0":"post-2691","1":"product","2":"type-product","3":"status-publish","4":"has-post-thumbnail","6":"product_cat-soig-siberil","7":"disponible_a_la_vente-disponible-a-la-vente","8":"langue-instrumental","9":"style-arfolk-klasik-jazz","10":"supports-cd","12":"first","13":"instock","14":"taxable","15":"shipping-taxable","16":"purchasable","17":"product-type-simple"},"acf":[],"yoast_head":"<!-- This site is optimized with the Yoast SEO Premium plugin v24.0 (Yoast SEO v27.3) - https:\/\/yoast.com\/product\/yoast-seo-premium-wordpress\/ -->\n<title>Album de So\u00efg Sib\u00e9ril - Lammat<\/title>\n<meta name=\"description\" content=\"Retrouvez l&#039;album de So\u00efg Sib\u00e9ril - Lammat. Quand la guitare de So\u00efg Sib\u00e9ril c\u00f4toie l&#039;\u00e9lectro ! Commandez directement en ligne sur arfolk.bzh.\" \/>\n<meta name=\"robots\" content=\"index, follow, max-snippet:-1, max-image-preview:large, max-video-preview:-1\" \/>\n<link rel=\"canonical\" href=\"https:\/\/arfolk.bzh\/en\/boutique\/soig-siberil-lammat\/\" \/>\n<script type=\"application\/ld+json\" class=\"yoast-schema-graph\">{\"@context\":\"https:\\\/\\\/schema.org\",\"@graph\":[{\"@type\":\"WebPage\",\"@id\":\"https:\\\/\\\/arfolk.bzh\\\/boutique\\\/soig-siberil-lammat\\\/\",\"url\":\"https:\\\/\\\/arfolk.bzh\\\/boutique\\\/soig-siberil-lammat\\\/\",\"name\":\"Album de So\u00efg Sib\u00e9ril - Lammat\",\"isPartOf\":{\"@id\":\"https:\\\/\\\/arfolk.bzh\\\/#website\"},\"primaryImageOfPage\":{\"@id\":\"https:\\\/\\\/arfolk.bzh\\\/boutique\\\/soig-siberil-lammat\\\/#primaryimage\"},\"image\":{\"@id\":\"https:\\\/\\\/arfolk.bzh\\\/boutique\\\/soig-siberil-lammat\\\/#primaryimage\"},\"thumbnailUrl\":\"https:\\\/\\\/arfolk.bzh\\\/wp-content\\\/uploads\\\/2024\\\/04\\\/soigsiberil_lammat-scaled.jpg\",\"datePublished\":\"2006-05-18T18:19:45+00:00\",\"dateModified\":\"2025-12-11T11:28:22+00:00\",\"description\":\"Retrouvez l'album de So\u00efg Sib\u00e9ril - Lammat. Quand la guitare de So\u00efg Sib\u00e9ril c\u00f4toie l'\u00e9lectro ! Commandez directement en ligne sur arfolk.bzh.\",\"breadcrumb\":{\"@id\":\"https:\\\/\\\/arfolk.bzh\\\/boutique\\\/soig-siberil-lammat\\\/#breadcrumb\"},\"inLanguage\":\"en-US\",\"potentialAction\":[{\"@type\":\"ReadAction\",\"target\":[\"https:\\\/\\\/arfolk.bzh\\\/boutique\\\/soig-siberil-lammat\\\/\"]}]},{\"@type\":\"ImageObject\",\"inLanguage\":\"en-US\",\"@id\":\"https:\\\/\\\/arfolk.bzh\\\/boutique\\\/soig-siberil-lammat\\\/#primaryimage\",\"url\":\"https:\\\/\\\/arfolk.bzh\\\/wp-content\\\/uploads\\\/2024\\\/04\\\/soigsiberil_lammat-scaled.jpg\",\"contentUrl\":\"https:\\\/\\\/arfolk.bzh\\\/wp-content\\\/uploads\\\/2024\\\/04\\\/soigsiberil_lammat-scaled.jpg\",\"width\":2560,\"height\":2560,\"caption\":\"soigsiberil lammat\"},{\"@type\":\"BreadcrumbList\",\"@id\":\"https:\\\/\\\/arfolk.bzh\\\/boutique\\\/soig-siberil-lammat\\\/#breadcrumb\",\"itemListElement\":[{\"@type\":\"ListItem\",\"position\":1,\"name\":\"Accueil\",\"item\":\"https:\\\/\\\/arfolk.bzh\\\/\"},{\"@type\":\"ListItem\",\"position\":2,\"name\":\"Boutique\",\"item\":\"https:\\\/\\\/arfolk.bzh\\\/boutique\\\/\"},{\"@type\":\"ListItem\",\"position\":3,\"name\":\"So\u00efg Sib\u00e9ril &#8211; Lammat\"}]},{\"@type\":\"WebSite\",\"@id\":\"https:\\\/\\\/arfolk.bzh\\\/#website\",\"url\":\"https:\\\/\\\/arfolk.bzh\\\/\",\"name\":\"Arfolk\",\"description\":\"Label discographique sp\u00e9cialis\u00e9 dans la musique bretonne\",\"publisher\":{\"@id\":\"https:\\\/\\\/arfolk.bzh\\\/#organization\"},\"potentialAction\":[{\"@type\":\"SearchAction\",\"target\":{\"@type\":\"EntryPoint\",\"urlTemplate\":\"https:\\\/\\\/arfolk.bzh\\\/?s={search_term_string}\"},\"query-input\":{\"@type\":\"PropertyValueSpecification\",\"valueRequired\":true,\"valueName\":\"search_term_string\"}}],\"inLanguage\":\"en-US\"},{\"@type\":\"Organization\",\"@id\":\"https:\\\/\\\/arfolk.bzh\\\/#organization\",\"name\":\"Arfolk\",\"alternateName\":\"Le label de la musique bretonne\",\"url\":\"https:\\\/\\\/arfolk.bzh\\\/\",\"logo\":{\"@type\":\"ImageObject\",\"inLanguage\":\"en-US\",\"@id\":\"https:\\\/\\\/arfolk.bzh\\\/#\\\/schema\\\/logo\\\/image\\\/\",\"url\":\"https:\\\/\\\/arfolk.bzh\\\/wp-content\\\/uploads\\\/2023\\\/11\\\/cropped-logo-label-de-musique-breton-arfolf-vignette.webp\",\"contentUrl\":\"https:\\\/\\\/arfolk.bzh\\\/wp-content\\\/uploads\\\/2023\\\/11\\\/cropped-logo-label-de-musique-breton-arfolf-vignette.webp\",\"width\":512,\"height\":512,\"caption\":\"Arfolk\"},\"image\":{\"@id\":\"https:\\\/\\\/arfolk.bzh\\\/#\\\/schema\\\/logo\\\/image\\\/\"},\"sameAs\":[\"https:\\\/\\\/www.facebook.com\\\/Arfolkmusik\",\"https:\\\/\\\/www.instagram.com\\\/arfolkmusik\\\/\"]}]}<\/script>\n<!-- \/ Yoast SEO Premium plugin. -->","yoast_head_json":{"title":"Album de So\u00efg Sib\u00e9ril - Lammat","description":"Retrouvez l'album de So\u00efg Sib\u00e9ril - Lammat. Quand la guitare de So\u00efg Sib\u00e9ril c\u00f4toie l'\u00e9lectro ! Commandez directement en ligne sur arfolk.bzh.","robots":{"index":"index","follow":"follow","max-snippet":"max-snippet:-1","max-image-preview":"max-image-preview:large","max-video-preview":"max-video-preview:-1"},"canonical":"https:\/\/arfolk.bzh\/en\/boutique\/soig-siberil-lammat\/","schema":{"@context":"https:\/\/schema.org","@graph":[{"@type":"WebPage","@id":"https:\/\/arfolk.bzh\/boutique\/soig-siberil-lammat\/","url":"https:\/\/arfolk.bzh\/boutique\/soig-siberil-lammat\/","name":"Album de So\u00efg Sib\u00e9ril - Lammat","isPartOf":{"@id":"https:\/\/arfolk.bzh\/#website"},"primaryImageOfPage":{"@id":"https:\/\/arfolk.bzh\/boutique\/soig-siberil-lammat\/#primaryimage"},"image":{"@id":"https:\/\/arfolk.bzh\/boutique\/soig-siberil-lammat\/#primaryimage"},"thumbnailUrl":"https:\/\/arfolk.bzh\/wp-content\/uploads\/2024\/04\/soigsiberil_lammat-scaled.jpg","datePublished":"2006-05-18T18:19:45+00:00","dateModified":"2025-12-11T11:28:22+00:00","description":"Retrouvez l'album de So\u00efg Sib\u00e9ril - Lammat. Quand la guitare de So\u00efg Sib\u00e9ril c\u00f4toie l'\u00e9lectro ! Commandez directement en ligne sur arfolk.bzh.","breadcrumb":{"@id":"https:\/\/arfolk.bzh\/boutique\/soig-siberil-lammat\/#breadcrumb"},"inLanguage":"en-US","potentialAction":[{"@type":"ReadAction","target":["https:\/\/arfolk.bzh\/boutique\/soig-siberil-lammat\/"]}]},{"@type":"ImageObject","inLanguage":"en-US","@id":"https:\/\/arfolk.bzh\/boutique\/soig-siberil-lammat\/#primaryimage","url":"https:\/\/arfolk.bzh\/wp-content\/uploads\/2024\/04\/soigsiberil_lammat-scaled.jpg","contentUrl":"https:\/\/arfolk.bzh\/wp-content\/uploads\/2024\/04\/soigsiberil_lammat-scaled.jpg","width":2560,"height":2560,"caption":"soigsiberil lammat"},{"@type":"BreadcrumbList","@id":"https:\/\/arfolk.bzh\/boutique\/soig-siberil-lammat\/#breadcrumb","itemListElement":[{"@type":"ListItem","position":1,"name":"Accueil","item":"https:\/\/arfolk.bzh\/"},{"@type":"ListItem","position":2,"name":"Boutique","item":"https:\/\/arfolk.bzh\/boutique\/"},{"@type":"ListItem","position":3,"name":"So\u00efg Sib\u00e9ril &#8211; Lammat"}]},{"@type":"WebSite","@id":"https:\/\/arfolk.bzh\/#website","url":"https:\/\/arfolk.bzh\/","name":"Arfolk","description":"Label discographique sp\u00e9cialis\u00e9 dans la musique bretonne","publisher":{"@id":"https:\/\/arfolk.bzh\/#organization"},"potentialAction":[{"@type":"SearchAction","target":{"@type":"EntryPoint","urlTemplate":"https:\/\/arfolk.bzh\/?s={search_term_string}"},"query-input":{"@type":"PropertyValueSpecification","valueRequired":true,"valueName":"search_term_string"}}],"inLanguage":"en-US"},{"@type":"Organization","@id":"https:\/\/arfolk.bzh\/#organization","name":"Arfolk","alternateName":"Le label de la musique bretonne","url":"https:\/\/arfolk.bzh\/","logo":{"@type":"ImageObject","inLanguage":"en-US","@id":"https:\/\/arfolk.bzh\/#\/schema\/logo\/image\/","url":"https:\/\/arfolk.bzh\/wp-content\/uploads\/2023\/11\/cropped-logo-label-de-musique-breton-arfolf-vignette.webp","contentUrl":"https:\/\/arfolk.bzh\/wp-content\/uploads\/2023\/11\/cropped-logo-label-de-musique-breton-arfolf-vignette.webp","width":512,"height":512,"caption":"Arfolk"},"image":{"@id":"https:\/\/arfolk.bzh\/#\/schema\/logo\/image\/"},"sameAs":["https:\/\/www.facebook.com\/Arfolkmusik","https:\/\/www.instagram.com\/arfolkmusik\/"]}]}},"jetpack_sharing_enabled":true,"_links":{"self":[{"href":"https:\/\/arfolk.bzh\/en\/wp-json\/wp\/v2\/product\/2691","targetHints":{"allow":["GET"]}}],"collection":[{"href":"https:\/\/arfolk.bzh\/en\/wp-json\/wp\/v2\/product"}],"about":[{"href":"https:\/\/arfolk.bzh\/en\/wp-json\/wp\/v2\/types\/product"}],"wp:featuredmedia":[{"embeddable":true,"href":"https:\/\/arfolk.bzh\/en\/wp-json\/wp\/v2\/media\/2434"}],"wp:attachment":[{"href":"https:\/\/arfolk.bzh\/en\/wp-json\/wp\/v2\/media?parent=2691"}],"wp:term":[{"taxonomy":"product_brand","embeddable":true,"href":"https:\/\/arfolk.bzh\/en\/wp-json\/wp\/v2\/product_brand?post=2691"},{"taxonomy":"product_cat","embeddable":true,"href":"https:\/\/arfolk.bzh\/en\/wp-json\/wp\/v2\/false?post=2691"},{"taxonomy":"product_tag","embeddable":true,"href":"https:\/\/arfolk.bzh\/en\/wp-json\/wp\/v2\/product_tag?post=2691"},{"taxonomy":"disponible_a_la_vente","embeddable":true,"href":"https:\/\/arfolk.bzh\/en\/wp-json\/wp\/v2\/disponible_a_la_vente?post=2691"},{"taxonomy":"langue","embeddable":true,"href":"https:\/\/arfolk.bzh\/en\/wp-json\/wp\/v2\/langue?post=2691"},{"taxonomy":"style","embeddable":true,"href":"https:\/\/arfolk.bzh\/en\/wp-json\/wp\/v2\/style?post=2691"},{"taxonomy":"supports","embeddable":true,"href":"https:\/\/arfolk.bzh\/en\/wp-json\/wp\/v2\/supports?post=2691"}],"curies":[{"name":"wp","href":"https:\/\/api.w.org\/{rel}","templated":true}]}}

Soïg Sibéril &#8211; Lammat

<p>La principale nouveauté de cet album, du point de vue musical, vient de la rencontre entre Soïg et l&rsquo;AKA (Abstrackt Keal Agram, alias les programmateurs Tanguy Destable et Lionel Pierres).</p>
<p>De manière générale, l&rsquo;entente avec Patrice Marzin, guitariste d&rsquo;une grande sensibilité et auteur de nombreux arrangements, est formidable. cet album est également enrichi par la voix de Nolwenn Korbell (dans « O ») et la trompette d&rsquo;Eric Le Lann.</p>
<p><iframe loading="lazy" title="Soïg Sibéril - Lammat..." width="1080" height="608" src="https://www.youtube.com/embed/videoseries?list=PLQMZD0e8YHDJdy8w4BiK0K0-YIP6JGwDN"  allow="accelerometer; autoplay; clipboard-write; encrypted-media; gyroscope; picture-in-picture; web-share" referrerpolicy="strict-origin-when-cross-origin" allowfullscreen></iframe></p>
<p><strong>Tracklist de  » Lammat « :</strong></p>
<ol>
<li><strong>Spiced jigs</strong></li>
<li><strong>Al lizhzer</strong></li>
<li><strong>Lammat&#8230;</strong></li>
<li><strong>Medley</strong></li>
<li><strong>Skoaselloù</strong></li>
<li><strong>« 0 »</strong></li>
<li><strong>Gollodic</strong></li>
<li><strong>D&rsquo;Etel à Takamata</strong></li>
<li><strong>Loony/la Baratte</strong></li>
<li><strong>« L&rsquo;Atelier » (Reels)</strong></li>
<li><strong>Luskell</strong></li>
</ol>
<p>&nbsp;</p>
<p>&nbsp;</p>

<p>Quand la guitare de Soïg Sibéril côtoie l&rsquo;électro !</p>
<p>Ecoutez en Streaming : <strong><a href="https://fanlink.tv/wemD">https://fanlink.tv/wemD</a></strong></p>

<!-- This site is optimized with the Yoast SEO Premium plugin v24.0 (Yoast SEO v27.3) - https://yoast.com/product/yoast-seo-premium-wordpress/ -->
<title>Album de Soïg Sibéril - Lammat</title>
<meta name="description" content="Retrouvez l&#039;album de Soïg Sibéril - Lammat. Quand la guitare de Soïg Sibéril côtoie l&#039;électro ! Commandez directement en ligne sur arfolk.bzh." />
<meta name="robots" content="index, follow, max-snippet:-1, max-image-preview:large, max-video-preview:-1" />
<link rel="canonical" href="https://arfolk.bzh/en/boutique/soig-siberil-lammat/" />
<script type="application/ld+json" class="yoast-schema-graph">{"@context":"https:\/\/schema.org","@graph":[{"@type":"WebPage","@id":"https:\/\/arfolk.bzh\/boutique\/soig-siberil-lammat\/","url":"https:\/\/arfolk.bzh\/boutique\/soig-siberil-lammat\/","name":"Album de Soïg Sibéril - Lammat","isPartOf":{"@id":"https:\/\/arfolk.bzh\/#website"},"primaryImageOfPage":{"@id":"https:\/\/arfolk.bzh\/boutique\/soig-siberil-lammat\/#primaryimage"},"image":{"@id":"https:\/\/arfolk.bzh\/boutique\/soig-siberil-lammat\/#primaryimage"},"thumbnailUrl":"https:\/\/arfolk.bzh\/wp-content\/uploads\/2024\/04\/soigsiberil_lammat-scaled.jpg","datePublished":"2006-05-18T18:19:45+00:00","dateModified":"2025-12-11T11:28:22+00:00","description":"Retrouvez l'album de Soïg Sibéril - Lammat. Quand la guitare de Soïg Sibéril côtoie l'électro ! Commandez directement en ligne sur arfolk.bzh.","breadcrumb":{"@id":"https:\/\/arfolk.bzh\/boutique\/soig-siberil-lammat\/#breadcrumb"},"inLanguage":"en-US","potentialAction":[{"@type":"ReadAction","target":["https:\/\/arfolk.bzh\/boutique\/soig-siberil-lammat\/"]}]},{"@type":"ImageObject","inLanguage":"en-US","@id":"https:\/\/arfolk.bzh\/boutique\/soig-siberil-lammat\/#primaryimage","url":"https:\/\/arfolk.bzh\/wp-content\/uploads\/2024\/04\/soigsiberil_lammat-scaled.jpg","contentUrl":"https:\/\/arfolk.bzh\/wp-content\/uploads\/2024\/04\/soigsiberil_lammat-scaled.jpg","width":2560,"height":2560,"caption":"soigsiberil lammat"},{"@type":"BreadcrumbList","@id":"https:\/\/arfolk.bzh\/boutique\/soig-siberil-lammat\/#breadcrumb","itemListElement":[{"@type":"ListItem","position":1,"name":"Accueil","item":"https:\/\/arfolk.bzh\/"},{"@type":"ListItem","position":2,"name":"Boutique","item":"https:\/\/arfolk.bzh\/boutique\/"},{"@type":"ListItem","position":3,"name":"Soïg Sibéril &#8211; Lammat"}]},{"@type":"WebSite","@id":"https:\/\/arfolk.bzh\/#website","url":"https:\/\/arfolk.bzh\/","name":"Arfolk","description":"Label discographique spécialisé dans la musique bretonne","publisher":{"@id":"https:\/\/arfolk.bzh\/#organization"},"potentialAction":[{"@type":"SearchAction","target":{"@type":"EntryPoint","urlTemplate":"https:\/\/arfolk.bzh\/?s={search_term_string}"},"query-input":{"@type":"PropertyValueSpecification","valueRequired":true,"valueName":"search_term_string"}}],"inLanguage":"en-US"},{"@type":"Organization","@id":"https:\/\/arfolk.bzh\/#organization","name":"Arfolk","alternateName":"Le label de la musique bretonne","url":"https:\/\/arfolk.bzh\/","logo":{"@type":"ImageObject","inLanguage":"en-US","@id":"https:\/\/arfolk.bzh\/#\/schema\/logo\/image\/","url":"https:\/\/arfolk.bzh\/wp-content\/uploads\/2023\/11\/cropped-logo-label-de-musique-breton-arfolf-vignette.webp","contentUrl":"https:\/\/arfolk.bzh\/wp-content\/uploads\/2023\/11\/cropped-logo-label-de-musique-breton-arfolf-vignette.webp","width":512,"height":512,"caption":"Arfolk"},"image":{"@id":"https:\/\/arfolk.bzh\/#\/schema\/logo\/image\/"},"sameAs":["https:\/\/www.facebook.com\/Arfolkmusik","https:\/\/www.instagram.com\/arfolkmusik\/"]}]}</script>
<!-- / Yoast SEO Premium plugin. -->

Album de Soïg Sibéril - Lammat

Retrouvez l'album de Soïg Sibéril - Lammat. Quand la guitare de Soïg Sibéril côtoie l'électro ! Commandez directement en ligne sur arfolk.bzh.

Label discographique spécialisé dans la musique bretonne
