{"id":3522,"date":"2017-06-15T11:28:27","date_gmt":"2017-06-15T09:28:27","guid":{"rendered":"https:\/\/arfolk.bzh\/?post_type=product&#038;p=3522"},"modified":"2025-12-11T11:40:04","modified_gmt":"2025-12-11T10:40:04","slug":"festival-interceltique-lorient-annee-de-lecosse-2017","status":"publish","type":"product","link":"https:\/\/arfolk.bzh\/en\/boutique\/festival-interceltique-lorient-annee-de-lecosse-2017\/","title":{"rendered":"Festival Interceltique Lorient &#8211; Ann\u00e9e de L&rsquo;Ecosse 2017"},"content":{"rendered":"<p><iframe loading=\"lazy\" title=\"Duo Hamon Martin, Annie Ebrel &amp; l&#039;Orchestre National de Bretagne - Sant Fonik Plinn (Ton berr)\" width=\"1080\" height=\"608\" src=\"https:\/\/www.youtube.com\/embed\/Fhi7ttzLqAY?feature=oembed\"  allow=\"accelerometer; autoplay; clipboard-write; encrypted-media; gyroscope; picture-in-picture; web-share\" referrerpolicy=\"strict-origin-when-cross-origin\" allowfullscreen><\/iframe><\/p>\n<p>Tracklist de \u00a0\u00bb FIL &#8211; l&rsquo;ann\u00e9e de l&rsquo;Ecosse \u00ab\u00a0:<\/p>\n<ol>\n<li>Amy Macdonald : Dream on &#8211; Ecosse<\/li>\n<li>Altan :\u00a0M\u00e1 Th\u00e9ann T\u00fa \u2018un Aonaigh &#8211; Irlande<\/li>\n<li>Runrig : The story &#8211; Ecosse<\/li>\n<li>Elephant sessions : Ainya&rsquo;s &#8211; Ecosse<\/li>\n<li>Hevia : Asturias cha, cha, cha &#8211; Asturies<\/li>\n<li>The Celtic Social Club : When you need someone &#8211; Bretagne<\/li>\n<li>Trim : Fandango &#8211; Galice<\/li>\n<li>The Back Yard Devils : How mountain Girls Can Love &#8211; Acadie<\/li>\n<li>Donald Shaw : Horizon Theme &#8211; Ecosse<\/li>\n<li>Hamon-Martin, Annie Ebrel &amp; l&rsquo;Orchestre Symphonique de Bretagne : Ton simpl plinn &#8211; Bretagne<\/li>\n<li>Sam Lee : Lovely Molly &#8211; Royaume-Uni<\/li>\n<li>H\u00f2-R\u00f2 : Zelda&rsquo;s Dragon &#8211; Ecosse<\/li>\n<li>Tri Yann : La bonne famille au courti &#8211; Bretagne<\/li>\n<li>Burum : Y Gwydr Glas (er cof am y bardd Nigel Jenkins) &#8211; Pays de Galles<\/li>\n<li>The Greenaways : Skath Vyghan &#8211; Cornouailles<\/li>\n<li>Birlinn Jiarg : End of the world &#8211; \u00cele de Man<\/li>\n<li>Bagad Cap Caval : Kostez Bignan &#8211; Bretagne<\/li>\n<li>Hat Fitz and Cara Robinson : ShakeDown &#8211; Australie<\/li>\n<\/ol>","protected":false},"excerpt":{"rendered":"<p>La compilation des artistes programm\u00e9s pour l&rsquo;\u00e9dition 2017 du FIL \u00abAnn\u00e9e de l&rsquo;\u00c9cosse\u00bb<\/p>\n<p>&nbsp;<\/p>","protected":false},"featured_media":3592,"template":"","meta":{"_acf_changed":false,"_et_pb_use_builder":"","_et_pb_old_content":"","_et_gb_content_width":""},"product_brand":[],"false":[58],"product_tag":[],"disponible_a_la_vente":[38],"langue":[74,73,72,75],"style":[84],"supports":[86],"class_list":{"0":"post-3522","1":"product","2":"type-product","3":"status-publish","4":"has-post-thumbnail","6":"product_cat-compilation","7":"disponible_a_la_vente-disponible-a-la-vente","8":"langue-anglais","9":"langue-breton","10":"langue-francais","11":"langue-instrumental","12":"style-compilation","13":"supports-cd","15":"first","16":"instock","17":"sale","18":"taxable","19":"shipping-taxable","20":"purchasable","21":"product-type-simple"},"acf":[],"yoast_head":"<!-- This site is optimized with the Yoast SEO Premium plugin v24.0 (Yoast SEO v27.3) - https:\/\/yoast.com\/product\/yoast-seo-premium-wordpress\/ -->\n<title>Compilation du Festival Interceltique de Lorient 2017 \u00c9cosse<\/title>\n<meta name=\"description\" content=\"Retrouvez l&#039;album du Festival Interceltique Lorient - Ann\u00e9e de L&#039;Ecosse 2017. Commandez directement en ligne sur arfolk.bzh, le label discographique breton.\" \/>\n<meta name=\"robots\" content=\"index, follow, max-snippet:-1, max-image-preview:large, max-video-preview:-1\" \/>\n<link rel=\"canonical\" href=\"https:\/\/arfolk.bzh\/en\/boutique\/festival-interceltique-lorient-annee-de-lecosse-2017\/\" \/>\n<script type=\"application\/ld+json\" class=\"yoast-schema-graph\">{\"@context\":\"https:\\\/\\\/schema.org\",\"@graph\":[{\"@type\":\"WebPage\",\"@id\":\"https:\\\/\\\/arfolk.bzh\\\/boutique\\\/festival-interceltique-lorient-annee-de-lecosse-2017\\\/\",\"url\":\"https:\\\/\\\/arfolk.bzh\\\/boutique\\\/festival-interceltique-lorient-annee-de-lecosse-2017\\\/\",\"name\":\"Compilation du Festival Interceltique de Lorient 2017 \u00c9cosse\",\"isPartOf\":{\"@id\":\"https:\\\/\\\/arfolk.bzh\\\/#website\"},\"primaryImageOfPage\":{\"@id\":\"https:\\\/\\\/arfolk.bzh\\\/boutique\\\/festival-interceltique-lorient-annee-de-lecosse-2017\\\/#primaryimage\"},\"image\":{\"@id\":\"https:\\\/\\\/arfolk.bzh\\\/boutique\\\/festival-interceltique-lorient-annee-de-lecosse-2017\\\/#primaryimage\"},\"thumbnailUrl\":\"https:\\\/\\\/arfolk.bzh\\\/wp-content\\\/uploads\\\/2017\\\/06\\\/capture-d-ecran-2025-02-07-a-10-03-54.webp\",\"datePublished\":\"2017-06-15T09:28:27+00:00\",\"dateModified\":\"2025-12-11T10:40:04+00:00\",\"description\":\"Retrouvez l'album du Festival Interceltique Lorient - Ann\u00e9e de L'Ecosse 2017. Commandez directement en ligne sur arfolk.bzh, le label discographique breton.\",\"breadcrumb\":{\"@id\":\"https:\\\/\\\/arfolk.bzh\\\/boutique\\\/festival-interceltique-lorient-annee-de-lecosse-2017\\\/#breadcrumb\"},\"inLanguage\":\"en-US\",\"potentialAction\":[{\"@type\":\"ReadAction\",\"target\":[\"https:\\\/\\\/arfolk.bzh\\\/boutique\\\/festival-interceltique-lorient-annee-de-lecosse-2017\\\/\"]}]},{\"@type\":\"ImageObject\",\"inLanguage\":\"en-US\",\"@id\":\"https:\\\/\\\/arfolk.bzh\\\/boutique\\\/festival-interceltique-lorient-annee-de-lecosse-2017\\\/#primaryimage\",\"url\":\"https:\\\/\\\/arfolk.bzh\\\/wp-content\\\/uploads\\\/2017\\\/06\\\/capture-d-ecran-2025-02-07-a-10-03-54.webp\",\"contentUrl\":\"https:\\\/\\\/arfolk.bzh\\\/wp-content\\\/uploads\\\/2017\\\/06\\\/capture-d-ecran-2025-02-07-a-10-03-54.webp\",\"width\":896,\"height\":828,\"caption\":\"compilation-festival-interceltique-ecosse-2017\"},{\"@type\":\"BreadcrumbList\",\"@id\":\"https:\\\/\\\/arfolk.bzh\\\/boutique\\\/festival-interceltique-lorient-annee-de-lecosse-2017\\\/#breadcrumb\",\"itemListElement\":[{\"@type\":\"ListItem\",\"position\":1,\"name\":\"Accueil\",\"item\":\"https:\\\/\\\/arfolk.bzh\\\/\"},{\"@type\":\"ListItem\",\"position\":2,\"name\":\"Boutique\",\"item\":\"https:\\\/\\\/arfolk.bzh\\\/boutique\\\/\"},{\"@type\":\"ListItem\",\"position\":3,\"name\":\"Festival Interceltique Lorient &#8211; Ann\u00e9e de L&rsquo;Ecosse 2017\"}]},{\"@type\":\"WebSite\",\"@id\":\"https:\\\/\\\/arfolk.bzh\\\/#website\",\"url\":\"https:\\\/\\\/arfolk.bzh\\\/\",\"name\":\"Arfolk\",\"description\":\"Label discographique sp\u00e9cialis\u00e9 dans la musique bretonne\",\"publisher\":{\"@id\":\"https:\\\/\\\/arfolk.bzh\\\/#organization\"},\"potentialAction\":[{\"@type\":\"SearchAction\",\"target\":{\"@type\":\"EntryPoint\",\"urlTemplate\":\"https:\\\/\\\/arfolk.bzh\\\/?s={search_term_string}\"},\"query-input\":{\"@type\":\"PropertyValueSpecification\",\"valueRequired\":true,\"valueName\":\"search_term_string\"}}],\"inLanguage\":\"en-US\"},{\"@type\":\"Organization\",\"@id\":\"https:\\\/\\\/arfolk.bzh\\\/#organization\",\"name\":\"Arfolk\",\"alternateName\":\"Le label de la musique bretonne\",\"url\":\"https:\\\/\\\/arfolk.bzh\\\/\",\"logo\":{\"@type\":\"ImageObject\",\"inLanguage\":\"en-US\",\"@id\":\"https:\\\/\\\/arfolk.bzh\\\/#\\\/schema\\\/logo\\\/image\\\/\",\"url\":\"https:\\\/\\\/arfolk.bzh\\\/wp-content\\\/uploads\\\/2023\\\/11\\\/cropped-logo-label-de-musique-breton-arfolf-vignette.webp\",\"contentUrl\":\"https:\\\/\\\/arfolk.bzh\\\/wp-content\\\/uploads\\\/2023\\\/11\\\/cropped-logo-label-de-musique-breton-arfolf-vignette.webp\",\"width\":512,\"height\":512,\"caption\":\"Arfolk\"},\"image\":{\"@id\":\"https:\\\/\\\/arfolk.bzh\\\/#\\\/schema\\\/logo\\\/image\\\/\"},\"sameAs\":[\"https:\\\/\\\/www.facebook.com\\\/Arfolkmusik\",\"https:\\\/\\\/www.instagram.com\\\/arfolkmusik\\\/\"]}]}<\/script>\n<!-- \/ Yoast SEO Premium plugin. -->","yoast_head_json":{"title":"Compilation du Festival Interceltique de Lorient 2017 \u00c9cosse","description":"Retrouvez l'album du Festival Interceltique Lorient - Ann\u00e9e de L'Ecosse 2017. Commandez directement en ligne sur arfolk.bzh, le label discographique breton.","robots":{"index":"index","follow":"follow","max-snippet":"max-snippet:-1","max-image-preview":"max-image-preview:large","max-video-preview":"max-video-preview:-1"},"canonical":"https:\/\/arfolk.bzh\/en\/boutique\/festival-interceltique-lorient-annee-de-lecosse-2017\/","schema":{"@context":"https:\/\/schema.org","@graph":[{"@type":"WebPage","@id":"https:\/\/arfolk.bzh\/boutique\/festival-interceltique-lorient-annee-de-lecosse-2017\/","url":"https:\/\/arfolk.bzh\/boutique\/festival-interceltique-lorient-annee-de-lecosse-2017\/","name":"Compilation du Festival Interceltique de Lorient 2017 \u00c9cosse","isPartOf":{"@id":"https:\/\/arfolk.bzh\/#website"},"primaryImageOfPage":{"@id":"https:\/\/arfolk.bzh\/boutique\/festival-interceltique-lorient-annee-de-lecosse-2017\/#primaryimage"},"image":{"@id":"https:\/\/arfolk.bzh\/boutique\/festival-interceltique-lorient-annee-de-lecosse-2017\/#primaryimage"},"thumbnailUrl":"https:\/\/arfolk.bzh\/wp-content\/uploads\/2017\/06\/capture-d-ecran-2025-02-07-a-10-03-54.webp","datePublished":"2017-06-15T09:28:27+00:00","dateModified":"2025-12-11T10:40:04+00:00","description":"Retrouvez l'album du Festival Interceltique Lorient - Ann\u00e9e de L'Ecosse 2017. Commandez directement en ligne sur arfolk.bzh, le label discographique breton.","breadcrumb":{"@id":"https:\/\/arfolk.bzh\/boutique\/festival-interceltique-lorient-annee-de-lecosse-2017\/#breadcrumb"},"inLanguage":"en-US","potentialAction":[{"@type":"ReadAction","target":["https:\/\/arfolk.bzh\/boutique\/festival-interceltique-lorient-annee-de-lecosse-2017\/"]}]},{"@type":"ImageObject","inLanguage":"en-US","@id":"https:\/\/arfolk.bzh\/boutique\/festival-interceltique-lorient-annee-de-lecosse-2017\/#primaryimage","url":"https:\/\/arfolk.bzh\/wp-content\/uploads\/2017\/06\/capture-d-ecran-2025-02-07-a-10-03-54.webp","contentUrl":"https:\/\/arfolk.bzh\/wp-content\/uploads\/2017\/06\/capture-d-ecran-2025-02-07-a-10-03-54.webp","width":896,"height":828,"caption":"compilation-festival-interceltique-ecosse-2017"},{"@type":"BreadcrumbList","@id":"https:\/\/arfolk.bzh\/boutique\/festival-interceltique-lorient-annee-de-lecosse-2017\/#breadcrumb","itemListElement":[{"@type":"ListItem","position":1,"name":"Accueil","item":"https:\/\/arfolk.bzh\/"},{"@type":"ListItem","position":2,"name":"Boutique","item":"https:\/\/arfolk.bzh\/boutique\/"},{"@type":"ListItem","position":3,"name":"Festival Interceltique Lorient &#8211; Ann\u00e9e de L&rsquo;Ecosse 2017"}]},{"@type":"WebSite","@id":"https:\/\/arfolk.bzh\/#website","url":"https:\/\/arfolk.bzh\/","name":"Arfolk","description":"Label discographique sp\u00e9cialis\u00e9 dans la musique bretonne","publisher":{"@id":"https:\/\/arfolk.bzh\/#organization"},"potentialAction":[{"@type":"SearchAction","target":{"@type":"EntryPoint","urlTemplate":"https:\/\/arfolk.bzh\/?s={search_term_string}"},"query-input":{"@type":"PropertyValueSpecification","valueRequired":true,"valueName":"search_term_string"}}],"inLanguage":"en-US"},{"@type":"Organization","@id":"https:\/\/arfolk.bzh\/#organization","name":"Arfolk","alternateName":"Le label de la musique bretonne","url":"https:\/\/arfolk.bzh\/","logo":{"@type":"ImageObject","inLanguage":"en-US","@id":"https:\/\/arfolk.bzh\/#\/schema\/logo\/image\/","url":"https:\/\/arfolk.bzh\/wp-content\/uploads\/2023\/11\/cropped-logo-label-de-musique-breton-arfolf-vignette.webp","contentUrl":"https:\/\/arfolk.bzh\/wp-content\/uploads\/2023\/11\/cropped-logo-label-de-musique-breton-arfolf-vignette.webp","width":512,"height":512,"caption":"Arfolk"},"image":{"@id":"https:\/\/arfolk.bzh\/#\/schema\/logo\/image\/"},"sameAs":["https:\/\/www.facebook.com\/Arfolkmusik","https:\/\/www.instagram.com\/arfolkmusik\/"]}]}},"jetpack_sharing_enabled":true,"_links":{"self":[{"href":"https:\/\/arfolk.bzh\/en\/wp-json\/wp\/v2\/product\/3522","targetHints":{"allow":["GET"]}}],"collection":[{"href":"https:\/\/arfolk.bzh\/en\/wp-json\/wp\/v2\/product"}],"about":[{"href":"https:\/\/arfolk.bzh\/en\/wp-json\/wp\/v2\/types\/product"}],"wp:featuredmedia":[{"embeddable":true,"href":"https:\/\/arfolk.bzh\/en\/wp-json\/wp\/v2\/media\/3592"}],"wp:attachment":[{"href":"https:\/\/arfolk.bzh\/en\/wp-json\/wp\/v2\/media?parent=3522"}],"wp:term":[{"taxonomy":"product_brand","embeddable":true,"href":"https:\/\/arfolk.bzh\/en\/wp-json\/wp\/v2\/product_brand?post=3522"},{"taxonomy":"product_cat","embeddable":true,"href":"https:\/\/arfolk.bzh\/en\/wp-json\/wp\/v2\/false?post=3522"},{"taxonomy":"product_tag","embeddable":true,"href":"https:\/\/arfolk.bzh\/en\/wp-json\/wp\/v2\/product_tag?post=3522"},{"taxonomy":"disponible_a_la_vente","embeddable":true,"href":"https:\/\/arfolk.bzh\/en\/wp-json\/wp\/v2\/disponible_a_la_vente?post=3522"},{"taxonomy":"langue","embeddable":true,"href":"https:\/\/arfolk.bzh\/en\/wp-json\/wp\/v2\/langue?post=3522"},{"taxonomy":"style","embeddable":true,"href":"https:\/\/arfolk.bzh\/en\/wp-json\/wp\/v2\/style?post=3522"},{"taxonomy":"supports","embeddable":true,"href":"https:\/\/arfolk.bzh\/en\/wp-json\/wp\/v2\/supports?post=3522"}],"curies":[{"name":"wp","href":"https:\/\/api.w.org\/{rel}","templated":true}]}}

Festival Interceltique Lorient &#8211; Année de L&rsquo;Ecosse 2017

<p><iframe loading="lazy" title="Duo Hamon Martin, Annie Ebrel &amp; l&#039;Orchestre National de Bretagne - Sant Fonik Plinn (Ton berr)" width="1080" height="608" src="https://www.youtube.com/embed/Fhi7ttzLqAY?feature=oembed"  allow="accelerometer; autoplay; clipboard-write; encrypted-media; gyroscope; picture-in-picture; web-share" referrerpolicy="strict-origin-when-cross-origin" allowfullscreen></iframe></p>
<p>Tracklist de  » FIL &#8211; l&rsquo;année de l&rsquo;Ecosse « :</p>
<ol>
<li>Amy Macdonald : Dream on &#8211; Ecosse</li>
<li>Altan : Má Théann Tú ‘un Aonaigh &#8211; Irlande</li>
<li>Runrig : The story &#8211; Ecosse</li>
<li>Elephant sessions : Ainya&rsquo;s &#8211; Ecosse</li>
<li>Hevia : Asturias cha, cha, cha &#8211; Asturies</li>
<li>The Celtic Social Club : When you need someone &#8211; Bretagne</li>
<li>Trim : Fandango &#8211; Galice</li>
<li>The Back Yard Devils : How mountain Girls Can Love &#8211; Acadie</li>
<li>Donald Shaw : Horizon Theme &#8211; Ecosse</li>
<li>Hamon-Martin, Annie Ebrel &amp; l&rsquo;Orchestre Symphonique de Bretagne : Ton simpl plinn &#8211; Bretagne</li>
<li>Sam Lee : Lovely Molly &#8211; Royaume-Uni</li>
<li>Hò-Rò : Zelda&rsquo;s Dragon &#8211; Ecosse</li>
<li>Tri Yann : La bonne famille au courti &#8211; Bretagne</li>
<li>Burum : Y Gwydr Glas (er cof am y bardd Nigel Jenkins) &#8211; Pays de Galles</li>
<li>The Greenaways : Skath Vyghan &#8211; Cornouailles</li>
<li>Birlinn Jiarg : End of the world &#8211; Île de Man</li>
<li>Bagad Cap Caval : Kostez Bignan &#8211; Bretagne</li>
<li>Hat Fitz and Cara Robinson : ShakeDown &#8211; Australie</li>
</ol>

<p>La compilation des artistes programmés pour l&rsquo;édition 2017 du FIL «Année de l&rsquo;Écosse»</p>
<p>&nbsp;</p>

<!-- This site is optimized with the Yoast SEO Premium plugin v24.0 (Yoast SEO v27.3) - https://yoast.com/product/yoast-seo-premium-wordpress/ -->
<title>Compilation du Festival Interceltique de Lorient 2017 Écosse</title>
<meta name="description" content="Retrouvez l&#039;album du Festival Interceltique Lorient - Année de L&#039;Ecosse 2017. Commandez directement en ligne sur arfolk.bzh, le label discographique breton." />
<meta name="robots" content="index, follow, max-snippet:-1, max-image-preview:large, max-video-preview:-1" />
<link rel="canonical" href="https://arfolk.bzh/en/boutique/festival-interceltique-lorient-annee-de-lecosse-2017/" />
<script type="application/ld+json" class="yoast-schema-graph">{"@context":"https:\/\/schema.org","@graph":[{"@type":"WebPage","@id":"https:\/\/arfolk.bzh\/boutique\/festival-interceltique-lorient-annee-de-lecosse-2017\/","url":"https:\/\/arfolk.bzh\/boutique\/festival-interceltique-lorient-annee-de-lecosse-2017\/","name":"Compilation du Festival Interceltique de Lorient 2017 Écosse","isPartOf":{"@id":"https:\/\/arfolk.bzh\/#website"},"primaryImageOfPage":{"@id":"https:\/\/arfolk.bzh\/boutique\/festival-interceltique-lorient-annee-de-lecosse-2017\/#primaryimage"},"image":{"@id":"https:\/\/arfolk.bzh\/boutique\/festival-interceltique-lorient-annee-de-lecosse-2017\/#primaryimage"},"thumbnailUrl":"https:\/\/arfolk.bzh\/wp-content\/uploads\/2017\/06\/capture-d-ecran-2025-02-07-a-10-03-54.webp","datePublished":"2017-06-15T09:28:27+00:00","dateModified":"2025-12-11T10:40:04+00:00","description":"Retrouvez l'album du Festival Interceltique Lorient - Année de L'Ecosse 2017. Commandez directement en ligne sur arfolk.bzh, le label discographique breton.","breadcrumb":{"@id":"https:\/\/arfolk.bzh\/boutique\/festival-interceltique-lorient-annee-de-lecosse-2017\/#breadcrumb"},"inLanguage":"en-US","potentialAction":[{"@type":"ReadAction","target":["https:\/\/arfolk.bzh\/boutique\/festival-interceltique-lorient-annee-de-lecosse-2017\/"]}]},{"@type":"ImageObject","inLanguage":"en-US","@id":"https:\/\/arfolk.bzh\/boutique\/festival-interceltique-lorient-annee-de-lecosse-2017\/#primaryimage","url":"https:\/\/arfolk.bzh\/wp-content\/uploads\/2017\/06\/capture-d-ecran-2025-02-07-a-10-03-54.webp","contentUrl":"https:\/\/arfolk.bzh\/wp-content\/uploads\/2017\/06\/capture-d-ecran-2025-02-07-a-10-03-54.webp","width":896,"height":828,"caption":"compilation-festival-interceltique-ecosse-2017"},{"@type":"BreadcrumbList","@id":"https:\/\/arfolk.bzh\/boutique\/festival-interceltique-lorient-annee-de-lecosse-2017\/#breadcrumb","itemListElement":[{"@type":"ListItem","position":1,"name":"Accueil","item":"https:\/\/arfolk.bzh\/"},{"@type":"ListItem","position":2,"name":"Boutique","item":"https:\/\/arfolk.bzh\/boutique\/"},{"@type":"ListItem","position":3,"name":"Festival Interceltique Lorient &#8211; Année de L&rsquo;Ecosse 2017"}]},{"@type":"WebSite","@id":"https:\/\/arfolk.bzh\/#website","url":"https:\/\/arfolk.bzh\/","name":"Arfolk","description":"Label discographique spécialisé dans la musique bretonne","publisher":{"@id":"https:\/\/arfolk.bzh\/#organization"},"potentialAction":[{"@type":"SearchAction","target":{"@type":"EntryPoint","urlTemplate":"https:\/\/arfolk.bzh\/?s={search_term_string}"},"query-input":{"@type":"PropertyValueSpecification","valueRequired":true,"valueName":"search_term_string"}}],"inLanguage":"en-US"},{"@type":"Organization","@id":"https:\/\/arfolk.bzh\/#organization","name":"Arfolk","alternateName":"Le label de la musique bretonne","url":"https:\/\/arfolk.bzh\/","logo":{"@type":"ImageObject","inLanguage":"en-US","@id":"https:\/\/arfolk.bzh\/#\/schema\/logo\/image\/","url":"https:\/\/arfolk.bzh\/wp-content\/uploads\/2023\/11\/cropped-logo-label-de-musique-breton-arfolf-vignette.webp","contentUrl":"https:\/\/arfolk.bzh\/wp-content\/uploads\/2023\/11\/cropped-logo-label-de-musique-breton-arfolf-vignette.webp","width":512,"height":512,"caption":"Arfolk"},"image":{"@id":"https:\/\/arfolk.bzh\/#\/schema\/logo\/image\/"},"sameAs":["https:\/\/www.facebook.com\/Arfolkmusik","https:\/\/www.instagram.com\/arfolkmusik\/"]}]}</script>
<!-- / Yoast SEO Premium plugin. -->

Compilation du Festival Interceltique de Lorient 2017 Écosse

Retrouvez l'album du Festival Interceltique Lorient - Année de L'Ecosse 2017. Commandez directement en ligne sur arfolk.bzh, le label discographique breton.

Label discographique spécialisé dans la musique bretonne
