{"id":3736,"date":"2025-05-15T17:02:00","date_gmt":"2025-05-15T15:02:00","guid":{"rendered":"https:\/\/arfolk.bzh\/?post_type=product&#038;p=3736"},"modified":"2026-03-25T19:24:33","modified_gmt":"2026-03-25T18:24:33","slug":"gwennyn-enez-il-est-une-ile","status":"publish","type":"product","link":"https:\/\/arfolk.bzh\/en\/boutique\/gwennyn-enez-il-est-une-ile\/","title":{"rendered":"GWENNYN &#8211; ENEZ &#8211; Il est une \u00eele (2CDs)"},"content":{"rendered":"<p><iframe loading=\"lazy\" title=\"ENEZ, Il est une \u00eele... Gwennyn - Teaser officiel\" width=\"1080\" height=\"608\" src=\"https:\/\/www.youtube.com\/embed\/_3IVTu-0AWQ?feature=oembed\"  allow=\"accelerometer; autoplay; clipboard-write; encrypted-media; gyroscope; picture-in-picture; web-share\" referrerpolicy=\"strict-origin-when-cross-origin\" allowfullscreen><\/iframe><\/p>\n<p>Enregistr\u00e9 au Th\u00e9\u00e2tre de Quimper le 18 juillet 2024, en ouverture du Festival de Cornouaille, ENEZ est un spectacle de 95 minutes qui allie audace artistique, tradition et modernit\u00e9, lumi\u00e8res et tenues flamboyantes du cr\u00e9ateur-brodeur Pascal Jaouen, chor\u00e9graphies in\u00e9dites de jeunes danseuses hip hop et bretonnes sur des musiques originales sign\u00e9es Patrice Marzin, avec la participation du conteur Patrik Ewen et du chanteur kabyle Farid A\u00eft Siameur.<\/p>\n<p><em>\u00ab \u00c1 travers ce spectacle, je souhaite partager avec mon public des valeurs bretonnes qui me tiennent \u00e0 c\u0153ur :<\/em><br \/>\n<em>l\u2019authenticit\u00e9, la mise en valeur de l\u2019ancrage breton, une \u00e9cologie spirituelle -si intimement li\u00e9e aux destin\u00e9es<\/em><br \/>\n<em>des femmes- et l\u2019esprit de cr\u00e9ativit\u00e9 toujours en qu\u00eate d\u2019innovation et de transcendance, qui nous animent<\/em><br \/>\n<em>depuis la nuit des temps, en Bretagne&#8230; \u00bb<\/em><\/p>","protected":false},"excerpt":{"rendered":"<p>L\u2019album Live du spectacle \u00ab ENEZ, Il est une \u00eele&#8230; \u00bb<\/p>\n<p>Entre r\u00eave breton et onirisme celtique, musique \u00e9lectro et chansons engag\u00e9es, Gwennyn guide le spectateur vers un voyage int\u00e9rieur d\u2019\u00eele en \u00eele, vers la qu\u00eate universelle de nos identit\u00e9s profondes et personnelles, notre Graal &#8230;<\/p>","protected":false},"featured_media":3746,"template":"","meta":{"_acf_changed":false,"_et_pb_use_builder":"","_et_pb_old_content":"","_et_gb_content_width":""},"product_brand":[],"false":[95],"product_tag":[],"disponible_a_la_vente":[38],"langue":[73,72],"style":[78],"supports":[86],"class_list":{"0":"post-3736","1":"product","2":"type-product","3":"status-publish","4":"has-post-thumbnail","6":"product_cat-gwennyn","7":"disponible_a_la_vente-disponible-a-la-vente","8":"langue-breton","9":"langue-francais","10":"style-world-music","11":"supports-cd","13":"first","14":"instock","15":"taxable","16":"shipping-taxable","17":"purchasable","18":"product-type-simple"},"acf":[],"yoast_head":"<!-- This site is optimized with the Yoast SEO Premium plugin v24.0 (Yoast SEO v27.3) - https:\/\/yoast.com\/product\/yoast-seo-premium-wordpress\/ -->\n<title>Album de GWENNYN - ENEZ - Il est une \u00eele (2CDs)<\/title>\n<meta name=\"description\" content=\"Retrouvez l&#039;album de GWENNYN - ENEZ - Il est une \u00eele (2CDs). Commandez directement en ligne sur arfolk.bzh, le label discographique breton.\" \/>\n<meta name=\"robots\" content=\"index, follow, max-snippet:-1, max-image-preview:large, max-video-preview:-1\" \/>\n<link rel=\"canonical\" href=\"https:\/\/arfolk.bzh\/en\/boutique\/gwennyn-enez-il-est-une-ile\/\" \/>\n<script type=\"application\/ld+json\" class=\"yoast-schema-graph\">{\"@context\":\"https:\\\/\\\/schema.org\",\"@graph\":[{\"@type\":\"WebPage\",\"@id\":\"https:\\\/\\\/arfolk.bzh\\\/boutique\\\/gwennyn-enez-il-est-une-ile\\\/\",\"url\":\"https:\\\/\\\/arfolk.bzh\\\/boutique\\\/gwennyn-enez-il-est-une-ile\\\/\",\"name\":\"Album de GWENNYN - ENEZ - Il est une \u00eele (2CDs)\",\"isPartOf\":{\"@id\":\"https:\\\/\\\/arfolk.bzh\\\/#website\"},\"primaryImageOfPage\":{\"@id\":\"https:\\\/\\\/arfolk.bzh\\\/boutique\\\/gwennyn-enez-il-est-une-ile\\\/#primaryimage\"},\"image\":{\"@id\":\"https:\\\/\\\/arfolk.bzh\\\/boutique\\\/gwennyn-enez-il-est-une-ile\\\/#primaryimage\"},\"thumbnailUrl\":\"https:\\\/\\\/arfolk.bzh\\\/wp-content\\\/uploads\\\/2025\\\/05\\\/cover-enez-bd.webp\",\"datePublished\":\"2025-05-15T15:02:00+00:00\",\"dateModified\":\"2026-03-25T18:24:33+00:00\",\"description\":\"Retrouvez l'album de GWENNYN - ENEZ - Il est une \u00eele (2CDs). Commandez directement en ligne sur arfolk.bzh, le label discographique breton.\",\"breadcrumb\":{\"@id\":\"https:\\\/\\\/arfolk.bzh\\\/boutique\\\/gwennyn-enez-il-est-une-ile\\\/#breadcrumb\"},\"inLanguage\":\"en-US\",\"potentialAction\":[{\"@type\":\"ReadAction\",\"target\":[\"https:\\\/\\\/arfolk.bzh\\\/boutique\\\/gwennyn-enez-il-est-une-ile\\\/\"]}]},{\"@type\":\"ImageObject\",\"inLanguage\":\"en-US\",\"@id\":\"https:\\\/\\\/arfolk.bzh\\\/boutique\\\/gwennyn-enez-il-est-une-ile\\\/#primaryimage\",\"url\":\"https:\\\/\\\/arfolk.bzh\\\/wp-content\\\/uploads\\\/2025\\\/05\\\/cover-enez-bd.webp\",\"contentUrl\":\"https:\\\/\\\/arfolk.bzh\\\/wp-content\\\/uploads\\\/2025\\\/05\\\/cover-enez-bd.webp\",\"width\":800,\"height\":724,\"caption\":\"GWENNYN-ENEZ-BD\"},{\"@type\":\"BreadcrumbList\",\"@id\":\"https:\\\/\\\/arfolk.bzh\\\/boutique\\\/gwennyn-enez-il-est-une-ile\\\/#breadcrumb\",\"itemListElement\":[{\"@type\":\"ListItem\",\"position\":1,\"name\":\"Accueil\",\"item\":\"https:\\\/\\\/arfolk.bzh\\\/\"},{\"@type\":\"ListItem\",\"position\":2,\"name\":\"Boutique\",\"item\":\"https:\\\/\\\/arfolk.bzh\\\/boutique\\\/\"},{\"@type\":\"ListItem\",\"position\":3,\"name\":\"GWENNYN &#8211; ENEZ &#8211; Il est une \u00eele (2CDs)\"}]},{\"@type\":\"WebSite\",\"@id\":\"https:\\\/\\\/arfolk.bzh\\\/#website\",\"url\":\"https:\\\/\\\/arfolk.bzh\\\/\",\"name\":\"Arfolk\",\"description\":\"Label discographique sp\u00e9cialis\u00e9 dans la musique bretonne\",\"publisher\":{\"@id\":\"https:\\\/\\\/arfolk.bzh\\\/#organization\"},\"potentialAction\":[{\"@type\":\"SearchAction\",\"target\":{\"@type\":\"EntryPoint\",\"urlTemplate\":\"https:\\\/\\\/arfolk.bzh\\\/?s={search_term_string}\"},\"query-input\":{\"@type\":\"PropertyValueSpecification\",\"valueRequired\":true,\"valueName\":\"search_term_string\"}}],\"inLanguage\":\"en-US\"},{\"@type\":\"Organization\",\"@id\":\"https:\\\/\\\/arfolk.bzh\\\/#organization\",\"name\":\"Arfolk\",\"alternateName\":\"Le label de la musique bretonne\",\"url\":\"https:\\\/\\\/arfolk.bzh\\\/\",\"logo\":{\"@type\":\"ImageObject\",\"inLanguage\":\"en-US\",\"@id\":\"https:\\\/\\\/arfolk.bzh\\\/#\\\/schema\\\/logo\\\/image\\\/\",\"url\":\"https:\\\/\\\/arfolk.bzh\\\/wp-content\\\/uploads\\\/2023\\\/11\\\/cropped-logo-label-de-musique-breton-arfolf-vignette.webp\",\"contentUrl\":\"https:\\\/\\\/arfolk.bzh\\\/wp-content\\\/uploads\\\/2023\\\/11\\\/cropped-logo-label-de-musique-breton-arfolf-vignette.webp\",\"width\":512,\"height\":512,\"caption\":\"Arfolk\"},\"image\":{\"@id\":\"https:\\\/\\\/arfolk.bzh\\\/#\\\/schema\\\/logo\\\/image\\\/\"},\"sameAs\":[\"https:\\\/\\\/www.facebook.com\\\/Arfolkmusik\",\"https:\\\/\\\/www.instagram.com\\\/arfolkmusik\\\/\"]}]}<\/script>\n<!-- \/ Yoast SEO Premium plugin. -->","yoast_head_json":{"title":"Album de GWENNYN - ENEZ - Il est une \u00eele (2CDs)","description":"Retrouvez l'album de GWENNYN - ENEZ - Il est une \u00eele (2CDs). Commandez directement en ligne sur arfolk.bzh, le label discographique breton.","robots":{"index":"index","follow":"follow","max-snippet":"max-snippet:-1","max-image-preview":"max-image-preview:large","max-video-preview":"max-video-preview:-1"},"canonical":"https:\/\/arfolk.bzh\/en\/boutique\/gwennyn-enez-il-est-une-ile\/","schema":{"@context":"https:\/\/schema.org","@graph":[{"@type":"WebPage","@id":"https:\/\/arfolk.bzh\/boutique\/gwennyn-enez-il-est-une-ile\/","url":"https:\/\/arfolk.bzh\/boutique\/gwennyn-enez-il-est-une-ile\/","name":"Album de GWENNYN - ENEZ - Il est une \u00eele (2CDs)","isPartOf":{"@id":"https:\/\/arfolk.bzh\/#website"},"primaryImageOfPage":{"@id":"https:\/\/arfolk.bzh\/boutique\/gwennyn-enez-il-est-une-ile\/#primaryimage"},"image":{"@id":"https:\/\/arfolk.bzh\/boutique\/gwennyn-enez-il-est-une-ile\/#primaryimage"},"thumbnailUrl":"https:\/\/arfolk.bzh\/wp-content\/uploads\/2025\/05\/cover-enez-bd.webp","datePublished":"2025-05-15T15:02:00+00:00","dateModified":"2026-03-25T18:24:33+00:00","description":"Retrouvez l'album de GWENNYN - ENEZ - Il est une \u00eele (2CDs). Commandez directement en ligne sur arfolk.bzh, le label discographique breton.","breadcrumb":{"@id":"https:\/\/arfolk.bzh\/boutique\/gwennyn-enez-il-est-une-ile\/#breadcrumb"},"inLanguage":"en-US","potentialAction":[{"@type":"ReadAction","target":["https:\/\/arfolk.bzh\/boutique\/gwennyn-enez-il-est-une-ile\/"]}]},{"@type":"ImageObject","inLanguage":"en-US","@id":"https:\/\/arfolk.bzh\/boutique\/gwennyn-enez-il-est-une-ile\/#primaryimage","url":"https:\/\/arfolk.bzh\/wp-content\/uploads\/2025\/05\/cover-enez-bd.webp","contentUrl":"https:\/\/arfolk.bzh\/wp-content\/uploads\/2025\/05\/cover-enez-bd.webp","width":800,"height":724,"caption":"GWENNYN-ENEZ-BD"},{"@type":"BreadcrumbList","@id":"https:\/\/arfolk.bzh\/boutique\/gwennyn-enez-il-est-une-ile\/#breadcrumb","itemListElement":[{"@type":"ListItem","position":1,"name":"Accueil","item":"https:\/\/arfolk.bzh\/"},{"@type":"ListItem","position":2,"name":"Boutique","item":"https:\/\/arfolk.bzh\/boutique\/"},{"@type":"ListItem","position":3,"name":"GWENNYN &#8211; ENEZ &#8211; Il est une \u00eele (2CDs)"}]},{"@type":"WebSite","@id":"https:\/\/arfolk.bzh\/#website","url":"https:\/\/arfolk.bzh\/","name":"Arfolk","description":"Label discographique sp\u00e9cialis\u00e9 dans la musique bretonne","publisher":{"@id":"https:\/\/arfolk.bzh\/#organization"},"potentialAction":[{"@type":"SearchAction","target":{"@type":"EntryPoint","urlTemplate":"https:\/\/arfolk.bzh\/?s={search_term_string}"},"query-input":{"@type":"PropertyValueSpecification","valueRequired":true,"valueName":"search_term_string"}}],"inLanguage":"en-US"},{"@type":"Organization","@id":"https:\/\/arfolk.bzh\/#organization","name":"Arfolk","alternateName":"Le label de la musique bretonne","url":"https:\/\/arfolk.bzh\/","logo":{"@type":"ImageObject","inLanguage":"en-US","@id":"https:\/\/arfolk.bzh\/#\/schema\/logo\/image\/","url":"https:\/\/arfolk.bzh\/wp-content\/uploads\/2023\/11\/cropped-logo-label-de-musique-breton-arfolf-vignette.webp","contentUrl":"https:\/\/arfolk.bzh\/wp-content\/uploads\/2023\/11\/cropped-logo-label-de-musique-breton-arfolf-vignette.webp","width":512,"height":512,"caption":"Arfolk"},"image":{"@id":"https:\/\/arfolk.bzh\/#\/schema\/logo\/image\/"},"sameAs":["https:\/\/www.facebook.com\/Arfolkmusik","https:\/\/www.instagram.com\/arfolkmusik\/"]}]}},"jetpack_sharing_enabled":true,"_links":{"self":[{"href":"https:\/\/arfolk.bzh\/en\/wp-json\/wp\/v2\/product\/3736","targetHints":{"allow":["GET"]}}],"collection":[{"href":"https:\/\/arfolk.bzh\/en\/wp-json\/wp\/v2\/product"}],"about":[{"href":"https:\/\/arfolk.bzh\/en\/wp-json\/wp\/v2\/types\/product"}],"wp:featuredmedia":[{"embeddable":true,"href":"https:\/\/arfolk.bzh\/en\/wp-json\/wp\/v2\/media\/3746"}],"wp:attachment":[{"href":"https:\/\/arfolk.bzh\/en\/wp-json\/wp\/v2\/media?parent=3736"}],"wp:term":[{"taxonomy":"product_brand","embeddable":true,"href":"https:\/\/arfolk.bzh\/en\/wp-json\/wp\/v2\/product_brand?post=3736"},{"taxonomy":"product_cat","embeddable":true,"href":"https:\/\/arfolk.bzh\/en\/wp-json\/wp\/v2\/false?post=3736"},{"taxonomy":"product_tag","embeddable":true,"href":"https:\/\/arfolk.bzh\/en\/wp-json\/wp\/v2\/product_tag?post=3736"},{"taxonomy":"disponible_a_la_vente","embeddable":true,"href":"https:\/\/arfolk.bzh\/en\/wp-json\/wp\/v2\/disponible_a_la_vente?post=3736"},{"taxonomy":"langue","embeddable":true,"href":"https:\/\/arfolk.bzh\/en\/wp-json\/wp\/v2\/langue?post=3736"},{"taxonomy":"style","embeddable":true,"href":"https:\/\/arfolk.bzh\/en\/wp-json\/wp\/v2\/style?post=3736"},{"taxonomy":"supports","embeddable":true,"href":"https:\/\/arfolk.bzh\/en\/wp-json\/wp\/v2\/supports?post=3736"}],"curies":[{"name":"wp","href":"https:\/\/api.w.org\/{rel}","templated":true}]}}

GWENNYN &#8211; ENEZ &#8211; Il est une île (2CDs)

<p><iframe loading="lazy" title="ENEZ, Il est une île... Gwennyn - Teaser officiel" width="1080" height="608" src="https://www.youtube.com/embed/_3IVTu-0AWQ?feature=oembed"  allow="accelerometer; autoplay; clipboard-write; encrypted-media; gyroscope; picture-in-picture; web-share" referrerpolicy="strict-origin-when-cross-origin" allowfullscreen></iframe></p>
<p>Enregistré au Théâtre de Quimper le 18 juillet 2024, en ouverture du Festival de Cornouaille, ENEZ est un spectacle de 95 minutes qui allie audace artistique, tradition et modernité, lumières et tenues flamboyantes du créateur-brodeur Pascal Jaouen, chorégraphies inédites de jeunes danseuses hip hop et bretonnes sur des musiques originales signées Patrice Marzin, avec la participation du conteur Patrik Ewen et du chanteur kabyle Farid Aït Siameur.</p>
<p><em>« Á travers ce spectacle, je souhaite partager avec mon public des valeurs bretonnes qui me tiennent à cœur :</em><br />
<em>l’authenticité, la mise en valeur de l’ancrage breton, une écologie spirituelle -si intimement liée aux destinées</em><br />
<em>des femmes- et l’esprit de créativité toujours en quête d’innovation et de transcendance, qui nous animent</em><br />
<em>depuis la nuit des temps, en Bretagne&#8230; »</em></p>

<p>L’album Live du spectacle « ENEZ, Il est une île&#8230; »</p>
<p>Entre rêve breton et onirisme celtique, musique électro et chansons engagées, Gwennyn guide le spectateur vers un voyage intérieur d’île en île, vers la quête universelle de nos identités profondes et personnelles, notre Graal &#8230;</p>

<!-- This site is optimized with the Yoast SEO Premium plugin v24.0 (Yoast SEO v27.3) - https://yoast.com/product/yoast-seo-premium-wordpress/ -->
<title>Album de GWENNYN - ENEZ - Il est une île (2CDs)</title>
<meta name="description" content="Retrouvez l&#039;album de GWENNYN - ENEZ - Il est une île (2CDs). Commandez directement en ligne sur arfolk.bzh, le label discographique breton." />
<meta name="robots" content="index, follow, max-snippet:-1, max-image-preview:large, max-video-preview:-1" />
<link rel="canonical" href="https://arfolk.bzh/en/boutique/gwennyn-enez-il-est-une-ile/" />
<script type="application/ld+json" class="yoast-schema-graph">{"@context":"https:\/\/schema.org","@graph":[{"@type":"WebPage","@id":"https:\/\/arfolk.bzh\/boutique\/gwennyn-enez-il-est-une-ile\/","url":"https:\/\/arfolk.bzh\/boutique\/gwennyn-enez-il-est-une-ile\/","name":"Album de GWENNYN - ENEZ - Il est une île (2CDs)","isPartOf":{"@id":"https:\/\/arfolk.bzh\/#website"},"primaryImageOfPage":{"@id":"https:\/\/arfolk.bzh\/boutique\/gwennyn-enez-il-est-une-ile\/#primaryimage"},"image":{"@id":"https:\/\/arfolk.bzh\/boutique\/gwennyn-enez-il-est-une-ile\/#primaryimage"},"thumbnailUrl":"https:\/\/arfolk.bzh\/wp-content\/uploads\/2025\/05\/cover-enez-bd.webp","datePublished":"2025-05-15T15:02:00+00:00","dateModified":"2026-03-25T18:24:33+00:00","description":"Retrouvez l'album de GWENNYN - ENEZ - Il est une île (2CDs). Commandez directement en ligne sur arfolk.bzh, le label discographique breton.","breadcrumb":{"@id":"https:\/\/arfolk.bzh\/boutique\/gwennyn-enez-il-est-une-ile\/#breadcrumb"},"inLanguage":"en-US","potentialAction":[{"@type":"ReadAction","target":["https:\/\/arfolk.bzh\/boutique\/gwennyn-enez-il-est-une-ile\/"]}]},{"@type":"ImageObject","inLanguage":"en-US","@id":"https:\/\/arfolk.bzh\/boutique\/gwennyn-enez-il-est-une-ile\/#primaryimage","url":"https:\/\/arfolk.bzh\/wp-content\/uploads\/2025\/05\/cover-enez-bd.webp","contentUrl":"https:\/\/arfolk.bzh\/wp-content\/uploads\/2025\/05\/cover-enez-bd.webp","width":800,"height":724,"caption":"GWENNYN-ENEZ-BD"},{"@type":"BreadcrumbList","@id":"https:\/\/arfolk.bzh\/boutique\/gwennyn-enez-il-est-une-ile\/#breadcrumb","itemListElement":[{"@type":"ListItem","position":1,"name":"Accueil","item":"https:\/\/arfolk.bzh\/"},{"@type":"ListItem","position":2,"name":"Boutique","item":"https:\/\/arfolk.bzh\/boutique\/"},{"@type":"ListItem","position":3,"name":"GWENNYN &#8211; ENEZ &#8211; Il est une île (2CDs)"}]},{"@type":"WebSite","@id":"https:\/\/arfolk.bzh\/#website","url":"https:\/\/arfolk.bzh\/","name":"Arfolk","description":"Label discographique spécialisé dans la musique bretonne","publisher":{"@id":"https:\/\/arfolk.bzh\/#organization"},"potentialAction":[{"@type":"SearchAction","target":{"@type":"EntryPoint","urlTemplate":"https:\/\/arfolk.bzh\/?s={search_term_string}"},"query-input":{"@type":"PropertyValueSpecification","valueRequired":true,"valueName":"search_term_string"}}],"inLanguage":"en-US"},{"@type":"Organization","@id":"https:\/\/arfolk.bzh\/#organization","name":"Arfolk","alternateName":"Le label de la musique bretonne","url":"https:\/\/arfolk.bzh\/","logo":{"@type":"ImageObject","inLanguage":"en-US","@id":"https:\/\/arfolk.bzh\/#\/schema\/logo\/image\/","url":"https:\/\/arfolk.bzh\/wp-content\/uploads\/2023\/11\/cropped-logo-label-de-musique-breton-arfolf-vignette.webp","contentUrl":"https:\/\/arfolk.bzh\/wp-content\/uploads\/2023\/11\/cropped-logo-label-de-musique-breton-arfolf-vignette.webp","width":512,"height":512,"caption":"Arfolk"},"image":{"@id":"https:\/\/arfolk.bzh\/#\/schema\/logo\/image\/"},"sameAs":["https:\/\/www.facebook.com\/Arfolkmusik","https:\/\/www.instagram.com\/arfolkmusik\/"]}]}</script>
<!-- / Yoast SEO Premium plugin. -->

Album de GWENNYN - ENEZ - Il est une île (2CDs)

Retrouvez l'album de GWENNYN - ENEZ - Il est une île (2CDs). Commandez directement en ligne sur arfolk.bzh, le label discographique breton.

Label discographique spécialisé dans la musique bretonne
