{"id":5076,"date":"2025-12-10T16:28:47","date_gmt":"2025-12-10T15:28:47","guid":{"rendered":"https:\/\/arfolk.bzh\/?post_type=product&#038;p=5076"},"modified":"2025-12-19T13:22:41","modified_gmt":"2025-12-19T12:22:41","slug":"matthieu-jubin-en-pays-breton","status":"publish","type":"product","link":"https:\/\/arfolk.bzh\/en\/boutique\/matthieu-jubin-en-pays-breton\/","title":{"rendered":"Matthieu Jubin &#8211; En Pays Breton"},"content":{"rendered":"<p>Tracklist de l&rsquo;album <strong>En Pays Breton<\/strong><\/p>\n<p>Rhen\u00e9 B\u00c2TON :<br \/>\n01 &#8211; Cr\u00e9puscule d&rsquo;\u00e9t\u00e9 sur le grand bassin de Saint-Nazaire &#8211; 02:30<br \/>\n02 &#8211; Fileuses pr\u00e8s de Carantec &#8211; 03:12<br \/>\n03 &#8211; La procession sort de l&rsquo;\u00e9glise &#8211; 02:52<br \/>\n04 &#8211; Danses de la Saint-Jean au pays Tr\u00e9corrois &#8211; 02:56<\/p>\n<p>Louis VUILLEMIN :<br \/>\n05 &#8211; Carillons dans la baie &#8211; 07:43<\/p>\n<p>Paul LADMIRAULT :<br \/>\n06 &#8211; Danse bretonne n\u00b01 &#8211; 01:48<br \/>\n07 &#8211; Danse bretonne n\u00b02 &#8211; 02:36<br \/>\n08 &#8211; Valse fantasque &#8211; 02:59<\/p>\n<p>Jean CRAS :<br \/>\n09 &#8211; Recueillememt &#8211; 05:53<\/p>\n<p>Louis AUBERT :<br \/>\n10 &#8211; Chanson de mer &#8211; 01:58<\/p>\n<p>Guy ROPARTZ :<br \/>\n11 &#8211; 3e nocturne &#8211; 04:01<br \/>\n12 &#8211; Un oiseau sur le sable de l&rsquo;all\u00e9e &#8211; 02:06<br \/>\n13 &#8211; Les vieux souvenirs surgissent de l&rsquo;ombre &#8211; 03:24<\/p>\n<p>Jean LANGLAIS :<br \/>\n14 &#8211; Danse bretonne &#8211; 01:24<br \/>\n15 &#8211; Epitaphe pour les marins qui n&rsquo;ont pas eu de tombe &#8211; 02:50<\/p>\n<p>Paul LE FLEM :<br \/>\n16 &#8211; Ronde &#8211; 01:04<br \/>\n17 &#8211; La chapelle &#8211; 01:19<br \/>\n18 &#8211; Bigoudens &#8211; 01:05<br \/>\n19 &#8211; Par landes &#8211; 04:42<\/p>\n<p>Charles-Augustin COLLIN :<br \/>\n20 &#8211; En pays breton &#8211; 02:33<\/p>","protected":false},"excerpt":{"rendered":"<p>Matthieu Jubin interpr\u00e8te des \u0153uvres pour piano solo de compositeurs bretons du d\u00e9but du XX\u00e8me si\u00e8cle. Ce programme in\u00e9dit a n\u00e9cessit\u00e9 un travail de recherche car il r\u00e9unit de morceaux m\u00e9connus voire in\u00e9dits, de style vari\u00e9 : rythmes de danses, \u00e9vocation de paysages ou de sc\u00e8nes de la vie quotidienne toutes inspir\u00e9es par la Bretagne. Il met ainsi en valeur le patrimoine musical classique breton et le talent d\u2019illustres compositeurs \u00e0 red\u00e9couvrir.<\/p>\n<p>Matthieu Jubin interpr\u00e8te des compositions de Guy Ropartz, Paul Le Flemm, Rhen\u00e9 B\u00e2ton, Louis Vuillemin, Paul Ladmirault, Jean Cras, Louis Aubert, Jean Langlais et Charles-Augustin Collin.<\/p>\n<p>En 2022, Matthieu Jubin gagnait le prix du public au concours international des pianistes amateurs \u00e0 Dinard.<\/p>","protected":false},"featured_media":2387,"template":"","meta":{"_acf_changed":false,"_et_pb_use_builder":"","_et_pb_old_content":"","_et_gb_content_width":""},"product_brand":[],"false":[32],"product_tag":[],"disponible_a_la_vente":[38],"langue":[75],"style":[126],"supports":[86],"class_list":{"0":"post-5076","1":"product","2":"type-product","3":"status-publish","4":"has-post-thumbnail","6":"product_cat-non-classe","7":"disponible_a_la_vente-disponible-a-la-vente","8":"langue-instrumental","9":"style-classique","10":"supports-cd","12":"first","13":"instock","14":"taxable","15":"shipping-taxable","16":"purchasable","17":"product-type-simple"},"acf":[],"yoast_head":"<!-- This site is optimized with the Yoast SEO Premium plugin v24.0 (Yoast SEO v27.3) - https:\/\/yoast.com\/product\/yoast-seo-premium-wordpress\/ -->\n<title>Album de Matthieu Jubin - En Pays Breton<\/title>\n<meta name=\"description\" content=\"Retrouvez l&#039;album de Matthieu Jubin - En Pays Breton. Commandez directement en ligne sur arfolk.bzh, le label discographique breton.\" \/>\n<meta name=\"robots\" content=\"index, follow, max-snippet:-1, max-image-preview:large, max-video-preview:-1\" \/>\n<link rel=\"canonical\" href=\"https:\/\/arfolk.bzh\/en\/boutique\/matthieu-jubin-en-pays-breton\/\" \/>\n<script type=\"application\/ld+json\" class=\"yoast-schema-graph\">{\"@context\":\"https:\\\/\\\/schema.org\",\"@graph\":[{\"@type\":\"WebPage\",\"@id\":\"https:\\\/\\\/arfolk.bzh\\\/boutique\\\/matthieu-jubin-en-pays-breton\\\/\",\"url\":\"https:\\\/\\\/arfolk.bzh\\\/boutique\\\/matthieu-jubin-en-pays-breton\\\/\",\"name\":\"Album de Matthieu Jubin - En Pays Breton\",\"isPartOf\":{\"@id\":\"https:\\\/\\\/arfolk.bzh\\\/#website\"},\"primaryImageOfPage\":{\"@id\":\"https:\\\/\\\/arfolk.bzh\\\/boutique\\\/matthieu-jubin-en-pays-breton\\\/#primaryimage\"},\"image\":{\"@id\":\"https:\\\/\\\/arfolk.bzh\\\/boutique\\\/matthieu-jubin-en-pays-breton\\\/#primaryimage\"},\"thumbnailUrl\":\"https:\\\/\\\/arfolk.bzh\\\/wp-content\\\/uploads\\\/2024\\\/04\\\/matthieujubin_enpaysbreton-scaled.jpeg\",\"datePublished\":\"2025-12-10T15:28:47+00:00\",\"dateModified\":\"2025-12-19T12:22:41+00:00\",\"description\":\"Retrouvez l'album de Matthieu Jubin - En Pays Breton. Commandez directement en ligne sur arfolk.bzh, le label discographique breton.\",\"breadcrumb\":{\"@id\":\"https:\\\/\\\/arfolk.bzh\\\/boutique\\\/matthieu-jubin-en-pays-breton\\\/#breadcrumb\"},\"inLanguage\":\"en-US\",\"potentialAction\":[{\"@type\":\"ReadAction\",\"target\":[\"https:\\\/\\\/arfolk.bzh\\\/boutique\\\/matthieu-jubin-en-pays-breton\\\/\"]}]},{\"@type\":\"ImageObject\",\"inLanguage\":\"en-US\",\"@id\":\"https:\\\/\\\/arfolk.bzh\\\/boutique\\\/matthieu-jubin-en-pays-breton\\\/#primaryimage\",\"url\":\"https:\\\/\\\/arfolk.bzh\\\/wp-content\\\/uploads\\\/2024\\\/04\\\/matthieujubin_enpaysbreton-scaled.jpeg\",\"contentUrl\":\"https:\\\/\\\/arfolk.bzh\\\/wp-content\\\/uploads\\\/2024\\\/04\\\/matthieujubin_enpaysbreton-scaled.jpeg\",\"width\":2560,\"height\":2560,\"caption\":\"matthieujubin enpaysbreton\"},{\"@type\":\"BreadcrumbList\",\"@id\":\"https:\\\/\\\/arfolk.bzh\\\/boutique\\\/matthieu-jubin-en-pays-breton\\\/#breadcrumb\",\"itemListElement\":[{\"@type\":\"ListItem\",\"position\":1,\"name\":\"Accueil\",\"item\":\"https:\\\/\\\/arfolk.bzh\\\/\"},{\"@type\":\"ListItem\",\"position\":2,\"name\":\"Boutique\",\"item\":\"https:\\\/\\\/arfolk.bzh\\\/boutique\\\/\"},{\"@type\":\"ListItem\",\"position\":3,\"name\":\"Matthieu Jubin &#8211; En Pays Breton\"}]},{\"@type\":\"WebSite\",\"@id\":\"https:\\\/\\\/arfolk.bzh\\\/#website\",\"url\":\"https:\\\/\\\/arfolk.bzh\\\/\",\"name\":\"Arfolk\",\"description\":\"Label discographique sp\u00e9cialis\u00e9 dans la musique bretonne\",\"publisher\":{\"@id\":\"https:\\\/\\\/arfolk.bzh\\\/#organization\"},\"potentialAction\":[{\"@type\":\"SearchAction\",\"target\":{\"@type\":\"EntryPoint\",\"urlTemplate\":\"https:\\\/\\\/arfolk.bzh\\\/?s={search_term_string}\"},\"query-input\":{\"@type\":\"PropertyValueSpecification\",\"valueRequired\":true,\"valueName\":\"search_term_string\"}}],\"inLanguage\":\"en-US\"},{\"@type\":\"Organization\",\"@id\":\"https:\\\/\\\/arfolk.bzh\\\/#organization\",\"name\":\"Arfolk\",\"alternateName\":\"Le label de la musique bretonne\",\"url\":\"https:\\\/\\\/arfolk.bzh\\\/\",\"logo\":{\"@type\":\"ImageObject\",\"inLanguage\":\"en-US\",\"@id\":\"https:\\\/\\\/arfolk.bzh\\\/#\\\/schema\\\/logo\\\/image\\\/\",\"url\":\"https:\\\/\\\/arfolk.bzh\\\/wp-content\\\/uploads\\\/2023\\\/11\\\/cropped-logo-label-de-musique-breton-arfolf-vignette.webp\",\"contentUrl\":\"https:\\\/\\\/arfolk.bzh\\\/wp-content\\\/uploads\\\/2023\\\/11\\\/cropped-logo-label-de-musique-breton-arfolf-vignette.webp\",\"width\":512,\"height\":512,\"caption\":\"Arfolk\"},\"image\":{\"@id\":\"https:\\\/\\\/arfolk.bzh\\\/#\\\/schema\\\/logo\\\/image\\\/\"},\"sameAs\":[\"https:\\\/\\\/www.facebook.com\\\/Arfolkmusik\",\"https:\\\/\\\/www.instagram.com\\\/arfolkmusik\\\/\"]}]}<\/script>\n<!-- \/ Yoast SEO Premium plugin. -->","yoast_head_json":{"title":"Album de Matthieu Jubin - En Pays Breton","description":"Retrouvez l'album de Matthieu Jubin - En Pays Breton. Commandez directement en ligne sur arfolk.bzh, le label discographique breton.","robots":{"index":"index","follow":"follow","max-snippet":"max-snippet:-1","max-image-preview":"max-image-preview:large","max-video-preview":"max-video-preview:-1"},"canonical":"https:\/\/arfolk.bzh\/en\/boutique\/matthieu-jubin-en-pays-breton\/","schema":{"@context":"https:\/\/schema.org","@graph":[{"@type":"WebPage","@id":"https:\/\/arfolk.bzh\/boutique\/matthieu-jubin-en-pays-breton\/","url":"https:\/\/arfolk.bzh\/boutique\/matthieu-jubin-en-pays-breton\/","name":"Album de Matthieu Jubin - En Pays Breton","isPartOf":{"@id":"https:\/\/arfolk.bzh\/#website"},"primaryImageOfPage":{"@id":"https:\/\/arfolk.bzh\/boutique\/matthieu-jubin-en-pays-breton\/#primaryimage"},"image":{"@id":"https:\/\/arfolk.bzh\/boutique\/matthieu-jubin-en-pays-breton\/#primaryimage"},"thumbnailUrl":"https:\/\/arfolk.bzh\/wp-content\/uploads\/2024\/04\/matthieujubin_enpaysbreton-scaled.jpeg","datePublished":"2025-12-10T15:28:47+00:00","dateModified":"2025-12-19T12:22:41+00:00","description":"Retrouvez l'album de Matthieu Jubin - En Pays Breton. Commandez directement en ligne sur arfolk.bzh, le label discographique breton.","breadcrumb":{"@id":"https:\/\/arfolk.bzh\/boutique\/matthieu-jubin-en-pays-breton\/#breadcrumb"},"inLanguage":"en-US","potentialAction":[{"@type":"ReadAction","target":["https:\/\/arfolk.bzh\/boutique\/matthieu-jubin-en-pays-breton\/"]}]},{"@type":"ImageObject","inLanguage":"en-US","@id":"https:\/\/arfolk.bzh\/boutique\/matthieu-jubin-en-pays-breton\/#primaryimage","url":"https:\/\/arfolk.bzh\/wp-content\/uploads\/2024\/04\/matthieujubin_enpaysbreton-scaled.jpeg","contentUrl":"https:\/\/arfolk.bzh\/wp-content\/uploads\/2024\/04\/matthieujubin_enpaysbreton-scaled.jpeg","width":2560,"height":2560,"caption":"matthieujubin enpaysbreton"},{"@type":"BreadcrumbList","@id":"https:\/\/arfolk.bzh\/boutique\/matthieu-jubin-en-pays-breton\/#breadcrumb","itemListElement":[{"@type":"ListItem","position":1,"name":"Accueil","item":"https:\/\/arfolk.bzh\/"},{"@type":"ListItem","position":2,"name":"Boutique","item":"https:\/\/arfolk.bzh\/boutique\/"},{"@type":"ListItem","position":3,"name":"Matthieu Jubin &#8211; En Pays Breton"}]},{"@type":"WebSite","@id":"https:\/\/arfolk.bzh\/#website","url":"https:\/\/arfolk.bzh\/","name":"Arfolk","description":"Label discographique sp\u00e9cialis\u00e9 dans la musique bretonne","publisher":{"@id":"https:\/\/arfolk.bzh\/#organization"},"potentialAction":[{"@type":"SearchAction","target":{"@type":"EntryPoint","urlTemplate":"https:\/\/arfolk.bzh\/?s={search_term_string}"},"query-input":{"@type":"PropertyValueSpecification","valueRequired":true,"valueName":"search_term_string"}}],"inLanguage":"en-US"},{"@type":"Organization","@id":"https:\/\/arfolk.bzh\/#organization","name":"Arfolk","alternateName":"Le label de la musique bretonne","url":"https:\/\/arfolk.bzh\/","logo":{"@type":"ImageObject","inLanguage":"en-US","@id":"https:\/\/arfolk.bzh\/#\/schema\/logo\/image\/","url":"https:\/\/arfolk.bzh\/wp-content\/uploads\/2023\/11\/cropped-logo-label-de-musique-breton-arfolf-vignette.webp","contentUrl":"https:\/\/arfolk.bzh\/wp-content\/uploads\/2023\/11\/cropped-logo-label-de-musique-breton-arfolf-vignette.webp","width":512,"height":512,"caption":"Arfolk"},"image":{"@id":"https:\/\/arfolk.bzh\/#\/schema\/logo\/image\/"},"sameAs":["https:\/\/www.facebook.com\/Arfolkmusik","https:\/\/www.instagram.com\/arfolkmusik\/"]}]}},"jetpack_sharing_enabled":true,"_links":{"self":[{"href":"https:\/\/arfolk.bzh\/en\/wp-json\/wp\/v2\/product\/5076","targetHints":{"allow":["GET"]}}],"collection":[{"href":"https:\/\/arfolk.bzh\/en\/wp-json\/wp\/v2\/product"}],"about":[{"href":"https:\/\/arfolk.bzh\/en\/wp-json\/wp\/v2\/types\/product"}],"wp:featuredmedia":[{"embeddable":true,"href":"https:\/\/arfolk.bzh\/en\/wp-json\/wp\/v2\/media\/2387"}],"wp:attachment":[{"href":"https:\/\/arfolk.bzh\/en\/wp-json\/wp\/v2\/media?parent=5076"}],"wp:term":[{"taxonomy":"product_brand","embeddable":true,"href":"https:\/\/arfolk.bzh\/en\/wp-json\/wp\/v2\/product_brand?post=5076"},{"taxonomy":"product_cat","embeddable":true,"href":"https:\/\/arfolk.bzh\/en\/wp-json\/wp\/v2\/false?post=5076"},{"taxonomy":"product_tag","embeddable":true,"href":"https:\/\/arfolk.bzh\/en\/wp-json\/wp\/v2\/product_tag?post=5076"},{"taxonomy":"disponible_a_la_vente","embeddable":true,"href":"https:\/\/arfolk.bzh\/en\/wp-json\/wp\/v2\/disponible_a_la_vente?post=5076"},{"taxonomy":"langue","embeddable":true,"href":"https:\/\/arfolk.bzh\/en\/wp-json\/wp\/v2\/langue?post=5076"},{"taxonomy":"style","embeddable":true,"href":"https:\/\/arfolk.bzh\/en\/wp-json\/wp\/v2\/style?post=5076"},{"taxonomy":"supports","embeddable":true,"href":"https:\/\/arfolk.bzh\/en\/wp-json\/wp\/v2\/supports?post=5076"}],"curies":[{"name":"wp","href":"https:\/\/api.w.org\/{rel}","templated":true}]}}

<p>Tracklist de l&rsquo;album <strong>En Pays Breton</strong></p>
<p>Rhené BÂTON :<br />
01 &#8211; Crépuscule d&rsquo;été sur le grand bassin de Saint-Nazaire &#8211; 02:30<br />
02 &#8211; Fileuses près de Carantec &#8211; 03:12<br />
03 &#8211; La procession sort de l&rsquo;église &#8211; 02:52<br />
04 &#8211; Danses de la Saint-Jean au pays Trécorrois &#8211; 02:56</p>
<p>Louis VUILLEMIN :<br />
05 &#8211; Carillons dans la baie &#8211; 07:43</p>
<p>Paul LADMIRAULT :<br />
06 &#8211; Danse bretonne n°1 &#8211; 01:48<br />
07 &#8211; Danse bretonne n°2 &#8211; 02:36<br />
08 &#8211; Valse fantasque &#8211; 02:59</p>
<p>Jean CRAS :<br />
09 &#8211; Recueillememt &#8211; 05:53</p>
<p>Louis AUBERT :<br />
10 &#8211; Chanson de mer &#8211; 01:58</p>
<p>Guy ROPARTZ :<br />
11 &#8211; 3e nocturne &#8211; 04:01<br />
12 &#8211; Un oiseau sur le sable de l&rsquo;allée &#8211; 02:06<br />
13 &#8211; Les vieux souvenirs surgissent de l&rsquo;ombre &#8211; 03:24</p>
<p>Jean LANGLAIS :<br />
14 &#8211; Danse bretonne &#8211; 01:24<br />
15 &#8211; Epitaphe pour les marins qui n&rsquo;ont pas eu de tombe &#8211; 02:50</p>
<p>Paul LE FLEM :<br />
16 &#8211; Ronde &#8211; 01:04<br />
17 &#8211; La chapelle &#8211; 01:19<br />
18 &#8211; Bigoudens &#8211; 01:05<br />
19 &#8211; Par landes &#8211; 04:42</p>
<p>Charles-Augustin COLLIN :<br />
20 &#8211; En pays breton &#8211; 02:33</p>

<p>Matthieu Jubin interprète des œuvres pour piano solo de compositeurs bretons du début du XXème siècle. Ce programme inédit a nécessité un travail de recherche car il réunit de morceaux méconnus voire inédits, de style varié : rythmes de danses, évocation de paysages ou de scènes de la vie quotidienne toutes inspirées par la Bretagne. Il met ainsi en valeur le patrimoine musical classique breton et le talent d’illustres compositeurs à redécouvrir.</p>
<p>Matthieu Jubin interprète des compositions de Guy Ropartz, Paul Le Flemm, Rhené Bâton, Louis Vuillemin, Paul Ladmirault, Jean Cras, Louis Aubert, Jean Langlais et Charles-Augustin Collin.</p>
<p>En 2022, Matthieu Jubin gagnait le prix du public au concours international des pianistes amateurs à Dinard.</p>

<!-- This site is optimized with the Yoast SEO Premium plugin v24.0 (Yoast SEO v27.3) - https://yoast.com/product/yoast-seo-premium-wordpress/ -->
<title>Album de Matthieu Jubin - En Pays Breton</title>
<meta name="description" content="Retrouvez l&#039;album de Matthieu Jubin - En Pays Breton. Commandez directement en ligne sur arfolk.bzh, le label discographique breton." />
<meta name="robots" content="index, follow, max-snippet:-1, max-image-preview:large, max-video-preview:-1" />
<link rel="canonical" href="https://arfolk.bzh/en/boutique/matthieu-jubin-en-pays-breton/" />
<script type="application/ld+json" class="yoast-schema-graph">{"@context":"https:\/\/schema.org","@graph":[{"@type":"WebPage","@id":"https:\/\/arfolk.bzh\/boutique\/matthieu-jubin-en-pays-breton\/","url":"https:\/\/arfolk.bzh\/boutique\/matthieu-jubin-en-pays-breton\/","name":"Album de Matthieu Jubin - En Pays Breton","isPartOf":{"@id":"https:\/\/arfolk.bzh\/#website"},"primaryImageOfPage":{"@id":"https:\/\/arfolk.bzh\/boutique\/matthieu-jubin-en-pays-breton\/#primaryimage"},"image":{"@id":"https:\/\/arfolk.bzh\/boutique\/matthieu-jubin-en-pays-breton\/#primaryimage"},"thumbnailUrl":"https:\/\/arfolk.bzh\/wp-content\/uploads\/2024\/04\/matthieujubin_enpaysbreton-scaled.jpeg","datePublished":"2025-12-10T15:28:47+00:00","dateModified":"2025-12-19T12:22:41+00:00","description":"Retrouvez l'album de Matthieu Jubin - En Pays Breton. Commandez directement en ligne sur arfolk.bzh, le label discographique breton.","breadcrumb":{"@id":"https:\/\/arfolk.bzh\/boutique\/matthieu-jubin-en-pays-breton\/#breadcrumb"},"inLanguage":"en-US","potentialAction":[{"@type":"ReadAction","target":["https:\/\/arfolk.bzh\/boutique\/matthieu-jubin-en-pays-breton\/"]}]},{"@type":"ImageObject","inLanguage":"en-US","@id":"https:\/\/arfolk.bzh\/boutique\/matthieu-jubin-en-pays-breton\/#primaryimage","url":"https:\/\/arfolk.bzh\/wp-content\/uploads\/2024\/04\/matthieujubin_enpaysbreton-scaled.jpeg","contentUrl":"https:\/\/arfolk.bzh\/wp-content\/uploads\/2024\/04\/matthieujubin_enpaysbreton-scaled.jpeg","width":2560,"height":2560,"caption":"matthieujubin enpaysbreton"},{"@type":"BreadcrumbList","@id":"https:\/\/arfolk.bzh\/boutique\/matthieu-jubin-en-pays-breton\/#breadcrumb","itemListElement":[{"@type":"ListItem","position":1,"name":"Accueil","item":"https:\/\/arfolk.bzh\/"},{"@type":"ListItem","position":2,"name":"Boutique","item":"https:\/\/arfolk.bzh\/boutique\/"},{"@type":"ListItem","position":3,"name":"Matthieu Jubin &#8211; En Pays Breton"}]},{"@type":"WebSite","@id":"https:\/\/arfolk.bzh\/#website","url":"https:\/\/arfolk.bzh\/","name":"Arfolk","description":"Label discographique spécialisé dans la musique bretonne","publisher":{"@id":"https:\/\/arfolk.bzh\/#organization"},"potentialAction":[{"@type":"SearchAction","target":{"@type":"EntryPoint","urlTemplate":"https:\/\/arfolk.bzh\/?s={search_term_string}"},"query-input":{"@type":"PropertyValueSpecification","valueRequired":true,"valueName":"search_term_string"}}],"inLanguage":"en-US"},{"@type":"Organization","@id":"https:\/\/arfolk.bzh\/#organization","name":"Arfolk","alternateName":"Le label de la musique bretonne","url":"https:\/\/arfolk.bzh\/","logo":{"@type":"ImageObject","inLanguage":"en-US","@id":"https:\/\/arfolk.bzh\/#\/schema\/logo\/image\/","url":"https:\/\/arfolk.bzh\/wp-content\/uploads\/2023\/11\/cropped-logo-label-de-musique-breton-arfolf-vignette.webp","contentUrl":"https:\/\/arfolk.bzh\/wp-content\/uploads\/2023\/11\/cropped-logo-label-de-musique-breton-arfolf-vignette.webp","width":512,"height":512,"caption":"Arfolk"},"image":{"@id":"https:\/\/arfolk.bzh\/#\/schema\/logo\/image\/"},"sameAs":["https:\/\/www.facebook.com\/Arfolkmusik","https:\/\/www.instagram.com\/arfolkmusik\/"]}]}</script>
<!-- / Yoast SEO Premium plugin. -->

Label discographique spécialisé dans la musique bretonne
