{"id":5478,"date":"2025-12-11T15:55:28","date_gmt":"2025-12-11T14:55:28","guid":{"rendered":"https:\/\/arfolk.bzh\/?post_type=product&#038;p=5478"},"modified":"2025-12-11T15:55:29","modified_gmt":"2025-12-11T14:55:29","slug":"gwennyn-avalon","status":"publish","type":"product","link":"https:\/\/arfolk.bzh\/en\/boutique\/gwennyn-avalon\/","title":{"rendered":"Gwennyn &#8211; Avalon"},"content":{"rendered":"<p><span data-sheets-root=\"1\">Avec 3 chants traditionnels, 7 compositions in\u00e9dites, 3 chansons en fran\u00e7ais et 7 en breton, mais aussi une reprise anglo-saxonne du c\u00e9l\u00e8bre Avalon de Roxy Music, Gwennyn offre un univers onirique empreint de r\u00eaverie et d&rsquo;\u00e9motion port\u00e9 par une voix claire et voluptueuse sur des textes cisel\u00e9s, inspir\u00e9s de l&rsquo;imaginaire arthurien&#8230;<br \/>\nAvalon est le nom d&rsquo;une \u00eele merveilleuse, un jardin o\u00f9 la jeunesse dure, et les plaisirs sont infinis&#8230; D&rsquo;apr\u00e8s les \u00e9crits, elle se situerait au-del\u00e0 de l&rsquo;horizon de la mer, dans des \u00eeles lointaines ; sous la mer ou dans les lacs et les rivi\u00e8res o\u00f9 se situent de somptueux palais de cristal aux entr\u00e9es myst\u00e9rieuses&#8230;<br \/>\nDans ce nouvel album, telle une magicienne, Gwennyn nous livre son secret et nous ouvre la porte de ce monde parall\u00e8le o\u00f9 des petits \u00eatres &#8211; korrigans ou vilta\u00f1sou &#8211; nous apparaissent dans les sous-bois de l&rsquo;Argoat, o\u00f9 les chevauch\u00e9es d&rsquo;Arthur et de ses chevaliers prennent soudainement vie, o\u00f9 les \u00e2mes tr\u00e9pass\u00e9es des Lavandi\u00e8res de nuit h\u00e8lent le passant apr\u00e8s minuit, o\u00f9 les f\u00e9es habitent pr\u00e8s des fontaines&#8230;<\/p>\n<p>Sous la direction artistique du guitariste et arrangeur Patrice Marzin, cet album classe la musique bretonne dans une veine pop celtique actuelle servi par une \u00e9quipe d&rsquo;excellents musiciens : Kevin Camus au uilleann pipe et \u00e0 la fl\u00fbte, Yvon Molard aux percussions, et Manu Leroy \u00e0 la basse, ainsi que 2 invit\u00e9s, au violon : Robert Legall et \u00e0 la bombarde : Davis Pasquet du c\u00e9l\u00e8bre groupe Ar re Yaouank.<\/span><\/p>\n<p><iframe loading=\"lazy\" title=\"Beaj Da Avalon\" width=\"1080\" height=\"810\" src=\"https:\/\/www.youtube.com\/embed\/examDi-8AOc?feature=oembed\"  allow=\"accelerometer; autoplay; clipboard-write; encrypted-media; gyroscope; picture-in-picture; web-share\" referrerpolicy=\"strict-origin-when-cross-origin\" allowfullscreen><\/iframe><\/p>\n<p><span style=\"text-decoration: underline;\"><strong>Tracklist de l&rsquo;album \u00ab\u00a0Avalon\u00a0\u00bb :<\/strong><\/span><\/p>\n<p><span data-sheets-root=\"1\">1 Bravig 3:06<br \/>\n2 E Ti Eliz Iza 4:21<br \/>\n3 Excalibur 4:23<br \/>\n4 Le Graal 3:22<br \/>\n5 Ev Chistr &lsquo;ta Laou (Son Ar Chistr) 3:40<br \/>\n6 Les Lavandi\u00e8res de Nuit 3:10<br \/>\n7 An Hini A Garan 5:16<br \/>\n8 An Aotrou Nann Hag Ar Gorrigan 4:02<br \/>\n9 Beaj Da Avalon 4:11<br \/>\n10 Hiv &lsquo;ma\u00f1 An Deiz 4:04<br \/>\n11 Avalon 3:51<\/span><\/p>","protected":false},"excerpt":{"rendered":"<p>Avec 3 chants traditionnels, 7 compositions in\u00e9dites, 3 chansons en fran\u00e7ais et 7 en breton, mais aussi une reprise anglo-saxonne du c\u00e9l\u00e8bre Avalon de Roxy Music, Gwennyn offre un univers onirique empreint de r\u00eaverie et d&rsquo;\u00e9motion port\u00e9 par une voix claire et voluptueuse sur des textes cisel\u00e9s, inspir\u00e9s de l&rsquo;imaginaire arthurien&#8230; Avalon est le nom [&hellip;]<\/p>\n","protected":false},"featured_media":5480,"template":"","meta":{"_acf_changed":false,"_et_pb_use_builder":"","_et_pb_old_content":"","_et_gb_content_width":""},"product_brand":[],"false":[95],"product_tag":[],"disponible_a_la_vente":[38],"langue":[73,72],"style":[77],"supports":[86],"class_list":{"0":"post-5478","1":"product","2":"type-product","3":"status-publish","4":"has-post-thumbnail","6":"product_cat-gwennyn","7":"disponible_a_la_vente-disponible-a-la-vente","8":"langue-breton","9":"langue-francais","10":"style-pop-rock-folk-punk","11":"supports-cd","13":"first","14":"instock","15":"taxable","16":"shipping-taxable","17":"purchasable","18":"product-type-simple"},"acf":[],"yoast_head":"<!-- This site is optimized with the Yoast SEO Premium plugin v24.0 (Yoast SEO v27.3) - https:\/\/yoast.com\/product\/yoast-seo-premium-wordpress\/ -->\n<title>Album de Gwennyn - Avalon<\/title>\n<meta name=\"description\" content=\"Retrouvez l&#039;album de Gwennyn - Avalon. Commandez directement en ligne sur arfolk.bzh, le label discographique breton.\" \/>\n<meta name=\"robots\" content=\"index, follow, max-snippet:-1, max-image-preview:large, max-video-preview:-1\" \/>\n<link rel=\"canonical\" href=\"https:\/\/arfolk.bzh\/en\/boutique\/gwennyn-avalon\/\" \/>\n<script type=\"application\/ld+json\" class=\"yoast-schema-graph\">{\"@context\":\"https:\\\/\\\/schema.org\",\"@graph\":[{\"@type\":\"WebPage\",\"@id\":\"https:\\\/\\\/arfolk.bzh\\\/boutique\\\/gwennyn-avalon\\\/\",\"url\":\"https:\\\/\\\/arfolk.bzh\\\/boutique\\\/gwennyn-avalon\\\/\",\"name\":\"Album de Gwennyn - Avalon\",\"isPartOf\":{\"@id\":\"https:\\\/\\\/arfolk.bzh\\\/#website\"},\"primaryImageOfPage\":{\"@id\":\"https:\\\/\\\/arfolk.bzh\\\/boutique\\\/gwennyn-avalon\\\/#primaryimage\"},\"image\":{\"@id\":\"https:\\\/\\\/arfolk.bzh\\\/boutique\\\/gwennyn-avalon\\\/#primaryimage\"},\"thumbnailUrl\":\"https:\\\/\\\/arfolk.bzh\\\/wp-content\\\/uploads\\\/2025\\\/12\\\/gwennyn-avalon.webp\",\"datePublished\":\"2025-12-11T14:55:28+00:00\",\"dateModified\":\"2025-12-11T14:55:29+00:00\",\"description\":\"Retrouvez l'album de Gwennyn - Avalon. Commandez directement en ligne sur arfolk.bzh, le label discographique breton.\",\"breadcrumb\":{\"@id\":\"https:\\\/\\\/arfolk.bzh\\\/boutique\\\/gwennyn-avalon\\\/#breadcrumb\"},\"inLanguage\":\"en-US\",\"potentialAction\":[{\"@type\":\"ReadAction\",\"target\":[\"https:\\\/\\\/arfolk.bzh\\\/boutique\\\/gwennyn-avalon\\\/\"]}]},{\"@type\":\"ImageObject\",\"inLanguage\":\"en-US\",\"@id\":\"https:\\\/\\\/arfolk.bzh\\\/boutique\\\/gwennyn-avalon\\\/#primaryimage\",\"url\":\"https:\\\/\\\/arfolk.bzh\\\/wp-content\\\/uploads\\\/2025\\\/12\\\/gwennyn-avalon.webp\",\"contentUrl\":\"https:\\\/\\\/arfolk.bzh\\\/wp-content\\\/uploads\\\/2025\\\/12\\\/gwennyn-avalon.webp\",\"width\":1900,\"height\":1900,\"caption\":\"gwennyn-avalon\"},{\"@type\":\"BreadcrumbList\",\"@id\":\"https:\\\/\\\/arfolk.bzh\\\/boutique\\\/gwennyn-avalon\\\/#breadcrumb\",\"itemListElement\":[{\"@type\":\"ListItem\",\"position\":1,\"name\":\"Accueil\",\"item\":\"https:\\\/\\\/arfolk.bzh\\\/\"},{\"@type\":\"ListItem\",\"position\":2,\"name\":\"Boutique\",\"item\":\"https:\\\/\\\/arfolk.bzh\\\/boutique\\\/\"},{\"@type\":\"ListItem\",\"position\":3,\"name\":\"Gwennyn &#8211; Avalon\"}]},{\"@type\":\"WebSite\",\"@id\":\"https:\\\/\\\/arfolk.bzh\\\/#website\",\"url\":\"https:\\\/\\\/arfolk.bzh\\\/\",\"name\":\"Arfolk\",\"description\":\"Label discographique sp\u00e9cialis\u00e9 dans la musique bretonne\",\"publisher\":{\"@id\":\"https:\\\/\\\/arfolk.bzh\\\/#organization\"},\"potentialAction\":[{\"@type\":\"SearchAction\",\"target\":{\"@type\":\"EntryPoint\",\"urlTemplate\":\"https:\\\/\\\/arfolk.bzh\\\/?s={search_term_string}\"},\"query-input\":{\"@type\":\"PropertyValueSpecification\",\"valueRequired\":true,\"valueName\":\"search_term_string\"}}],\"inLanguage\":\"en-US\"},{\"@type\":\"Organization\",\"@id\":\"https:\\\/\\\/arfolk.bzh\\\/#organization\",\"name\":\"Arfolk\",\"alternateName\":\"Le label de la musique bretonne\",\"url\":\"https:\\\/\\\/arfolk.bzh\\\/\",\"logo\":{\"@type\":\"ImageObject\",\"inLanguage\":\"en-US\",\"@id\":\"https:\\\/\\\/arfolk.bzh\\\/#\\\/schema\\\/logo\\\/image\\\/\",\"url\":\"https:\\\/\\\/arfolk.bzh\\\/wp-content\\\/uploads\\\/2023\\\/11\\\/cropped-logo-label-de-musique-breton-arfolf-vignette.webp\",\"contentUrl\":\"https:\\\/\\\/arfolk.bzh\\\/wp-content\\\/uploads\\\/2023\\\/11\\\/cropped-logo-label-de-musique-breton-arfolf-vignette.webp\",\"width\":512,\"height\":512,\"caption\":\"Arfolk\"},\"image\":{\"@id\":\"https:\\\/\\\/arfolk.bzh\\\/#\\\/schema\\\/logo\\\/image\\\/\"},\"sameAs\":[\"https:\\\/\\\/www.facebook.com\\\/Arfolkmusik\",\"https:\\\/\\\/www.instagram.com\\\/arfolkmusik\\\/\"]}]}<\/script>\n<!-- \/ Yoast SEO Premium plugin. -->","yoast_head_json":{"title":"Album de Gwennyn - Avalon","description":"Retrouvez l'album de Gwennyn - Avalon. Commandez directement en ligne sur arfolk.bzh, le label discographique breton.","robots":{"index":"index","follow":"follow","max-snippet":"max-snippet:-1","max-image-preview":"max-image-preview:large","max-video-preview":"max-video-preview:-1"},"canonical":"https:\/\/arfolk.bzh\/en\/boutique\/gwennyn-avalon\/","schema":{"@context":"https:\/\/schema.org","@graph":[{"@type":"WebPage","@id":"https:\/\/arfolk.bzh\/boutique\/gwennyn-avalon\/","url":"https:\/\/arfolk.bzh\/boutique\/gwennyn-avalon\/","name":"Album de Gwennyn - Avalon","isPartOf":{"@id":"https:\/\/arfolk.bzh\/#website"},"primaryImageOfPage":{"@id":"https:\/\/arfolk.bzh\/boutique\/gwennyn-avalon\/#primaryimage"},"image":{"@id":"https:\/\/arfolk.bzh\/boutique\/gwennyn-avalon\/#primaryimage"},"thumbnailUrl":"https:\/\/arfolk.bzh\/wp-content\/uploads\/2025\/12\/gwennyn-avalon.webp","datePublished":"2025-12-11T14:55:28+00:00","dateModified":"2025-12-11T14:55:29+00:00","description":"Retrouvez l'album de Gwennyn - Avalon. Commandez directement en ligne sur arfolk.bzh, le label discographique breton.","breadcrumb":{"@id":"https:\/\/arfolk.bzh\/boutique\/gwennyn-avalon\/#breadcrumb"},"inLanguage":"en-US","potentialAction":[{"@type":"ReadAction","target":["https:\/\/arfolk.bzh\/boutique\/gwennyn-avalon\/"]}]},{"@type":"ImageObject","inLanguage":"en-US","@id":"https:\/\/arfolk.bzh\/boutique\/gwennyn-avalon\/#primaryimage","url":"https:\/\/arfolk.bzh\/wp-content\/uploads\/2025\/12\/gwennyn-avalon.webp","contentUrl":"https:\/\/arfolk.bzh\/wp-content\/uploads\/2025\/12\/gwennyn-avalon.webp","width":1900,"height":1900,"caption":"gwennyn-avalon"},{"@type":"BreadcrumbList","@id":"https:\/\/arfolk.bzh\/boutique\/gwennyn-avalon\/#breadcrumb","itemListElement":[{"@type":"ListItem","position":1,"name":"Accueil","item":"https:\/\/arfolk.bzh\/"},{"@type":"ListItem","position":2,"name":"Boutique","item":"https:\/\/arfolk.bzh\/boutique\/"},{"@type":"ListItem","position":3,"name":"Gwennyn &#8211; Avalon"}]},{"@type":"WebSite","@id":"https:\/\/arfolk.bzh\/#website","url":"https:\/\/arfolk.bzh\/","name":"Arfolk","description":"Label discographique sp\u00e9cialis\u00e9 dans la musique bretonne","publisher":{"@id":"https:\/\/arfolk.bzh\/#organization"},"potentialAction":[{"@type":"SearchAction","target":{"@type":"EntryPoint","urlTemplate":"https:\/\/arfolk.bzh\/?s={search_term_string}"},"query-input":{"@type":"PropertyValueSpecification","valueRequired":true,"valueName":"search_term_string"}}],"inLanguage":"en-US"},{"@type":"Organization","@id":"https:\/\/arfolk.bzh\/#organization","name":"Arfolk","alternateName":"Le label de la musique bretonne","url":"https:\/\/arfolk.bzh\/","logo":{"@type":"ImageObject","inLanguage":"en-US","@id":"https:\/\/arfolk.bzh\/#\/schema\/logo\/image\/","url":"https:\/\/arfolk.bzh\/wp-content\/uploads\/2023\/11\/cropped-logo-label-de-musique-breton-arfolf-vignette.webp","contentUrl":"https:\/\/arfolk.bzh\/wp-content\/uploads\/2023\/11\/cropped-logo-label-de-musique-breton-arfolf-vignette.webp","width":512,"height":512,"caption":"Arfolk"},"image":{"@id":"https:\/\/arfolk.bzh\/#\/schema\/logo\/image\/"},"sameAs":["https:\/\/www.facebook.com\/Arfolkmusik","https:\/\/www.instagram.com\/arfolkmusik\/"]}]}},"jetpack_sharing_enabled":true,"_links":{"self":[{"href":"https:\/\/arfolk.bzh\/en\/wp-json\/wp\/v2\/product\/5478","targetHints":{"allow":["GET"]}}],"collection":[{"href":"https:\/\/arfolk.bzh\/en\/wp-json\/wp\/v2\/product"}],"about":[{"href":"https:\/\/arfolk.bzh\/en\/wp-json\/wp\/v2\/types\/product"}],"wp:featuredmedia":[{"embeddable":true,"href":"https:\/\/arfolk.bzh\/en\/wp-json\/wp\/v2\/media\/5480"}],"wp:attachment":[{"href":"https:\/\/arfolk.bzh\/en\/wp-json\/wp\/v2\/media?parent=5478"}],"wp:term":[{"taxonomy":"product_brand","embeddable":true,"href":"https:\/\/arfolk.bzh\/en\/wp-json\/wp\/v2\/product_brand?post=5478"},{"taxonomy":"product_cat","embeddable":true,"href":"https:\/\/arfolk.bzh\/en\/wp-json\/wp\/v2\/false?post=5478"},{"taxonomy":"product_tag","embeddable":true,"href":"https:\/\/arfolk.bzh\/en\/wp-json\/wp\/v2\/product_tag?post=5478"},{"taxonomy":"disponible_a_la_vente","embeddable":true,"href":"https:\/\/arfolk.bzh\/en\/wp-json\/wp\/v2\/disponible_a_la_vente?post=5478"},{"taxonomy":"langue","embeddable":true,"href":"https:\/\/arfolk.bzh\/en\/wp-json\/wp\/v2\/langue?post=5478"},{"taxonomy":"style","embeddable":true,"href":"https:\/\/arfolk.bzh\/en\/wp-json\/wp\/v2\/style?post=5478"},{"taxonomy":"supports","embeddable":true,"href":"https:\/\/arfolk.bzh\/en\/wp-json\/wp\/v2\/supports?post=5478"}],"curies":[{"name":"wp","href":"https:\/\/api.w.org\/{rel}","templated":true}]}}

<p><span data-sheets-root="1">Avec 3 chants traditionnels, 7 compositions inédites, 3 chansons en français et 7 en breton, mais aussi une reprise anglo-saxonne du célèbre Avalon de Roxy Music, Gwennyn offre un univers onirique empreint de rêverie et d&rsquo;émotion porté par une voix claire et voluptueuse sur des textes ciselés, inspirés de l&rsquo;imaginaire arthurien&#8230;<br />
Avalon est le nom d&rsquo;une île merveilleuse, un jardin où la jeunesse dure, et les plaisirs sont infinis&#8230; D&rsquo;après les écrits, elle se situerait au-delà de l&rsquo;horizon de la mer, dans des îles lointaines ; sous la mer ou dans les lacs et les rivières où se situent de somptueux palais de cristal aux entrées mystérieuses&#8230;<br />
Dans ce nouvel album, telle une magicienne, Gwennyn nous livre son secret et nous ouvre la porte de ce monde parallèle où des petits êtres &#8211; korrigans ou viltañsou &#8211; nous apparaissent dans les sous-bois de l&rsquo;Argoat, où les chevauchées d&rsquo;Arthur et de ses chevaliers prennent soudainement vie, où les âmes trépassées des Lavandières de nuit hèlent le passant après minuit, où les fées habitent près des fontaines&#8230;</p>
<p>Sous la direction artistique du guitariste et arrangeur Patrice Marzin, cet album classe la musique bretonne dans une veine pop celtique actuelle servi par une équipe d&rsquo;excellents musiciens : Kevin Camus au uilleann pipe et à la flûte, Yvon Molard aux percussions, et Manu Leroy à la basse, ainsi que 2 invités, au violon : Robert Legall et à la bombarde : Davis Pasquet du célèbre groupe Ar re Yaouank.</span></p>
<p><iframe loading="lazy" title="Beaj Da Avalon" width="1080" height="810" src="https://www.youtube.com/embed/examDi-8AOc?feature=oembed"  allow="accelerometer; autoplay; clipboard-write; encrypted-media; gyroscope; picture-in-picture; web-share" referrerpolicy="strict-origin-when-cross-origin" allowfullscreen></iframe></p>
<p><span style="text-decoration: underline;"><strong>Tracklist de l&rsquo;album « Avalon » :</strong></span></p>
<p><span data-sheets-root="1">1 Bravig 3:06<br />
2 E Ti Eliz Iza 4:21<br />
3 Excalibur 4:23<br />
4 Le Graal 3:22<br />
5 Ev Chistr &lsquo;ta Laou (Son Ar Chistr) 3:40<br />
6 Les Lavandières de Nuit 3:10<br />
7 An Hini A Garan 5:16<br />
8 An Aotrou Nann Hag Ar Gorrigan 4:02<br />
9 Beaj Da Avalon 4:11<br />
10 Hiv &lsquo;mañ An Deiz 4:04<br />
11 Avalon 3:51</span></p>

<p>Avec 3 chants traditionnels, 7 compositions inédites, 3 chansons en français et 7 en breton, mais aussi une reprise anglo-saxonne du célèbre Avalon de Roxy Music, Gwennyn offre un univers onirique empreint de rêverie et d&rsquo;émotion porté par une voix claire et voluptueuse sur des textes ciselés, inspirés de l&rsquo;imaginaire arthurien&#8230; Avalon est le nom [&hellip;]</p>

<!-- This site is optimized with the Yoast SEO Premium plugin v24.0 (Yoast SEO v27.3) - https://yoast.com/product/yoast-seo-premium-wordpress/ -->
<title>Album de Gwennyn - Avalon</title>
<meta name="description" content="Retrouvez l&#039;album de Gwennyn - Avalon. Commandez directement en ligne sur arfolk.bzh, le label discographique breton." />
<meta name="robots" content="index, follow, max-snippet:-1, max-image-preview:large, max-video-preview:-1" />
<link rel="canonical" href="https://arfolk.bzh/en/boutique/gwennyn-avalon/" />
<script type="application/ld+json" class="yoast-schema-graph">{"@context":"https:\/\/schema.org","@graph":[{"@type":"WebPage","@id":"https:\/\/arfolk.bzh\/boutique\/gwennyn-avalon\/","url":"https:\/\/arfolk.bzh\/boutique\/gwennyn-avalon\/","name":"Album de Gwennyn - Avalon","isPartOf":{"@id":"https:\/\/arfolk.bzh\/#website"},"primaryImageOfPage":{"@id":"https:\/\/arfolk.bzh\/boutique\/gwennyn-avalon\/#primaryimage"},"image":{"@id":"https:\/\/arfolk.bzh\/boutique\/gwennyn-avalon\/#primaryimage"},"thumbnailUrl":"https:\/\/arfolk.bzh\/wp-content\/uploads\/2025\/12\/gwennyn-avalon.webp","datePublished":"2025-12-11T14:55:28+00:00","dateModified":"2025-12-11T14:55:29+00:00","description":"Retrouvez l'album de Gwennyn - Avalon. Commandez directement en ligne sur arfolk.bzh, le label discographique breton.","breadcrumb":{"@id":"https:\/\/arfolk.bzh\/boutique\/gwennyn-avalon\/#breadcrumb"},"inLanguage":"en-US","potentialAction":[{"@type":"ReadAction","target":["https:\/\/arfolk.bzh\/boutique\/gwennyn-avalon\/"]}]},{"@type":"ImageObject","inLanguage":"en-US","@id":"https:\/\/arfolk.bzh\/boutique\/gwennyn-avalon\/#primaryimage","url":"https:\/\/arfolk.bzh\/wp-content\/uploads\/2025\/12\/gwennyn-avalon.webp","contentUrl":"https:\/\/arfolk.bzh\/wp-content\/uploads\/2025\/12\/gwennyn-avalon.webp","width":1900,"height":1900,"caption":"gwennyn-avalon"},{"@type":"BreadcrumbList","@id":"https:\/\/arfolk.bzh\/boutique\/gwennyn-avalon\/#breadcrumb","itemListElement":[{"@type":"ListItem","position":1,"name":"Accueil","item":"https:\/\/arfolk.bzh\/"},{"@type":"ListItem","position":2,"name":"Boutique","item":"https:\/\/arfolk.bzh\/boutique\/"},{"@type":"ListItem","position":3,"name":"Gwennyn &#8211; Avalon"}]},{"@type":"WebSite","@id":"https:\/\/arfolk.bzh\/#website","url":"https:\/\/arfolk.bzh\/","name":"Arfolk","description":"Label discographique spécialisé dans la musique bretonne","publisher":{"@id":"https:\/\/arfolk.bzh\/#organization"},"potentialAction":[{"@type":"SearchAction","target":{"@type":"EntryPoint","urlTemplate":"https:\/\/arfolk.bzh\/?s={search_term_string}"},"query-input":{"@type":"PropertyValueSpecification","valueRequired":true,"valueName":"search_term_string"}}],"inLanguage":"en-US"},{"@type":"Organization","@id":"https:\/\/arfolk.bzh\/#organization","name":"Arfolk","alternateName":"Le label de la musique bretonne","url":"https:\/\/arfolk.bzh\/","logo":{"@type":"ImageObject","inLanguage":"en-US","@id":"https:\/\/arfolk.bzh\/#\/schema\/logo\/image\/","url":"https:\/\/arfolk.bzh\/wp-content\/uploads\/2023\/11\/cropped-logo-label-de-musique-breton-arfolf-vignette.webp","contentUrl":"https:\/\/arfolk.bzh\/wp-content\/uploads\/2023\/11\/cropped-logo-label-de-musique-breton-arfolf-vignette.webp","width":512,"height":512,"caption":"Arfolk"},"image":{"@id":"https:\/\/arfolk.bzh\/#\/schema\/logo\/image\/"},"sameAs":["https:\/\/www.facebook.com\/Arfolkmusik","https:\/\/www.instagram.com\/arfolkmusik\/"]}]}</script>
<!-- / Yoast SEO Premium plugin. -->

Label discographique spécialisé dans la musique bretonne
